xen-devel.lists.xenproject.org archive mirror
 help / color / mirror / Atom feed
* [ovmf baseline-only test] 75045: tolerable FAIL
@ 2018-08-04  2:40 Platform Team regression test user
  0 siblings, 0 replies; only message in thread
From: Platform Team regression test user @ 2018-08-04  2:40 UTC (permalink / raw)
  To: xen-devel, osstest-admin

This run is configured for baseline tests only.

flight 75045 ovmf real [real]
http://osstest.xensource.com/osstest/logs/75045/

Failures :-/ but no regressions.

Tests which did not succeed, but are not blocking:
 test-amd64-i386-xl-qemuu-ovmf-amd64 10 debian-hvm-install      fail like 75044
 test-amd64-amd64-xl-qemuu-ovmf-amd64 10 debian-hvm-install     fail like 75044

version targeted for testing:
 ovmf                 526dd0245bf0db6a01c21943201a4572747bca7f
baseline version:
 ovmf                 dd4cae4d82c7477273f3da455084844db5cca0c0

Last test of basis    75044  2018-08-03 09:49:57 Z    0 days
Testing same since    75045  2018-08-04 00:50:08 Z    0 days    1 attempts

------------------------------------------------------------
People who touched revisions under test:
  Kinney, Michael D <michael.d.kinney@intel.com>
  Michael D Kinney <michael.d.kinney@intel.com>

jobs:
 build-amd64-xsm                                              pass    
 build-i386-xsm                                               pass    
 build-amd64                                                  pass    
 build-i386                                                   pass    
 build-amd64-libvirt                                          pass    
 build-i386-libvirt                                           pass    
 build-amd64-pvops                                            pass    
 build-i386-pvops                                             pass    
 test-amd64-amd64-xl-qemuu-ovmf-amd64                         fail    
 test-amd64-i386-xl-qemuu-ovmf-amd64                          fail    


------------------------------------------------------------
sg-report-flight on osstest.xs.citrite.net
logs: /home/osstest/logs
images: /home/osstest/images

Logs, config files, etc. are available at
    http://osstest.xensource.com/osstest/logs

Test harness code can be found at
    http://xenbits.xensource.com/gitweb?p=osstest.git;a=summary


Push not applicable.

------------------------------------------------------------
commit 526dd0245bf0db6a01c21943201a4572747bca7f
Author: Kinney, Michael D <michael.d.kinney@intel.com>
Date:   Sun Apr 15 22:02:05 2018 -0700

    BaseTools/Pkcs7Sign: Add PKCS7 test key include files
    
    https://bugzilla.tianocore.org/show_bug.cgi?id=1073
    
    Add PCD statement include files for the PKCS7 test key.
    * gEfiSecurityPkgTokenSpaceGuid.PcdPkcs7CertBuffer
    * gFmpDevicePkgTokenSpaceGuid.PcdFmpDevicePkcs7CertBufferXdr
    
    These include files can be used in !include statements in PCD
    sections of a platform DSC file to assign these PCDs to the
    test key certificate values.
    
    Cc: Yonghong Zhu <yonghong.zhu@intel.com>
    Cc: Liming Gao <liming.gao@intel.com>
    Contributed-under: TianoCore Contribution Agreement 1.1
    Signed-off-by: Michael D Kinney <michael.d.kinney@intel.com>
    Reviewed-by: Yonghong Zhu <yonghong.zhu@intel.com>

_______________________________________________
Xen-devel mailing list
Xen-devel@lists.xenproject.org
https://lists.xenproject.org/mailman/listinfo/xen-devel

^ permalink raw reply	[flat|nested] only message in thread

only message in thread, other threads:[~2018-08-04  2:40 UTC | newest]

Thread overview: (only message) (download: mbox.gz follow: Atom feed
-- links below jump to the message on this page --
2018-08-04  2:40 [ovmf baseline-only test] 75045: tolerable FAIL Platform Team regression test user

This is a public inbox, see mirroring instructions
for how to clone and mirror all data and code used for this inbox;
as well as URLs for NNTP newsgroup(s).