xen-devel.lists.xenproject.org archive mirror
 help / color / mirror / Atom feed
From: Platform Team regression test user <citrix-osstest@xenproject.org>
To: xen-devel@lists.xenproject.org, osstest-admin@xenproject.org
Subject: [ovmf baseline-only test] 75047: tolerable FAIL
Date: Mon, 6 Aug 2018 07:21:31 +0100	[thread overview]
Message-ID: <osstest-75047-mainreport@xen.org> (raw)

This run is configured for baseline tests only.

flight 75047 ovmf real [real]
http://osstest.xensource.com/osstest/logs/75047/

Failures :-/ but no regressions.

Tests which did not succeed, but are not blocking:
 test-amd64-i386-xl-qemuu-ovmf-amd64 10 debian-hvm-install      fail like 75045
 test-amd64-amd64-xl-qemuu-ovmf-amd64 10 debian-hvm-install     fail like 75045

version targeted for testing:
 ovmf                 81038d50c9c9bbe5756d6ba172d692d0c7b58a62
baseline version:
 ovmf                 526dd0245bf0db6a01c21943201a4572747bca7f

Last test of basis    75045  2018-08-04 00:50:08 Z    2 days
Testing same since    75047  2018-08-06 04:22:31 Z    0 days    1 attempts

------------------------------------------------------------
People who touched revisions under test:
  Ruiyu Ni <ruiyu.ni@intel.com>

jobs:
 build-amd64-xsm                                              pass    
 build-i386-xsm                                               pass    
 build-amd64                                                  pass    
 build-i386                                                   pass    
 build-amd64-libvirt                                          pass    
 build-i386-libvirt                                           pass    
 build-amd64-pvops                                            pass    
 build-i386-pvops                                             pass    
 test-amd64-amd64-xl-qemuu-ovmf-amd64                         fail    
 test-amd64-i386-xl-qemuu-ovmf-amd64                          fail    


------------------------------------------------------------
sg-report-flight on osstest.xs.citrite.net
logs: /home/osstest/logs
images: /home/osstest/images

Logs, config files, etc. are available at
    http://osstest.xensource.com/osstest/logs

Test harness code can be found at
    http://xenbits.xensource.com/gitweb?p=osstest.git;a=summary


Push not applicable.

------------------------------------------------------------
commit 81038d50c9c9bbe5756d6ba172d692d0c7b58a62
Author: Ruiyu Ni <ruiyu.ni@intel.com>
Date:   Fri Aug 3 10:46:34 2018 +0800

    ShellPkg/acpi: Code cleanup to pass static code checker
    
    Contributed-under: TianoCore Contribution Agreement 1.1
    Signed-off-by: Ruiyu Ni <ruiyu.ni@intel.com>
    Reviewed-by: Hao Wu <Hao.a.wu@intel.com>

commit c1f032cd3a95ed74dad27d848526495e5790d4af
Author: Ruiyu Ni <ruiyu.ni@intel.com>
Date:   Fri Aug 3 10:42:45 2018 +0800

    MdePkg/BaseLib: Add an additional check within AsciiStriCmp
    
    This commit adds an addtional check in AsciiStriCmp. It
    explicitly checks the end of the sting pointed by 'SecondString' to make
    the code logic easier for reading and to prevent possible mis-reports by
    static code checkers.
    
    Contributed-under: TianoCore Contribution Agreement 1.1
    Signed-off-by: Ruiyu Ni <ruiyu.ni@intel.com>
    Reviewed-by: Hao Wu <Hao.a.wu@intel.com>

_______________________________________________
Xen-devel mailing list
Xen-devel@lists.xenproject.org
https://lists.xenproject.org/mailman/listinfo/xen-devel

                 reply	other threads:[~2018-08-06  6:21 UTC|newest]

Thread overview: [no followups] expand[flat|nested]  mbox.gz  Atom feed

Reply instructions:

You may reply publicly to this message via plain-text email
using any one of the following methods:

* Save the following mbox file, import it into your mail client,
  and reply-to-all from there: mbox

  Avoid top-posting and favor interleaved quoting:
  https://en.wikipedia.org/wiki/Posting_style#Interleaved_style

* Reply using the --to, --cc, and --in-reply-to
  switches of git-send-email(1):

  git send-email \
    --in-reply-to=osstest-75047-mainreport@xen.org \
    --to=citrix-osstest@xenproject.org \
    --cc=osstest-admin@xenproject.org \
    --cc=xen-devel@lists.xenproject.org \
    /path/to/YOUR_REPLY

  https://kernel.org/pub/software/scm/git/docs/git-send-email.html

* If your mail client supports setting the In-Reply-To header
  via mailto: links, try the mailto: link
Be sure your reply has a Subject: header at the top and a blank line before the message body.
This is a public inbox, see mirroring instructions
for how to clone and mirror all data and code used for this inbox;
as well as URLs for NNTP newsgroup(s).