xen-devel.lists.xenproject.org archive mirror
 help / color / mirror / Atom feed
From: Platform Team regression test user <citrix-osstest@xenproject.org>
To: xen-devel@lists.xenproject.org, osstest-admin@xenproject.org
Subject: [ovmf baseline-only test] 75049: tolerable FAIL
Date: Mon, 6 Aug 2018 09:55:35 +0100	[thread overview]
Message-ID: <osstest-75049-mainreport@xen.org> (raw)

This run is configured for baseline tests only.

flight 75049 ovmf real [real]
http://osstest.xensource.com/osstest/logs/75049/

Failures :-/ but no regressions.

Tests which did not succeed, but are not blocking:
 test-amd64-i386-xl-qemuu-ovmf-amd64 10 debian-hvm-install      fail like 75047
 test-amd64-amd64-xl-qemuu-ovmf-amd64 10 debian-hvm-install     fail like 75047

version targeted for testing:
 ovmf                 cd3a42640acdb4f5ac14ac19f22ede002124920c
baseline version:
 ovmf                 81038d50c9c9bbe5756d6ba172d692d0c7b58a62

Last test of basis    75047  2018-08-06 04:22:31 Z    0 days
Testing same since    75049  2018-08-06 06:53:29 Z    0 days    1 attempts

------------------------------------------------------------
People who touched revisions under test:
  Kinney, Michael D </o=Intel/ou=Americas01/cn=Workers/cn=Kinney, Michael D>
  Michael D Kinney <michael.d.kinney@intel.com>

jobs:
 build-amd64-xsm                                              pass    
 build-i386-xsm                                               pass    
 build-amd64                                                  pass    
 build-i386                                                   pass    
 build-amd64-libvirt                                          pass    
 build-i386-libvirt                                           pass    
 build-amd64-pvops                                            pass    
 build-i386-pvops                                             pass    
 test-amd64-amd64-xl-qemuu-ovmf-amd64                         fail    
 test-amd64-i386-xl-qemuu-ovmf-amd64                          fail    


------------------------------------------------------------
sg-report-flight on osstest.xs.citrite.net
logs: /home/osstest/logs
images: /home/osstest/images

Logs, config files, etc. are available at
    http://osstest.xensource.com/osstest/logs

Test harness code can be found at
    http://xenbits.xensource.com/gitweb?p=osstest.git;a=summary


Push not applicable.

------------------------------------------------------------
commit cd3a42640acdb4f5ac14ac19f22ede002124920c
Author: Kinney, Michael D </o=Intel/ou=Americas01/cn=Workers/cn=Kinney, Michael D>
Date:   Sat Aug 4 04:47:33 2018 +0800

    BaseTools/BinToPcd: Open output file as text file
    
    https://bugzilla.tianocore.org/show_bug.cgi?id=1069
    
    Undo changes from following commit:
    
    https://github.com/tianocore/edk2/commit/83964ebc5e74549d6efc7134af19150a0b2079aa
    
    Change the open mode for the output file from 'wb' to 'w' so the
    output file is written as a text file and not a binary file.
    
    This resolves the issue where the text file was not writable from
    Python 3.x and also removes b'' from output file when the string
    was encoded as a bytearray.
    
    Cc: YanYan Sun <yanyan.sun@intel.com>
    Cc: Yonghong Zhu <yonghong.zhu@intel.com>
    Cc: Liming Gao <liming.gao@intel.com>
    Contributed-under: TianoCore Contribution Agreement 1.1
    Signed-off-by: Michael D Kinney <michael.d.kinney@intel.com>
    Tested-by:YanYan Sun <yanyan.sun@intel.com>
    Reviewed-by: Yonghong Zhu <yonghong.zhu@intel.com>

_______________________________________________
Xen-devel mailing list
Xen-devel@lists.xenproject.org
https://lists.xenproject.org/mailman/listinfo/xen-devel

                 reply	other threads:[~2018-08-06  8:55 UTC|newest]

Thread overview: [no followups] expand[flat|nested]  mbox.gz  Atom feed

Reply instructions:

You may reply publicly to this message via plain-text email
using any one of the following methods:

* Save the following mbox file, import it into your mail client,
  and reply-to-all from there: mbox

  Avoid top-posting and favor interleaved quoting:
  https://en.wikipedia.org/wiki/Posting_style#Interleaved_style

* Reply using the --to, --cc, and --in-reply-to
  switches of git-send-email(1):

  git send-email \
    --in-reply-to=osstest-75049-mainreport@xen.org \
    --to=citrix-osstest@xenproject.org \
    --cc=osstest-admin@xenproject.org \
    --cc=xen-devel@lists.xenproject.org \
    /path/to/YOUR_REPLY

  https://kernel.org/pub/software/scm/git/docs/git-send-email.html

* If your mail client supports setting the In-Reply-To header
  via mailto: links, try the mailto: link
Be sure your reply has a Subject: header at the top and a blank line before the message body.
This is a public inbox, see mirroring instructions
for how to clone and mirror all data and code used for this inbox;
as well as URLs for NNTP newsgroup(s).