xen-devel.lists.xenproject.org archive mirror
 help / color / mirror / Atom feed
From: Platform Team regression test user <citrix-osstest@xenproject.org>
To: xen-devel@lists.xenproject.org, osstest-admin@xenproject.org
Subject: [ovmf baseline-only test] 75054: tolerable FAIL
Date: Wed, 8 Aug 2018 15:26:26 +0100	[thread overview]
Message-ID: <osstest-75054-mainreport@xen.org> (raw)

This run is configured for baseline tests only.

flight 75054 ovmf real [real]
http://osstest.xensource.com/osstest/logs/75054/

Failures :-/ but no regressions.

Tests which did not succeed, but are not blocking:
 test-amd64-i386-xl-qemuu-ovmf-amd64 10 debian-hvm-install fail blocked in 75052
 test-amd64-amd64-xl-qemuu-ovmf-amd64 10 debian-hvm-install     fail like 75052

version targeted for testing:
 ovmf                 b6e48ec6412eab0f21fdff5a045a7ee516574d44
baseline version:
 ovmf                 91a5b13650752a54cf766791aa369495c3426485

Last test of basis    75052  2018-08-07 15:19:56 Z    0 days
Testing same since    75054  2018-08-08 12:49:57 Z    0 days    1 attempts

------------------------------------------------------------
People who touched revisions under test:
  Ruiyu Ni <ruiyu.ni@intel.com>

jobs:
 build-amd64-xsm                                              pass    
 build-i386-xsm                                               pass    
 build-amd64                                                  pass    
 build-i386                                                   pass    
 build-amd64-libvirt                                          pass    
 build-i386-libvirt                                           pass    
 build-amd64-pvops                                            pass    
 build-i386-pvops                                             pass    
 test-amd64-amd64-xl-qemuu-ovmf-amd64                         fail    
 test-amd64-i386-xl-qemuu-ovmf-amd64                          fail    


------------------------------------------------------------
sg-report-flight on osstest.xs.citrite.net
logs: /home/osstest/logs
images: /home/osstest/images

Logs, config files, etc. are available at
    http://osstest.xensource.com/osstest/logs

Test harness code can be found at
    http://xenbits.xensource.com/gitweb?p=osstest.git;a=summary


Push not applicable.

------------------------------------------------------------
commit b6e48ec6412eab0f21fdff5a045a7ee516574d44
Author: Ruiyu Ni <ruiyu.ni@intel.com>
Date:   Mon Aug 6 14:29:00 2018 +0800

    ShellPkg/acpi: Fix XCODE5 X64 build failure
    
    Contributed-under: TianoCore Contribution Agreement 1.1
    Signed-off-by: Ruiyu Ni <ruiyu.ni@intel.com>
    Reviewed-by: Dandan Bi <dandan.bi@intel.com>

_______________________________________________
Xen-devel mailing list
Xen-devel@lists.xenproject.org
https://lists.xenproject.org/mailman/listinfo/xen-devel

                 reply	other threads:[~2018-08-08 14:26 UTC|newest]

Thread overview: [no followups] expand[flat|nested]  mbox.gz  Atom feed

Reply instructions:

You may reply publicly to this message via plain-text email
using any one of the following methods:

* Save the following mbox file, import it into your mail client,
  and reply-to-all from there: mbox

  Avoid top-posting and favor interleaved quoting:
  https://en.wikipedia.org/wiki/Posting_style#Interleaved_style

* Reply using the --to, --cc, and --in-reply-to
  switches of git-send-email(1):

  git send-email \
    --in-reply-to=osstest-75054-mainreport@xen.org \
    --to=citrix-osstest@xenproject.org \
    --cc=osstest-admin@xenproject.org \
    --cc=xen-devel@lists.xenproject.org \
    /path/to/YOUR_REPLY

  https://kernel.org/pub/software/scm/git/docs/git-send-email.html

* If your mail client supports setting the In-Reply-To header
  via mailto: links, try the mailto: link
Be sure your reply has a Subject: header at the top and a blank line before the message body.
This is a public inbox, see mirroring instructions
for how to clone and mirror all data and code used for this inbox;
as well as URLs for NNTP newsgroup(s).