xen-devel.lists.xenproject.org archive mirror
 help / color / mirror / Atom feed
* [ovmf baseline-only test] 75057: tolerable FAIL
@ 2018-08-10  5:28 Platform Team regression test user
  0 siblings, 0 replies; only message in thread
From: Platform Team regression test user @ 2018-08-10  5:28 UTC (permalink / raw)
  To: xen-devel, osstest-admin

This run is configured for baseline tests only.

flight 75057 ovmf real [real]
http://osstest.xensource.com/osstest/logs/75057/

Failures :-/ but no regressions.

Tests which did not succeed, but are not blocking:
 test-amd64-amd64-xl-qemuu-ovmf-amd64 10 debian-hvm-install     fail like 75055
 test-amd64-i386-xl-qemuu-ovmf-amd64 10 debian-hvm-install      fail like 75055

version targeted for testing:
 ovmf                 3781f14c31e00f4f1a195c7ad427be4f84f5cdf5
baseline version:
 ovmf                 9e6c4f1527e6f72d6ada10aa39854f2bdd40772f

Last test of basis    75055  2018-08-08 22:53:08 Z    1 days
Testing same since    75057  2018-08-10 03:50:07 Z    0 days    1 attempts

------------------------------------------------------------
People who touched revisions under test:
  Marc-André Lureau <marcandre.lureau@redhat.com>

jobs:
 build-amd64-xsm                                              pass    
 build-i386-xsm                                               pass    
 build-amd64                                                  pass    
 build-i386                                                   pass    
 build-amd64-libvirt                                          pass    
 build-i386-libvirt                                           pass    
 build-amd64-pvops                                            pass    
 build-i386-pvops                                             pass    
 test-amd64-amd64-xl-qemuu-ovmf-amd64                         fail    
 test-amd64-i386-xl-qemuu-ovmf-amd64                          fail    


------------------------------------------------------------
sg-report-flight on osstest.xs.citrite.net
logs: /home/osstest/logs
images: /home/osstest/images

Logs, config files, etc. are available at
    http://osstest.xensource.com/osstest/logs

Test harness code can be found at
    http://xenbits.xensource.com/gitweb?p=osstest.git;a=summary


Push not applicable.

------------------------------------------------------------
commit 3781f14c31e00f4f1a195c7ad427be4f84f5cdf5
Author: Marc-André Lureau <marcandre.lureau@redhat.com>
Date:   Thu Aug 9 16:33:19 2018 +0200

    SecurityPkg/Library/Tpm2DeviceLibDTpm: fix s/Constructor/CONSTRUCTOR
    
    The library constructor is not being called because of the typo,
    causing TPM2 detection/initialization to fail.
    
    This fixes OVMF TPM2 regression since commit f15cb995bb38.
    https://bugzilla.tianocore.org/show_bug.cgi?id=1075
    
    Cc: Laszlo Ersek <lersek@redhat.com>
    Cc: Zhang Chao B <chao.b.zhang@intel.com>
    Cc: Long Qin <qin.long@intel.com>
    Fixes: f15cb995bb3880b77e15afe6facd3da05e599a17
    Contributed-under: TianoCore Contribution Agreement 1.1
    Reported-by: Ricardo Araújo <ricardo@lsd.ufcg.edu.br>
    Signed-off-by: Marc-André Lureau <marcandre.lureau@redhat.com>
    Reviewed-by: Laszlo Ersek <lersek@redhat.com>
    Reviewed-by: Chao Zhang <chao.b.zhang@intel.com>

_______________________________________________
Xen-devel mailing list
Xen-devel@lists.xenproject.org
https://lists.xenproject.org/mailman/listinfo/xen-devel

^ permalink raw reply	[flat|nested] only message in thread

only message in thread, other threads:[~2018-08-10  5:28 UTC | newest]

Thread overview: (only message) (download: mbox.gz follow: Atom feed
-- links below jump to the message on this page --
2018-08-10  5:28 [ovmf baseline-only test] 75057: tolerable FAIL Platform Team regression test user

This is a public inbox, see mirroring instructions
for how to clone and mirror all data and code used for this inbox;
as well as URLs for NNTP newsgroup(s).