xen-devel.lists.xenproject.org archive mirror
 help / color / mirror / Atom feed
* [ovmf baseline-only test] 75060: tolerable FAIL
@ 2018-08-10 14:30 Platform Team regression test user
  0 siblings, 0 replies; only message in thread
From: Platform Team regression test user @ 2018-08-10 14:30 UTC (permalink / raw)
  To: xen-devel, osstest-admin

This run is configured for baseline tests only.

flight 75060 ovmf real [real]
http://osstest.xensource.com/osstest/logs/75060/

Failures :-/ but no regressions.

Tests which did not succeed, but are not blocking:
 test-amd64-amd64-xl-qemuu-ovmf-amd64 10 debian-hvm-install     fail like 75057
 test-amd64-i386-xl-qemuu-ovmf-amd64 10 debian-hvm-install      fail like 75057

version targeted for testing:
 ovmf                 b3e1e343fe34d0173a53a61b10296e6522ce1f7c
baseline version:
 ovmf                 3781f14c31e00f4f1a195c7ad427be4f84f5cdf5

Last test of basis    75057  2018-08-10 03:50:07 Z    0 days
Testing same since    75060  2018-08-10 12:53:44 Z    0 days    1 attempts

------------------------------------------------------------
People who touched revisions under test:
  Zhang, Chao B <chao.b.zhang@intel.com>

jobs:
 build-amd64-xsm                                              pass    
 build-i386-xsm                                               pass    
 build-amd64                                                  pass    
 build-i386                                                   pass    
 build-amd64-libvirt                                          pass    
 build-i386-libvirt                                           pass    
 build-amd64-pvops                                            pass    
 build-i386-pvops                                             pass    
 test-amd64-amd64-xl-qemuu-ovmf-amd64                         fail    
 test-amd64-i386-xl-qemuu-ovmf-amd64                          fail    


------------------------------------------------------------
sg-report-flight on osstest.xs.citrite.net
logs: /home/osstest/logs
images: /home/osstest/images

Logs, config files, etc. are available at
    http://osstest.xensource.com/osstest/logs

Test harness code can be found at
    http://xenbits.xensource.com/gitweb?p=osstest.git;a=summary


Push not applicable.

------------------------------------------------------------
commit b3e1e343fe34d0173a53a61b10296e6522ce1f7c
Author: Zhang, Chao B <chao.b.zhang@intel.com>
Date:   Thu Aug 9 14:01:44 2018 +0800

    SecurityPkg: HashLib: Update HashLib file GUID
    
    2 file GUIDs conflict with existing SHA256 Lib. Update them.
    
    Cc: Long Qin <qin.long@intel.com>
    Contributed-under: TianoCore Contribution Agreement 1.1
    Signed-off-by: Zhang, Chao B <chao.b.zhang@intel.com>
    Reviewed-by: Long, Qin <qin.long@intel.com>

_______________________________________________
Xen-devel mailing list
Xen-devel@lists.xenproject.org
https://lists.xenproject.org/mailman/listinfo/xen-devel

^ permalink raw reply	[flat|nested] only message in thread

only message in thread, other threads:[~2018-08-10 14:30 UTC | newest]

Thread overview: (only message) (download: mbox.gz follow: Atom feed
-- links below jump to the message on this page --
2018-08-10 14:30 [ovmf baseline-only test] 75060: tolerable FAIL Platform Team regression test user

This is a public inbox, see mirroring instructions
for how to clone and mirror all data and code used for this inbox;
as well as URLs for NNTP newsgroup(s).