xen-devel.lists.xenproject.org archive mirror
 help / color / mirror / Atom feed
* [ovmf baseline-only test] 75062: tolerable FAIL
@ 2018-08-11  6:04 Platform Team regression test user
  0 siblings, 0 replies; only message in thread
From: Platform Team regression test user @ 2018-08-11  6:04 UTC (permalink / raw)
  To: xen-devel, osstest-admin

This run is configured for baseline tests only.

flight 75062 ovmf real [real]
http://osstest.xensource.com/osstest/logs/75062/

Failures :-/ but no regressions.

Tests which did not succeed, but are not blocking:
 test-amd64-amd64-xl-qemuu-ovmf-amd64 10 debian-hvm-install     fail like 75061
 test-amd64-i386-xl-qemuu-ovmf-amd64 10 debian-hvm-install      fail like 75061

version targeted for testing:
 ovmf                 1aa9314e3a84b27f74f239155fc0ec3f58b66be0
baseline version:
 ovmf                 10ea1b6853f977ce4ed0193230ad7953edbb1894

Last test of basis    75061  2018-08-10 19:50:04 Z    0 days
Testing same since    75062  2018-08-11 04:20:33 Z    0 days    1 attempts

------------------------------------------------------------
People who touched revisions under test:
  Kinney, Michael D <michael.d.kinney@intel.com>
  Michael D Kinney <michael.d.kinney@intel.com>

jobs:
 build-amd64-xsm                                              pass    
 build-i386-xsm                                               pass    
 build-amd64                                                  pass    
 build-i386                                                   pass    
 build-amd64-libvirt                                          pass    
 build-i386-libvirt                                           pass    
 build-amd64-pvops                                            pass    
 build-i386-pvops                                             pass    
 test-amd64-amd64-xl-qemuu-ovmf-amd64                         fail    
 test-amd64-i386-xl-qemuu-ovmf-amd64                          fail    


------------------------------------------------------------
sg-report-flight on osstest.xs.citrite.net
logs: /home/osstest/logs
images: /home/osstest/images

Logs, config files, etc. are available at
    http://osstest.xensource.com/osstest/logs

Test harness code can be found at
    http://xenbits.xensource.com/gitweb?p=osstest.git;a=summary


Push not applicable.

------------------------------------------------------------
commit 1aa9314e3a84b27f74f239155fc0ec3f58b66be0
Author: Michael D Kinney <michael.d.kinney@intel.com>
Date:   Wed May 30 16:03:32 2018 -0700

    Vlv2TbltDevicePkg: Update DSC/FDF to use FmpDevicePkg
    
    Cc: David Wei <david.wei@intel.com>
    Cc: Mang Guo <mang.guo@intel.com>
    Contributed-under: TianoCore Contribution Agreement 1.1
    Signed-off-by: Michael D Kinney <michael.d.kinney@intel.com>
    Reviewed-by: Guo Mang <mang.guo@intel.com>

commit d3049066ca2596c4198c42679aa52b30cec0f28c
Author: Michael D Kinney <michael.d.kinney@intel.com>
Date:   Wed May 30 16:02:02 2018 -0700

    Vlv2TbltDevicePkg/Capsule: Add scripts to generate capsules
    
    Use GenerateCapsule to generate capsules for MinnowMax
    debug and release builds and sample devices.
    
    Cc: David Wei <david.wei@intel.com>
    Cc: Mang Guo <mang.guo@intel.com>
    Contributed-under: TianoCore Contribution Agreement 1.1
    Signed-off-by: Michael D Kinney <michael.d.kinney@intel.com>
    Reviewed-by: Guo Mang <mang.guo@intel.com>

commit dc65dd5be6976977d1301a940534a3928b59e1f0
Author: Michael D Kinney <michael.d.kinney@intel.com>
Date:   Fri Mar 16 11:32:16 2018 -0700

    Vlv2TbltDevicePkg/Feature/Capsule: Add FmpDeviceLib instances
    
    Cc: David Wei <david.wei@intel.com>
    Cc: Mang Guo <mang.guo@intel.com>
    Contributed-under: TianoCore Contribution Agreement 1.1
    Signed-off-by: Michael D Kinney <michael.d.kinney@intel.com>
    Reviewed-by: Guo Mang <mang.guo@intel.com>

commit 45e076b7a720e689abb64c527f3bd563737facc7
Author: Kinney, Michael D <michael.d.kinney@intel.com>
Date:   Sun Apr 15 21:59:40 2018 -0700

    Vlv2TbltDevicePkg/Override/Bds: Add test key notification
    
    Cc: David Wei <david.wei@intel.com>
    Cc: Mang Guo <mang.guo@intel.com>
    Contributed-under: TianoCore Contribution Agreement 1.1
    Signed-off-by: Michael D Kinney <michael.d.kinney@intel.com>
    Reviewed-by: Guo Mang <mang.guo@intel.com>

_______________________________________________
Xen-devel mailing list
Xen-devel@lists.xenproject.org
https://lists.xenproject.org/mailman/listinfo/xen-devel

^ permalink raw reply	[flat|nested] only message in thread

only message in thread, other threads:[~2018-08-11  6:04 UTC | newest]

Thread overview: (only message) (download: mbox.gz follow: Atom feed
-- links below jump to the message on this page --
2018-08-11  6:04 [ovmf baseline-only test] 75062: tolerable FAIL Platform Team regression test user

This is a public inbox, see mirroring instructions
for how to clone and mirror all data and code used for this inbox;
as well as URLs for NNTP newsgroup(s).