* [ovmf baseline-only test] 75076: tolerable FAIL
@ 2018-08-17 7:37 Platform Team regression test user
0 siblings, 0 replies; only message in thread
From: Platform Team regression test user @ 2018-08-17 7:37 UTC (permalink / raw)
To: xen-devel, osstest-admin
This run is configured for baseline tests only.
flight 75076 ovmf real [real]
http://osstest.xensource.com/osstest/logs/75076/
Failures :-/ but no regressions.
Tests which did not succeed, but are not blocking:
test-amd64-i386-xl-qemuu-ovmf-amd64 10 debian-hvm-install fail like 75068
test-amd64-amd64-xl-qemuu-ovmf-amd64 10 debian-hvm-install fail like 75068
version targeted for testing:
ovmf cb5f4f45ce1fca390b99dae5c42b9c4c8b53deea
baseline version:
ovmf 22ec06c8aaa1c4023bb7f960746da57f1b648568
Last test of basis 75068 2018-08-14 09:25:22 Z 2 days
Testing same since 75076 2018-08-16 11:57:45 Z 0 days 1 attempts
------------------------------------------------------------
People who touched revisions under test:
Ming Huang <ming.huang@linaro.org>
jobs:
build-amd64-xsm pass
build-i386-xsm pass
build-amd64 pass
build-i386 pass
build-amd64-libvirt pass
build-i386-libvirt pass
build-amd64-pvops pass
build-i386-pvops pass
test-amd64-amd64-xl-qemuu-ovmf-amd64 fail
test-amd64-i386-xl-qemuu-ovmf-amd64 fail
------------------------------------------------------------
sg-report-flight on osstest.xs.citrite.net
logs: /home/osstest/logs
images: /home/osstest/images
Logs, config files, etc. are available at
http://osstest.xensource.com/osstest/logs
Test harness code can be found at
http://xenbits.xensource.com/gitweb?p=osstest.git;a=summary
Push not applicable.
------------------------------------------------------------
commit cb5f4f45ce1fca390b99dae5c42b9c4c8b53deea
Author: Ming Huang <ming.huang@linaro.org>
Date: Sun Aug 12 07:01:48 2018 -0700
MdePkg Cper.h: Add generic error macros for ARM platform
Contributed-under: TianoCore Contribution Agreement 1.1
Signed-off-by: Ming Huang <ming.huang@linaro.org>
_______________________________________________
Xen-devel mailing list
Xen-devel@lists.xenproject.org
https://lists.xenproject.org/mailman/listinfo/xen-devel
^ permalink raw reply [flat|nested] only message in thread
only message in thread, other threads:[~2018-08-17 7:37 UTC | newest]
Thread overview: (only message) (download: mbox.gz follow: Atom feed
-- links below jump to the message on this page --
2018-08-17 7:37 [ovmf baseline-only test] 75076: tolerable FAIL Platform Team regression test user
This is a public inbox, see mirroring instructions
for how to clone and mirror all data and code used for this inbox;
as well as URLs for NNTP newsgroup(s).