xen-devel.lists.xenproject.org archive mirror
 help / color / mirror / Atom feed
From: Platform Team regression test user <citrix-osstest@xenproject.org>
To: xen-devel@lists.xenproject.org, osstest-admin@xenproject.org
Subject: [ovmf baseline-only test] 75083: tolerable FAIL
Date: Sat, 18 Aug 2018 04:39:27 +0100	[thread overview]
Message-ID: <osstest-75083-mainreport@xen.org> (raw)

This run is configured for baseline tests only.

flight 75083 ovmf real [real]
http://osstest.xensource.com/osstest/logs/75083/

Failures :-/ but no regressions.

Tests which did not succeed, but are not blocking:
 test-amd64-amd64-xl-qemuu-ovmf-amd64 10 debian-hvm-install     fail like 75076
 test-amd64-i386-xl-qemuu-ovmf-amd64 10 debian-hvm-install      fail like 75076

version targeted for testing:
 ovmf                 52047be0243074f50fab45650f36ae693c93d1b3
baseline version:
 ovmf                 cb5f4f45ce1fca390b99dae5c42b9c4c8b53deea

Last test of basis    75076  2018-08-16 11:57:45 Z    1 days
Testing same since    75083  2018-08-17 17:55:24 Z    0 days    1 attempts

------------------------------------------------------------
People who touched revisions under test:
  Bob Feng <bob.c.feng@intel.com>
  Carsey, Jaben </o=Intel/ou=Americas01/cn=Workers/cn=Carsey, Jaben>
  Eric Dong <eric.dong@intel.com>
  Feng, Bob C <bob.c.feng@intel.com>
  hchen30 <hesheng.chen@intel.com>
  Hess Chen <hesheng.chen@intel.com>
  Jaben Carsey <jaben.carsey@intel.com>
  Laszlo Ersek <lersek@redhat.com>
  Liming Gao <liming.gao@intel.com>
  Ruiyu Ni <ruiyu.ni@intel.com>
  Star Zeng <star.zeng@intel.com>
  Yonghong Zhu <yonghong.zhu@intel.com>
  Yunhua Feng <yunhuax.feng@intel.com>

jobs:
 build-amd64-xsm                                              pass    
 build-i386-xsm                                               pass    
 build-amd64                                                  pass    
 build-i386                                                   pass    
 build-amd64-libvirt                                          pass    
 build-i386-libvirt                                           pass    
 build-amd64-pvops                                            pass    
 build-i386-pvops                                             pass    
 test-amd64-amd64-xl-qemuu-ovmf-amd64                         fail    
 test-amd64-i386-xl-qemuu-ovmf-amd64                          fail    


------------------------------------------------------------
sg-report-flight on osstest.xs.citrite.net
logs: /home/osstest/logs
images: /home/osstest/images

Logs, config files, etc. are available at
    http://osstest.xensource.com/osstest/logs

Test harness code can be found at
    http://xenbits.xensource.com/gitweb?p=osstest.git;a=summary


Push not applicable.

(No revision log; it would be 436 lines long.)

_______________________________________________
Xen-devel mailing list
Xen-devel@lists.xenproject.org
https://lists.xenproject.org/mailman/listinfo/xen-devel

                 reply	other threads:[~2018-08-18  3:39 UTC|newest]

Thread overview: [no followups] expand[flat|nested]  mbox.gz  Atom feed

Reply instructions:

You may reply publicly to this message via plain-text email
using any one of the following methods:

* Save the following mbox file, import it into your mail client,
  and reply-to-all from there: mbox

  Avoid top-posting and favor interleaved quoting:
  https://en.wikipedia.org/wiki/Posting_style#Interleaved_style

* Reply using the --to, --cc, and --in-reply-to
  switches of git-send-email(1):

  git send-email \
    --in-reply-to=osstest-75083-mainreport@xen.org \
    --to=citrix-osstest@xenproject.org \
    --cc=osstest-admin@xenproject.org \
    --cc=xen-devel@lists.xenproject.org \
    /path/to/YOUR_REPLY

  https://kernel.org/pub/software/scm/git/docs/git-send-email.html

* If your mail client supports setting the In-Reply-To header
  via mailto: links, try the mailto: link
Be sure your reply has a Subject: header at the top and a blank line before the message body.
This is a public inbox, see mirroring instructions
for how to clone and mirror all data and code used for this inbox;
as well as URLs for NNTP newsgroup(s).