* [ovmf baseline-only test] 75098: tolerable FAIL
@ 2018-08-22 0:06 Platform Team regression test user
0 siblings, 0 replies; only message in thread
From: Platform Team regression test user @ 2018-08-22 0:06 UTC (permalink / raw)
To: xen-devel, osstest-admin
This run is configured for baseline tests only.
flight 75098 ovmf real [real]
http://osstest.xensource.com/osstest/logs/75098/
Failures :-/ but no regressions.
Tests which did not succeed, but are not blocking:
test-amd64-amd64-xl-qemuu-ovmf-amd64 10 debian-hvm-install fail like 75094
test-amd64-i386-xl-qemuu-ovmf-amd64 10 debian-hvm-install fail like 75094
version targeted for testing:
ovmf 131818ba5a83d1e8f3f1b4c041200755fff64abb
baseline version:
ovmf 0258ba6256ca193e8fd896a40ceef1bc06a3e0e8
Last test of basis 75094 2018-08-20 05:27:39 Z 1 days
Testing same since 75098 2018-08-21 03:28:53 Z 0 days 1 attempts
------------------------------------------------------------
People who touched revisions under test:
Jaben Carsey <jaben.carsey@intel.com>
Ruiyu Ni <ruiyu.ni@intel.com>
shenglei <shenglei.zhang@intel.com>
jobs:
build-amd64-xsm pass
build-i386-xsm pass
build-amd64 pass
build-i386 pass
build-amd64-libvirt pass
build-i386-libvirt pass
build-amd64-pvops pass
build-i386-pvops pass
test-amd64-amd64-xl-qemuu-ovmf-amd64 fail
test-amd64-i386-xl-qemuu-ovmf-amd64 fail
------------------------------------------------------------
sg-report-flight on osstest.xs.citrite.net
logs: /home/osstest/logs
images: /home/osstest/images
Logs, config files, etc. are available at
http://osstest.xensource.com/osstest/logs
Test harness code can be found at
http://xenbits.xensource.com/gitweb?p=osstest.git;a=summary
Push not applicable.
------------------------------------------------------------
commit 131818ba5a83d1e8f3f1b4c041200755fff64abb
Author: shenglei <shenglei.zhang@intel.com>
Date: Thu Aug 2 13:24:31 2018 +0800
MdeModulePkg: Remove redundant library classes and GUIDs
Some redundant library classes and GUIDs
have been removed in inf, .c and .h files.
https://bugzilla.tianocore.org/show_bug.cgi?id=1044
https://bugzilla.tianocore.org/show_bug.cgi?id=1045
https://bugzilla.tianocore.org/show_bug.cgi?id=1047
https://bugzilla.tianocore.org/show_bug.cgi?id=1049
https://bugzilla.tianocore.org/show_bug.cgi?id=1051
https://bugzilla.tianocore.org/show_bug.cgi?id=1052
https://bugzilla.tianocore.org/show_bug.cgi?id=1053
https://bugzilla.tianocore.org/show_bug.cgi?id=1054
https://bugzilla.tianocore.org/show_bug.cgi?id=1055
https://bugzilla.tianocore.org/show_bug.cgi?id=1056
https://bugzilla.tianocore.org/show_bug.cgi?id=1017
https://bugzilla.tianocore.org/show_bug.cgi?id=1035
https://bugzilla.tianocore.org/show_bug.cgi?id=1033
https://bugzilla.tianocore.org/show_bug.cgi?id=1012
https://bugzilla.tianocore.org/show_bug.cgi?id=1011
https://bugzilla.tianocore.org/show_bug.cgi?id=1062
v2:
1. Correct copyright year.
2. Fix alignment issue in AcpiPlatformDxe.inf.
3. Add DevicePathLib which is removed before in I2cHostDxe.inf.
4. Update NvmExpressPei.inf, NvmExpressPei.h, IScsiDxe.inf,
IScsiDxe.inf, IScsiDxe.h, DxeMain.inf, DxeMain.h, PiSmmCore.inf
and PiSmmCore.h for https://bugzilla.tianocore.org/show_bug.cgi?id=1062.
v3:
1. Add https://bugzilla.tianocore.org/show_bug.cgi?id=1062 to the
link list.
2. Remove DevicePathLib from I2cHostDxe.inf.
3. Update NvmExpressPei.inf, NvmExpressPei.h, UfsPciHcDxe.inf,
UfsPciHcDxe.h, I2cHostDxe.inf, AtaBusDxe.inf, IScsiDxe.inf,
IScsiDxe.h, DxeMain.inf, DxeMain.h, PiSmmCore.inf and PiSmmCore.h
for https://bugzilla.tianocore.org/show_bug.cgi?id=1062.
(Forget to add UfsPciHcDxe.inf, UfsPciHcDxe.h, AtaBusDxe.inf,
and I2cHostDxe.inf previously.)
Cc: Star Zeng <star.zeng@intel.com>
Cc: Eric Dong <eric.dong@intel.com>
Contributed-under: TianoCore Contribution Agreement 1.1
Signed-off-by: shenglei <shenglei.zhang@intel.com>
Reviewed-by: Star Zeng <star.zeng@intel.com>
commit 004b8112380bb239a2b83524d890a697765f0d81
Author: Ruiyu Ni <ruiyu.ni@intel.com>
Date: Thu Aug 16 14:31:57 2018 +0800
ShellPkg/edit: Fix heap access out-of-bounds
The issue was found when heap guard is turned on.
PrintLib somehow receives a non-null terminated string in var-arg.
When the PrintLib implementation reads the string it keeps
reading because no null-terminator is met, which triggers the page
fault set by the heap guard.
The issue is caused by a bug in FileBufferPrintLine().
When "edit" opens a binary file, in FileBufferPrintLine(),
the Line->Buffer may start with \x00 \x00, but the Line->Size is
larger than MainEditor.ScreenSize.Column, it causes the PrintLine is
set to an empty string by below call:
StrnCpyS (
PrintLine, BufLen/sizeof(CHAR16), Buffer,
MIN(Limit, MainEditor.ScreenSize.Column)
);
But since Limit (equals to Line->Size) is larger than
MainEditor.ScreenSize.Column, below for-loop doesn't successfully
set the whole PrintLine to all-empty-space.
for (; Limit < MainEditor.ScreenSize.Column; Limit++) {
PrintLine[Limit] = L' ';
}
So after the for-loop, PrintLine is still an empty string.
Later in below call, the PrintLine2 is created based on PrintLine.
ShellCopySearchAndReplace (
PrintLine, PrintLine2,
BufLen * 2, L"%", L"^%", FALSE, FALSE
);
But due to the implementation of ShellCopySearchAndReplace(),
PrintLine2 is untouched and INVALID_PARAMETER is returned.
Finally an uninitialized string is passed to ShellPrintEx()
which causes the #PF exception.
The fix is to reset Limit to StrLen(PrintLine) before for-loop.
So that PrintLine can be converted from an empty string to a
string containing all spaces.
Contributed-under: TianoCore Contribution Agreement 1.1
Signed-off-by: Ruiyu Ni <ruiyu.ni@intel.com>
Reviewed-by: Jaben Carsey <jaben.carsey@intel.com>
Reviewed-by: Jian Wang <jian.j.wang@intel.com>
commit 90b3f171a76cde0d824d17895d6ff7f434afe29c
Author: shenglei <shenglei.zhang@intel.com>
Date: Fri Aug 10 14:07:18 2018 +0800
SignedCapsulePkg: Remove redundant things in inf,.h and .c files
Two redundant library classes have been removed.
The redundant function "IsSystemFmp" has been removed.
https://bugzilla.tianocore.org/show_bug.cgi?id=1067
v2: Remove DxeServicesLib from SystemFirmwareUpdateDxe.inf.
Cc: Jiewen Yao <jiewen.yao@intel.com>
Contributed-under: TianoCore Contribution Agreement 1.1
Signed-off-by: shenglei <shenglei.zhang@intel.com>
Reviewed-by: Jiewen Yao <jiewen.yao@intel.com>
Reviewed-by: Star Zeng <star.zeng@intel.com>
commit 43fe4c4052922c6baa36cf4664ce63b8699d9176
Author: Jaben Carsey <jaben.carsey@intel.com>
Date: Sat Aug 18 00:17:40 2018 +0800
BaseTools: remove unused setter functions
Cc: Yonghong Zhu <yonghong.zhu@intel.com>
Cc: Liming Gao <liming.gao@intel.com>
Contributed-under: TianoCore Contribution Agreement 1.1
Signed-off-by: Jaben Carsey <jaben.carsey@intel.com>
Reviewed-by: Yonghong Zhu <yonghong.zhu@intel.com>
commit fe6fdfe2bb015bbd64c45c5d6ae028ecdf2437e2
Author: Jaben Carsey <jaben.carsey@intel.com>
Date: Fri Aug 17 07:24:14 2018 +0800
BaseTools: remove unused code
the if statment just has pass statement.
invert if condition and just use do the else work.
Cc: Yonghong Zhu <yonghong.zhu@intel.com>
Cc: Liming Gao <liming.gao@intel.com>
Contributed-under: TianoCore Contribution Agreement 1.1
Signed-off-by: Jaben Carsey <jaben.carsey@intel.com>
Reviewed-by: Yonghong Zhu <yonghong.zhu@intel.com>
_______________________________________________
Xen-devel mailing list
Xen-devel@lists.xenproject.org
https://lists.xenproject.org/mailman/listinfo/xen-devel
^ permalink raw reply [flat|nested] only message in thread
only message in thread, other threads:[~2018-08-22 0:06 UTC | newest]
Thread overview: (only message) (download: mbox.gz follow: Atom feed
-- links below jump to the message on this page --
2018-08-22 0:06 [ovmf baseline-only test] 75098: tolerable FAIL Platform Team regression test user
This is a public inbox, see mirroring instructions
for how to clone and mirror all data and code used for this inbox;
as well as URLs for NNTP newsgroup(s).