From mboxrd@z Thu Jan 1 00:00:00 1970 From: xen.org Subject: [xen-unstable test] 7510: regressions - FAIL Date: Fri, 3 Jun 2011 14:36:29 +0100 Message-ID: Mime-Version: 1.0 Content-Type: text/plain Return-path: List-Unsubscribe: , List-Post: List-Help: List-Subscribe: , Sender: xen-devel-bounces@lists.xensource.com Errors-To: xen-devel-bounces@lists.xensource.com To: xen-devel@lists.xensource.com Cc: ian.jackson@eu.citrix.com List-Id: xen-devel@lists.xenproject.org flight 7510 xen-unstable real [real] http://www.chiark.greenend.org.uk/~xensrcts/logs/7510/ Regressions :-( Tests which did not succeed and are blocking: test-i386-xcpkern-i386-pv 9 guest-start fail REGR. vs. 7285 test-i386-i386-pv 9 guest-start fail REGR. vs. 7285 test-i386-i386-pair 16 guest-start fail REGR. vs. 7285 test-i386-xcpkern-i386-pair 16 guest-start fail REGR. vs. 7285 test-i386-i386-win 7 windows-install fail REGR. vs. 7285 test-i386-xcpkern-i386-win 7 windows-install fail REGR. vs. 7285 test-amd64-xcpkern-i386-pv 9 guest-start fail in 7499 REGR. vs. 7285 test-amd64-i386-pv 9 guest-start fail in 7499 REGR. vs. 7285 test-amd64-amd64-pair 16 guest-start fail in 7499 REGR. vs. 7285 test-amd64-amd64-pv 9 guest-start fail in 7499 REGR. vs. 7285 test-amd64-xcpkern-i386-xl-credit2 9 guest-start fail in 7499 REGR. vs. 7285 test-amd64-i386-pair 16 guest-start fail in 7499 REGR. vs. 7285 test-amd64-xcpkern-i386-pair 16 guest-start fail in 7499 REGR. vs. 7285 test-amd64-i386-win 7 windows-install fail in 7499 REGR. vs. 7285 test-amd64-i386-win-vcpus1 7 windows-install fail in 7499 REGR. vs. 7285 test-amd64-xcpkern-i386-win 7 windows-install fail in 7499 REGR. vs. 7285 test-amd64-amd64-win 7 windows-install fail in 7499 REGR. vs. 7285 Tests which are failing intermittently (not blocking): build-amd64 4 xen-build fail pass in 7499 Tests which did not succeed, but are not blocking, including regressions (tests previously passed) regarded as allowable: test-amd64-xcpkern-i386-pv 1 xen-build-check(1) blocked n/a test-amd64-i386-pv 1 xen-build-check(1) blocked n/a test-amd64-amd64-pair 1 xen-build-check(1) blocked n/a test-amd64-i386-rhel6hvm-intel 1 xen-build-check(1) blocked n/a test-amd64-xcpkern-i386-xl-multivcpu 1 xen-build-check(1) blocked n/a test-amd64-i386-xl 1 xen-build-check(1) blocked n/a test-amd64-i386-xl-multivcpu 1 xen-build-check(1) blocked n/a test-amd64-xcpkern-i386-xl 1 xen-build-check(1) blocked n/a test-amd64-i386-xl-credit2 1 xen-build-check(1) blocked n/a test-amd64-amd64-pv 1 xen-build-check(1) blocked n/a test-amd64-amd64-xl 1 xen-build-check(1) blocked n/a test-amd64-xcpkern-i386-xl-credit2 1 xen-build-check(1) blocked n/a test-amd64-i386-pair 1 xen-build-check(1) blocked n/a test-amd64-xcpkern-i386-pair 1 xen-build-check(1) blocked n/a test-amd64-xcpkern-i386-rhel6hvm-intel 1 xen-build-check(1) blocked n/a test-amd64-xcpkern-i386-rhel6hvm-amd 1 xen-build-check(1) blocked n/a test-amd64-i386-win 1 xen-build-check(1) blocked n/a test-amd64-i386-rhel6hvm-amd 1 xen-build-check(1) blocked n/a test-amd64-i386-win-vcpus1 1 xen-build-check(1) blocked n/a test-amd64-xcpkern-i386-win 1 xen-build-check(1) blocked n/a test-amd64-xcpkern-i386-xl-win 1 xen-build-check(1) blocked n/a test-amd64-i386-xl-win-vcpus1 1 xen-build-check(1) blocked n/a test-amd64-amd64-win 1 xen-build-check(1) blocked n/a test-amd64-amd64-xl-win 1 xen-build-check(1) blocked n/a test-i386-i386-xl-win 13 guest-stop fail never pass test-amd64-i386-rhel6hvm-intel 8 guest-saverestore fail in 7499 never pass test-amd64-xcpkern-i386-rhel6hvm-intel 8 guest-saverestore fail in 7499 never pass test-amd64-xcpkern-i386-rhel6hvm-amd 8 guest-saverestore fail in 7499 never pass test-amd64-i386-rhel6hvm-amd 8 guest-saverestore fail in 7499 never pass test-amd64-xcpkern-i386-xl-win 13 guest-stop fail in 7499 never pass test-amd64-i386-xl-win-vcpus1 13 guest-stop fail in 7499 never pass test-amd64-amd64-xl-win 13 guest-stop fail in 7499 never pass version targeted for testing: xen 0791661a32d8 baseline version: xen 37c77bacb52a ------------------------------------------------------------ People who touched revisions under test: Aravindh Puthiyaparambil Carsten Schiers Christoph Egger Eddie Dong Fabio Fantoni George Dunlap Ian Campbell Ian Campbell : Ian Campbell Ian Jackson Ian Jackson Ian Jackson Jim Fehlig Keir Fraser Konrad Rzeszutek Wilk Li, Xin Liu, Jinsong Machon Gregory Marco Nenciarini Olaf Hering Shriram Rajagopalan Stefano Stabellini Tim Deegan Vincent Hanquez Wei Huang Wei Liu Xin Li Yang Zhang Yang, Wei Zhou Peng ------------------------------------------------------------ jobs: build-i386-xcpkern pass build-amd64 fail build-i386 pass build-amd64-oldkern pass build-i386-oldkern pass build-amd64-pvops pass build-i386-pvops pass test-amd64-amd64-xl blocked test-amd64-i386-xl blocked test-i386-i386-xl pass test-amd64-xcpkern-i386-xl blocked test-i386-xcpkern-i386-xl pass test-amd64-i386-rhel6hvm-amd blocked test-amd64-xcpkern-i386-rhel6hvm-amd blocked test-amd64-i386-xl-credit2 blocked test-amd64-xcpkern-i386-xl-credit2 blocked test-amd64-i386-rhel6hvm-intel blocked test-amd64-xcpkern-i386-rhel6hvm-intel blocked test-amd64-i386-xl-multivcpu blocked test-amd64-xcpkern-i386-xl-multivcpu blocked test-amd64-amd64-pair blocked test-amd64-i386-pair blocked test-i386-i386-pair fail test-amd64-xcpkern-i386-pair blocked test-i386-xcpkern-i386-pair fail test-amd64-amd64-pv blocked test-amd64-i386-pv blocked test-i386-i386-pv fail test-amd64-xcpkern-i386-pv blocked test-i386-xcpkern-i386-pv fail test-amd64-i386-win-vcpus1 blocked test-amd64-i386-xl-win-vcpus1 blocked test-amd64-amd64-win blocked test-amd64-i386-win blocked test-i386-i386-win fail test-amd64-xcpkern-i386-win blocked test-i386-xcpkern-i386-win fail test-amd64-amd64-xl-win blocked test-i386-i386-xl-win fail test-amd64-xcpkern-i386-xl-win blocked ------------------------------------------------------------ sg-report-flight on woking.cam.xci-test.com logs: /home/xc_osstest/logs images: /home/xc_osstest/images Logs, config files, etc. are available at http://www.chiark.greenend.org.uk/~xensrcts/logs Test harness code can be found at http://xenbits.xensource.com/gitweb?p=osstest.git;a=summary Not pushing. (No revision log; it would be 1709 lines long.)