From: Platform Team regression test user <citrix-osstest@xenproject.org>
To: xen-devel@lists.xenproject.org, osstest-admin@xenproject.org
Subject: [qemu-mainline baseline-only test] 75100: regressions - FAIL
Date: Wed, 22 Aug 2018 06:35:09 +0100 [thread overview]
Message-ID: <osstest-75100-mainreport@xen.org> (raw)
This run is configured for baseline tests only.
flight 75100 qemu-mainline real [real]
http://osstest.xensource.com/osstest/logs/75100/
Regressions :-(
Tests which did not succeed and are blocking,
including tests which could not be run:
test-amd64-i386-xl-raw 19 guest-start/debian.repeat fail REGR. vs. 75089
Tests which did not succeed, but are not blocking:
test-amd64-i386-xl-qemuu-win10-i386 17 guest-stop fail blocked in 75089
test-amd64-amd64-xl-qemuu-ovmf-amd64 10 debian-hvm-install fail like 75089
test-amd64-i386-xl-qemuu-debianhvm-amd64-shadow 10 debian-hvm-install fail like 75089
test-amd64-amd64-xl-qemuu-debianhvm-amd64 10 debian-hvm-install fail like 75089
test-amd64-i386-xl-qemuu-debianhvm-amd64-xsm 10 debian-hvm-install fail like 75089
test-amd64-amd64-qemuu-nested-intel 10 debian-hvm-install fail like 75089
test-amd64-i386-xl-qemuu-dmrestrict-amd64-dmrestrict 10 debian-hvm-install fail like 75089
test-amd64-amd64-xl-pvshim 12 guest-start fail like 75089
test-amd64-amd64-xl-qemuu-win10-i386 10 windows-install fail like 75089
test-armhf-armhf-libvirt 12 guest-start fail like 75089
test-armhf-armhf-xl 12 guest-start fail like 75089
test-armhf-armhf-xl-credit2 12 guest-start fail like 75089
test-armhf-armhf-xl-rtds 12 guest-start fail like 75089
test-armhf-armhf-xl-midway 12 guest-start fail like 75089
test-amd64-amd64-libvirt-qemuu-debianhvm-amd64-xsm 10 debian-hvm-install fail like 75089
test-armhf-armhf-xl-multivcpu 12 guest-start fail like 75089
test-armhf-armhf-xl-vhd 10 debian-di-install fail like 75089
test-armhf-armhf-libvirt-raw 10 debian-di-install fail like 75089
test-amd64-amd64-xl-qemuu-win7-amd64 17 guest-stop fail like 75089
test-amd64-i386-xl-qemuu-win7-amd64 17 guest-stop fail like 75089
test-amd64-i386-libvirt 13 migrate-support-check fail never pass
test-amd64-i386-libvirt-xsm 13 migrate-support-check fail never pass
test-amd64-i386-xl-pvshim 12 guest-start fail never pass
test-amd64-amd64-libvirt 13 migrate-support-check fail never pass
test-amd64-amd64-libvirt-xsm 13 migrate-support-check fail never pass
test-amd64-i386-libvirt-qemuu-debianhvm-amd64-xsm 11 migrate-support-check fail never pass
test-amd64-amd64-qemuu-nested-amd 17 debian-hvm-install/l1/l2 fail never pass
test-amd64-amd64-libvirt-vhd 12 migrate-support-check fail never pass
test-amd64-amd64-xl-qemuu-ws16-amd64 17 guest-stop fail never pass
test-amd64-i386-xl-qemuu-ws16-amd64 17 guest-stop fail never pass
version targeted for testing:
qemuu a544c9110d3971cc764c2dcd86a55b28534e4a63
baseline version:
qemuu c542a9f9794ec8e0bc3fcf5956d3cc8bce667789
Last test of basis 75089 2018-08-18 17:19:35 Z 3 days
Testing same since 75100 2018-08-21 10:56:17 Z 0 days 1 attempts
------------------------------------------------------------
People who touched revisions under test:
Aleksandar Markovic <amarkovic@wavecomp.com>
Aleksandar Rikalo <arikalo@wavecomp.com>
Alex Bennée <alex.bennee@linaro.org>
Alex Williamson <alex.williamson@redhat.com>
Alistair Francis <alistair.francis@wdc.com>
Cédric Le Goater <clg@kaod.org>
Daniel P. Berrangé <berrange@redhat.com>
Eduardo Habkost <ehabkost@redhat.com>
Jean-Christophe Dubois <jcd@tribudubois.net>
Joel Stanley <joel@jms.id.au>
Laurent Desnogues <laurent.desnogues@gmail.com>
Paolo Bonzini <pbonzini@redhat.com>
Peter Maydell <peter.maydell@linaro.org>
Richard Henderson <richard.henderson@linaro.org>
Richard W.M. Jones <rjones@redhat.com>
Robert Hoo <robert.hu@linux.intel.com>
Stefan Hajnoczi <stefanha@redhat.com>
Stefan Markovic <amarkovic@wavecomp.com>
Stefan Markovic <smarkovic@wavecomp.com>
Su Hang <suhang16@mails.ucas.ac.cn>
Thomas Huth <thuth@redhat.com>
Trent Piepho <tpiepho@impinj.com>
Wanpeng Li <wanpengli@tencent.com>
Yongbok Kim <yongbok.kim@mips.com>
jobs:
build-amd64-xsm pass
build-i386-xsm pass
build-amd64 pass
build-armhf pass
build-i386 pass
build-amd64-libvirt pass
build-armhf-libvirt pass
build-i386-libvirt pass
build-amd64-pvops pass
build-armhf-pvops pass
build-i386-pvops pass
test-amd64-amd64-xl pass
test-armhf-armhf-xl fail
test-amd64-i386-xl pass
test-amd64-amd64-libvirt-qemuu-debianhvm-amd64-xsm fail
test-amd64-i386-libvirt-qemuu-debianhvm-amd64-xsm pass
test-amd64-amd64-xl-qemuu-debianhvm-amd64-xsm pass
test-amd64-i386-xl-qemuu-debianhvm-amd64-xsm fail
test-amd64-amd64-libvirt-xsm pass
test-amd64-i386-libvirt-xsm pass
test-amd64-amd64-xl-xsm pass
test-amd64-i386-xl-xsm pass
test-amd64-amd64-qemuu-nested-amd fail
test-amd64-amd64-xl-pvhv2-amd pass
test-amd64-i386-qemuu-rhel6hvm-amd pass
test-amd64-amd64-xl-qemuu-debianhvm-amd64 fail
test-amd64-i386-xl-qemuu-debianhvm-amd64 pass
test-amd64-i386-freebsd10-amd64 pass
test-amd64-amd64-xl-qemuu-ovmf-amd64 fail
test-amd64-i386-xl-qemuu-ovmf-amd64 pass
test-amd64-amd64-xl-qemuu-win7-amd64 fail
test-amd64-i386-xl-qemuu-win7-amd64 fail
test-amd64-amd64-xl-qemuu-ws16-amd64 fail
test-amd64-i386-xl-qemuu-ws16-amd64 fail
test-amd64-amd64-xl-credit2 pass
test-armhf-armhf-xl-credit2 fail
test-amd64-amd64-xl-qemuu-dmrestrict-amd64-dmrestrict pass
test-amd64-i386-xl-qemuu-dmrestrict-amd64-dmrestrict fail
test-amd64-i386-freebsd10-i386 pass
test-amd64-amd64-xl-qemuu-win10-i386 fail
test-amd64-i386-xl-qemuu-win10-i386 fail
test-amd64-amd64-qemuu-nested-intel fail
test-amd64-amd64-xl-pvhv2-intel pass
test-amd64-i386-qemuu-rhel6hvm-intel pass
test-amd64-amd64-libvirt pass
test-armhf-armhf-libvirt fail
test-amd64-i386-libvirt pass
test-armhf-armhf-xl-midway fail
test-amd64-amd64-xl-multivcpu pass
test-armhf-armhf-xl-multivcpu fail
test-amd64-amd64-pair pass
test-amd64-i386-pair pass
test-amd64-amd64-libvirt-pair pass
test-amd64-i386-libvirt-pair pass
test-amd64-amd64-amd64-pvgrub pass
test-amd64-amd64-i386-pvgrub pass
test-amd64-amd64-xl-pvshim fail
test-amd64-i386-xl-pvshim fail
test-amd64-amd64-pygrub pass
test-amd64-amd64-xl-qcow2 pass
test-armhf-armhf-libvirt-raw fail
test-amd64-i386-xl-raw fail
test-amd64-amd64-xl-rtds pass
test-armhf-armhf-xl-rtds fail
test-amd64-amd64-xl-qemuu-debianhvm-amd64-shadow pass
test-amd64-i386-xl-qemuu-debianhvm-amd64-shadow fail
test-amd64-amd64-xl-shadow pass
test-amd64-i386-xl-shadow pass
test-amd64-amd64-libvirt-vhd pass
test-armhf-armhf-xl-vhd fail
------------------------------------------------------------
sg-report-flight on osstest.xs.citrite.net
logs: /home/osstest/logs
images: /home/osstest/images
Logs, config files, etc. are available at
http://osstest.xensource.com/osstest/logs
Test harness code can be found at
http://xenbits.xensource.com/gitweb?p=osstest.git;a=summary
Push not applicable.
(No revision log; it would be 1175 lines long.)
_______________________________________________
Xen-devel mailing list
Xen-devel@lists.xenproject.org
https://lists.xenproject.org/mailman/listinfo/xen-devel
reply other threads:[~2018-08-22 5:35 UTC|newest]
Thread overview: [no followups] expand[flat|nested] mbox.gz Atom feed
Reply instructions:
You may reply publicly to this message via plain-text email
using any one of the following methods:
* Save the following mbox file, import it into your mail client,
and reply-to-all from there: mbox
Avoid top-posting and favor interleaved quoting:
https://en.wikipedia.org/wiki/Posting_style#Interleaved_style
* Reply using the --to, --cc, and --in-reply-to
switches of git-send-email(1):
git send-email \
--in-reply-to=osstest-75100-mainreport@xen.org \
--to=citrix-osstest@xenproject.org \
--cc=osstest-admin@xenproject.org \
--cc=xen-devel@lists.xenproject.org \
/path/to/YOUR_REPLY
https://kernel.org/pub/software/scm/git/docs/git-send-email.html
* If your mail client supports setting the In-Reply-To header
via mailto: links, try the mailto: link
Be sure your reply has a Subject: header at the top and a blank line
before the message body.
This is a public inbox, see mirroring instructions
for how to clone and mirror all data and code used for this inbox;
as well as URLs for NNTP newsgroup(s).