* [ovmf baseline-only test] 75102: tolerable FAIL
@ 2018-08-22 11:55 Platform Team regression test user
0 siblings, 0 replies; only message in thread
From: Platform Team regression test user @ 2018-08-22 11:55 UTC (permalink / raw)
To: xen-devel, osstest-admin
This run is configured for baseline tests only.
flight 75102 ovmf real [real]
http://osstest.xensource.com/osstest/logs/75102/
Failures :-/ but no regressions.
Tests which did not succeed, but are not blocking:
test-amd64-amd64-xl-qemuu-ovmf-amd64 10 debian-hvm-install fail like 75098
test-amd64-i386-xl-qemuu-ovmf-amd64 10 debian-hvm-install fail like 75098
version targeted for testing:
ovmf 6cf6fed02408b5f3ba39de46cbc971b9dda3639b
baseline version:
ovmf 131818ba5a83d1e8f3f1b4c041200755fff64abb
Last test of basis 75098 2018-08-21 03:28:53 Z 1 days
Testing same since 75102 2018-08-22 00:36:56 Z 0 days 1 attempts
------------------------------------------------------------
People who touched revisions under test:
Feng, YunhuaX <yunhuax.feng@intel.com>
Yunhua Feng <yunhuax.feng@intel.com>
jobs:
build-amd64-xsm pass
build-i386-xsm pass
build-amd64 pass
build-i386 pass
build-amd64-libvirt pass
build-i386-libvirt pass
build-amd64-pvops pass
build-i386-pvops pass
test-amd64-amd64-xl-qemuu-ovmf-amd64 fail
test-amd64-i386-xl-qemuu-ovmf-amd64 fail
------------------------------------------------------------
sg-report-flight on osstest.xs.citrite.net
logs: /home/osstest/logs
images: /home/osstest/images
Logs, config files, etc. are available at
http://osstest.xensource.com/osstest/logs
Test harness code can be found at
http://xenbits.xensource.com/gitweb?p=osstest.git;a=summary
Push not applicable.
------------------------------------------------------------
commit 6cf6fed02408b5f3ba39de46cbc971b9dda3639b
Author: Feng, YunhuaX <yunhuax.feng@intel.com>
Date: Tue Aug 21 08:48:38 2018 +0800
BaseTools: Fix regression issue by b23414f6540d
V2: Renaming function DepexExpressionTokenList to DepexExpressionDict
instead of changing the callers
Fix regression issue by b23414f6540d4f336b6f00b44681911d469f9a04
AttributeError: 'ModuleAutoGen' object has no attribute
'DepexExpressionDict'
Cc: Liming Gao <liming.gao@intel.com>
Cc: Yonghong Zhu <yonghong.zhu@intel.com>
Contributed-under: TianoCore Contribution Agreement 1.1
Signed-off-by: Yunhua Feng <yunhuax.feng@intel.com>
Reviewed-by: Yonghong Zhu <yonghong.zhu@intel.com>
_______________________________________________
Xen-devel mailing list
Xen-devel@lists.xenproject.org
https://lists.xenproject.org/mailman/listinfo/xen-devel
^ permalink raw reply [flat|nested] only message in thread
only message in thread, other threads:[~2018-08-22 11:55 UTC | newest]
Thread overview: (only message) (download: mbox.gz follow: Atom feed
-- links below jump to the message on this page --
2018-08-22 11:55 [ovmf baseline-only test] 75102: tolerable FAIL Platform Team regression test user
This is a public inbox, see mirroring instructions
for how to clone and mirror all data and code used for this inbox;
as well as URLs for NNTP newsgroup(s).