xen-devel.lists.xenproject.org archive mirror
 help / color / mirror / Atom feed
From: Platform Team regression test user <citrix-osstest@xenproject.org>
To: xen-devel@lists.xenproject.org, osstest-admin@xenproject.org
Subject: [ovmf baseline-only test] 75113: tolerable FAIL
Date: Fri, 24 Aug 2018 15:51:07 +0100	[thread overview]
Message-ID: <osstest-75113-mainreport@xen.org> (raw)

This run is configured for baseline tests only.

flight 75113 ovmf real [real]
http://osstest.xensource.com/osstest/logs/75113/

Failures :-/ but no regressions.

Tests which did not succeed, but are not blocking:
 test-amd64-amd64-xl-qemuu-ovmf-amd64 10 debian-hvm-install     fail like 75111
 test-amd64-i386-xl-qemuu-ovmf-amd64 10 debian-hvm-install      fail like 75111

version targeted for testing:
 ovmf                 2b2959dd347388d9a056d8116e02268cb563ef09
baseline version:
 ovmf                 aa4e0df1f0c7ffdff07d7e382c9da89cbe207cdb

Last test of basis    75111  2018-08-23 22:54:12 Z    0 days
Testing same since    75113  2018-08-24 06:05:11 Z    0 days    1 attempts

------------------------------------------------------------
People who touched revisions under test:
  Feng, YunhuaX <yunhuax.feng@intel.com>
  Haojian Zhuang <haojian.zhuang@linaro.org>
  Songpeng Li <songpeng.li@intel.com>
  Yonghong Zhu <yonghong.zhu@intel.com>
  Yunhua Feng <yunhuax.feng@intel.com>

jobs:
 build-amd64-xsm                                              pass    
 build-i386-xsm                                               pass    
 build-amd64                                                  pass    
 build-i386                                                   pass    
 build-amd64-libvirt                                          pass    
 build-i386-libvirt                                           pass    
 build-amd64-pvops                                            pass    
 build-i386-pvops                                             pass    
 test-amd64-amd64-xl-qemuu-ovmf-amd64                         fail    
 test-amd64-i386-xl-qemuu-ovmf-amd64                          fail    


------------------------------------------------------------
sg-report-flight on osstest.xs.citrite.net
logs: /home/osstest/logs
images: /home/osstest/images

Logs, config files, etc. are available at
    http://osstest.xensource.com/osstest/logs

Test harness code can be found at
    http://xenbits.xensource.com/gitweb?p=osstest.git;a=summary


Push not applicable.

------------------------------------------------------------
commit 2b2959dd347388d9a056d8116e02268cb563ef09
Author: Haojian Zhuang <haojian.zhuang@linaro.org>
Date:   Thu Aug 23 13:51:42 2018 +0800

    ArmPkg/PlatformBootManagerLib: fix hotkey of boot option
    
    Fix the parameter in EfiBootManagerAddKeyOptionVariable (). Otherwise,
    the hotkey of boot option won't be registered correctly.
    
    Contributed-under: TianoCore Contribution Agreement 1.1
    Signed-off-by: Haojian Zhuang <haojian.zhuang@linaro.org>
    Reviewed-by: Laszlo Ersek <lersek@redhat.com>

commit b701aae6a8e01b3a39c1cc5ad1409c9b929495ad
Author: Songpeng Li <songpeng.li@intel.com>
Date:   Thu Aug 16 08:59:01 2018 +0800

    NetworkPkg: UefiPxeBcDxe: Remove the redundant code.
    
    The function PxeBcFreeBootFileOption that is never called
    have been removed.
    
    Cc: Jiaxin Wu <jiaxin.wu@intel.com>
    Cc: Siyuan Fu <siyuan.fu@intel.com>
    Cc: Laszlo Ersek <lersek@redhat.com>
    Ref: https://bugzilla.tianocore.org/show_bug.cgi?id=1064
    Contributed-under: TianoCore Contribution Agreement 1.1
    Signed-off-by: Songpeng Li <songpeng.li@intel.com>
    Reviewed-by: Laszlo Ersek <lersek@redhat.com>
    Reviewed-by: Jiaxin Wu <jiaxin.wu@intel.com>

commit 8343c750240520d6eb381e688069d39b289cb144
Author: Songpeng Li <songpeng.li@intel.com>
Date:   Thu Aug 16 08:58:04 2018 +0800

    NetworkPkg: TcpDxe: Remove the redundant code.
    
    The function TcpPawsOK that is never called have been removed.
    
    Cc: Jiaxin Wu <jiaxin.wu@intel.com>
    Cc: Siyuan Fu <siyuan.fu@intel.com>
    Cc: Laszlo Ersek <lersek@redhat.com>
    Ref: https://bugzilla.tianocore.org/show_bug.cgi?id=1064
    Contributed-under: TianoCore Contribution Agreement 1.1
    Signed-off-by: Songpeng Li <songpeng.li@intel.com>
    Reviewed-by: Laszlo Ersek <lersek@redhat.com>
    Reviewed-by: Jiaxin Wu <jiaxin.wu@intel.com>

commit ad1e45ddb54f4d416ba465ee36b51c88e5c4dfca
Author: Songpeng Li <songpeng.li@intel.com>
Date:   Thu Aug 16 08:57:14 2018 +0800

    NetworkPkg: IpSecDxe: Remove the redundant code.
    
    The functions that are never called have been removed.
    They are Ikev2OnPacketAccepted, Ikev2SaSessionOnDeleting,
    Ikev2ChildSaSessionLookupByMid, Ikev2ChildSaSessionOnDeleting
    and Ikev2ChildExchangeRekeySpi.
    
    Cc: Jiaxin Wu <jiaxin.wu@intel.com>
    Cc: Siyuan Fu <siyuan.fu@intel.com>
    Cc: Laszlo Ersek <lersek@redhat.com>
    Ref: https://bugzilla.tianocore.org/show_bug.cgi?id=1064
    Contributed-under: TianoCore Contribution Agreement 1.1
    Signed-off-by: Songpeng Li <songpeng.li@intel.com>
    Reviewed-by: Jiaxin Wu <jiaxin.wu@intel.com>

commit fafdb489a7120b45cf8bc0cc4aaa01358f7d70e8
Author: Songpeng Li <songpeng.li@intel.com>
Date:   Thu Aug 9 16:01:00 2018 +0800

    NetworkPkg: IScsiDxe: Remove the redundant code and definition.
    
    The function IScsiFindTcbByITT that is never called have been removed.
    The definition gEfiAcpi20TableGuid has been removed.
    
    Cc: Jiaxin Wu <jiaxin.wu@intel.com>
    Cc: Siyuan Fu <siyuan.fu@intel.com>
    Cc: Laszlo Ersek <lersek@redhat.com>
    Ref: https://bugzilla.tianocore.org/show_bug.cgi?id=1064
    Contributed-under: TianoCore Contribution Agreement 1.1
    Signed-off-by: Songpeng Li <songpeng.li@intel.com>
    Reviewed-by: Laszlo Ersek <lersek@redhat.com>
    Reviewed-by: Jiaxin Wu <jiaxin.wu@intel.com>

commit fcb1af1b69f8c491824aaa589c7693fa6e731e0b
Author: Feng, YunhuaX <yunhuax.feng@intel.com>
Date:   Wed Aug 8 14:56:55 2018 +0800

    BaseTools: Use hashlib instead of md5
    
    Use from hashlib import md5 instead of import md5
    due to md5 deprecated in python3
    
    Cc: Liming Gao <liming.gao@intel.com>
    Cc: Yonghong Zhu <yonghong.zhu@intel.com>
    Contributed-under: TianoCore Contribution Agreement 1.1
    Signed-off-by: Yunhua Feng <yunhuax.feng@intel.com>
    Reviewed-by: Yonghong Zhu <yonghong.zhu@intel.com>

commit 87010d3d02547c81f1add57a4e2ef0483c65fddf
Author: Feng, YunhuaX <yunhuax.feng@intel.com>
Date:   Wed Aug 8 14:56:14 2018 +0800

    BaseTools: remove cmp due to deprecated in python3
    
    remove cmp due to deprecated in python3
    
    Cc: Liming Gao <liming.gao@intel.com>
    Cc: Yonghong Zhu <yonghong.zhu@intel.com>
    Contributed-under: TianoCore Contribution Agreement 1.1
    Signed-off-by: Yunhua Feng <yunhuax.feng@intel.com>
    Reviewed-by: Yonghong Zhu <yonghong.zhu@intel.com>

commit abb8e6e97a72c53b1a5110cfdf2795d63acdadbc
Author: Feng, YunhuaX <yunhuax.feng@intel.com>
Date:   Wed Aug 8 14:55:35 2018 +0800

    BaseTools: Modify class OrderedListDict
    
    class OrderedListDict(OrderedDict, defaultdict) will
    encounter multiple bases have instance lay-out
    conflict error on python3
    
    Cc: Liming Gao <liming.gao@intel.com>
    Cc: Yonghong Zhu <yonghong.zhu@intel.com>
    Contributed-under: TianoCore Contribution Agreement 1.1
    Signed-off-by: Yunhua Feng <yunhuax.feng@intel.com>
    Reviewed-by: Yonghong Zhu <yonghong.zhu@intel.com>

commit c1260801fdfb89c91878984dfbc3c5a125696886
Author: Yonghong Zhu <yonghong.zhu@intel.com>
Date:   Wed Aug 22 15:47:49 2018 +0800

    BaseTools: Update Makefile for ECC tool
    
    V2: Add --target-name to specify the file name to create
    
    Because Ecc.py was renamed to EccMain.py
    
    Cc: Liming Gao <liming.gao@intel.com>
    Contributed-under: TianoCore Contribution Agreement 1.1
    Signed-off-by: Yonghong Zhu <yonghong.zhu@intel.com>
    Reviewed-by: Liming Gao <liming.gao@intel.com>

_______________________________________________
Xen-devel mailing list
Xen-devel@lists.xenproject.org
https://lists.xenproject.org/mailman/listinfo/xen-devel

                 reply	other threads:[~2018-08-24 14:51 UTC|newest]

Thread overview: [no followups] expand[flat|nested]  mbox.gz  Atom feed

Reply instructions:

You may reply publicly to this message via plain-text email
using any one of the following methods:

* Save the following mbox file, import it into your mail client,
  and reply-to-all from there: mbox

  Avoid top-posting and favor interleaved quoting:
  https://en.wikipedia.org/wiki/Posting_style#Interleaved_style

* Reply using the --to, --cc, and --in-reply-to
  switches of git-send-email(1):

  git send-email \
    --in-reply-to=osstest-75113-mainreport@xen.org \
    --to=citrix-osstest@xenproject.org \
    --cc=osstest-admin@xenproject.org \
    --cc=xen-devel@lists.xenproject.org \
    /path/to/YOUR_REPLY

  https://kernel.org/pub/software/scm/git/docs/git-send-email.html

* If your mail client supports setting the In-Reply-To header
  via mailto: links, try the mailto: link
Be sure your reply has a Subject: header at the top and a blank line before the message body.
This is a public inbox, see mirroring instructions
for how to clone and mirror all data and code used for this inbox;
as well as URLs for NNTP newsgroup(s).