xen-devel.lists.xenproject.org archive mirror
 help / color / mirror / Atom feed
From: Platform Team regression test user <citrix-osstest@xenproject.org>
To: xen-devel@lists.xenproject.org, osstest-admin@xenproject.org
Subject: [seabios baseline-only test] 75114: regressions - FAIL
Date: Fri, 24 Aug 2018 17:01:08 +0100	[thread overview]
Message-ID: <osstest-75114-mainreport@xen.org> (raw)

This run is configured for baseline tests only.

flight 75114 seabios real [real]
http://osstest.xensource.com/osstest/logs/75114/

Regressions :-(

Tests which did not succeed and are blocking,
including tests which could not be run:
 test-amd64-i386-xl-qemuu-win10-i386 10 windows-install    fail REGR. vs. 75059
 test-amd64-amd64-xl-qemuu-ws16-amd64 10 windows-install   fail REGR. vs. 75059

Tests which did not succeed, but are not blocking:
 test-amd64-i386-xl-qemuu-win7-amd64 17 guest-stop        fail blocked in 75059
 test-amd64-amd64-xl-qemuu-debianhvm-amd64-xsm 10 debian-hvm-install fail like 75059
 test-amd64-i386-xl-qemuu-debianhvm-amd64-xsm 10 debian-hvm-install fail like 75059
 test-amd64-amd64-qemuu-nested-intel 10 debian-hvm-install      fail like 75059
 test-amd64-amd64-xl-qemuu-win7-amd64 17 guest-stop             fail like 75059
 test-amd64-i386-xl-qemuu-ws16-amd64 10 windows-install         fail never pass
 test-amd64-amd64-libvirt-qemuu-debianhvm-amd64-xsm 11 migrate-support-check fail never pass
 test-amd64-i386-libvirt-qemuu-debianhvm-amd64-xsm 11 migrate-support-check fail never pass
 test-amd64-amd64-qemuu-nested-amd 17 debian-hvm-install/l1/l2  fail never pass
 test-amd64-amd64-xl-qemuu-win10-i386 17 guest-stop             fail never pass

version targeted for testing:
 seabios              7961917493baedb0aafd41d88029ed610d0c433f
baseline version:
 seabios              95f850c2377968ad951121ceaab76d40a9eed593

Last test of basis    75059  2018-08-10 07:53:01 Z   14 days
Testing same since    75114  2018-08-24 06:21:14 Z    0 days    1 attempts

------------------------------------------------------------
People who touched revisions under test:
  Matt DeVillier <matt.devillier@puri.sm>

jobs:
 build-amd64-xsm                                              pass    
 build-i386-xsm                                               pass    
 build-amd64                                                  pass    
 build-i386                                                   pass    
 build-amd64-libvirt                                          pass    
 build-i386-libvirt                                           pass    
 build-amd64-pvops                                            pass    
 build-i386-pvops                                             pass    
 test-amd64-amd64-libvirt-qemuu-debianhvm-amd64-xsm           pass    
 test-amd64-i386-libvirt-qemuu-debianhvm-amd64-xsm            pass    
 test-amd64-amd64-xl-qemuu-debianhvm-amd64-xsm                fail    
 test-amd64-i386-xl-qemuu-debianhvm-amd64-xsm                 fail    
 test-amd64-amd64-qemuu-nested-amd                            fail    
 test-amd64-i386-qemuu-rhel6hvm-amd                           pass    
 test-amd64-amd64-xl-qemuu-debianhvm-amd64                    pass    
 test-amd64-i386-xl-qemuu-debianhvm-amd64                     pass    
 test-amd64-amd64-xl-qemuu-win7-amd64                         fail    
 test-amd64-i386-xl-qemuu-win7-amd64                          fail    
 test-amd64-amd64-xl-qemuu-ws16-amd64                         fail    
 test-amd64-i386-xl-qemuu-ws16-amd64                          fail    
 test-amd64-amd64-xl-qemuu-dmrestrict-amd64-dmrestrict        pass    
 test-amd64-i386-xl-qemuu-dmrestrict-amd64-dmrestrict         pass    
 test-amd64-amd64-xl-qemuu-win10-i386                         fail    
 test-amd64-i386-xl-qemuu-win10-i386                          fail    
 test-amd64-amd64-qemuu-nested-intel                          fail    
 test-amd64-i386-qemuu-rhel6hvm-intel                         pass    
 test-amd64-amd64-xl-qemuu-debianhvm-amd64-shadow             pass    
 test-amd64-i386-xl-qemuu-debianhvm-amd64-shadow              pass    


------------------------------------------------------------
sg-report-flight on osstest.xs.citrite.net
logs: /home/osstest/logs
images: /home/osstest/images

Logs, config files, etc. are available at
    http://osstest.xensource.com/osstest/logs

Test harness code can be found at
    http://xenbits.xensource.com/gitweb?p=osstest.git;a=summary


Push not applicable.

------------------------------------------------------------
commit 7961917493baedb0aafd41d88029ed610d0c433f
Author: Matt DeVillier <matt.devillier@puri.sm>
Date:   Tue Aug 21 10:00:53 2018 -0500

    nvme: fix I/O queue length calculation overflow
    
    Commit cd47172 changed the I/O queue length calculation to use the
    Maximum Queue Entries Supported (MQES) value from the capabilities
    register, plus one, with a maximum value of NVME_PAGE_SIZE.
    
    An unintended effect from this is that due to length being an unsigned
    16-bit int, a MQES value of 0xFFFF yields a length of zero, resulting
    in the queue allocation failing. Fix this by changing length to a u32.
    
    TEST: build/boot on a Purism Librem13v2 with a MyDigitalSSD BPX NVMe
    drive, which reports a MQES of 0xFFFF. Verify NVMe drive present in
    boot menu and OS boots successfully.
    
    Signed-off-by: Matt DeVillier <matt.devillier@puri.sm>

_______________________________________________
Xen-devel mailing list
Xen-devel@lists.xenproject.org
https://lists.xenproject.org/mailman/listinfo/xen-devel

                 reply	other threads:[~2018-08-24 16:01 UTC|newest]

Thread overview: [no followups] expand[flat|nested]  mbox.gz  Atom feed

Reply instructions:

You may reply publicly to this message via plain-text email
using any one of the following methods:

* Save the following mbox file, import it into your mail client,
  and reply-to-all from there: mbox

  Avoid top-posting and favor interleaved quoting:
  https://en.wikipedia.org/wiki/Posting_style#Interleaved_style

* Reply using the --to, --cc, and --in-reply-to
  switches of git-send-email(1):

  git send-email \
    --in-reply-to=osstest-75114-mainreport@xen.org \
    --to=citrix-osstest@xenproject.org \
    --cc=osstest-admin@xenproject.org \
    --cc=xen-devel@lists.xenproject.org \
    /path/to/YOUR_REPLY

  https://kernel.org/pub/software/scm/git/docs/git-send-email.html

* If your mail client supports setting the In-Reply-To header
  via mailto: links, try the mailto: link
Be sure your reply has a Subject: header at the top and a blank line before the message body.
This is a public inbox, see mirroring instructions
for how to clone and mirror all data and code used for this inbox;
as well as URLs for NNTP newsgroup(s).