* [ovmf baseline-only test] 75123: tolerable FAIL
@ 2018-08-26 3:35 Platform Team regression test user
0 siblings, 0 replies; only message in thread
From: Platform Team regression test user @ 2018-08-26 3:35 UTC (permalink / raw)
To: xen-devel, osstest-admin
This run is configured for baseline tests only.
flight 75123 ovmf real [real]
http://osstest.xensource.com/osstest/logs/75123/
Failures :-/ but no regressions.
Tests which did not succeed, but are not blocking:
test-amd64-amd64-xl-qemuu-ovmf-amd64 10 debian-hvm-install fail like 75119
test-amd64-i386-xl-qemuu-ovmf-amd64 10 debian-hvm-install fail like 75119
version targeted for testing:
ovmf 6861765935d5b69803321ba6e43240845c7ab0e5
baseline version:
ovmf 16973234fc60a95daf7be32ee89123914fdab3f0
Last test of basis 75119 2018-08-25 02:25:01 Z 1 days
Testing same since 75123 2018-08-25 19:21:23 Z 0 days 1 attempts
------------------------------------------------------------
People who touched revisions under test:
Haojian Zhuang <haojian.zhuang@linaro.org>
jobs:
build-amd64-xsm pass
build-i386-xsm pass
build-amd64 pass
build-i386 pass
build-amd64-libvirt pass
build-i386-libvirt pass
build-amd64-pvops pass
build-i386-pvops pass
test-amd64-amd64-xl-qemuu-ovmf-amd64 fail
test-amd64-i386-xl-qemuu-ovmf-amd64 fail
------------------------------------------------------------
sg-report-flight on osstest.xs.citrite.net
logs: /home/osstest/logs
images: /home/osstest/images
Logs, config files, etc. are available at
http://osstest.xensource.com/osstest/logs
Test harness code can be found at
http://xenbits.xensource.com/gitweb?p=osstest.git;a=summary
Push not applicable.
------------------------------------------------------------
commit 6861765935d5b69803321ba6e43240845c7ab0e5
Author: Haojian Zhuang <haojian.zhuang@linaro.org>
Date: Thu Aug 23 14:14:33 2018 +0800
EmbeddedPkg/AndroidFastbootApp: only use ENTER or SPACE to exit
Since hotkey 'f' is used to start AndroidFastbootApp. If user
press 'f' key too long, it may be recognized pressing 'f' key
multiple times. Then AndroidFastbootApp exists since it delcares
any key press could make it exit.
So only use ENTER or SPACE key to exit AndroidFastbootApp.
Contributed-under: TianoCore Contribution Agreement 1.1
Signed-off-by: Haojian Zhuang <haojian.zhuang@linaro.org>
Reviewed-by: Ard Biesheuvel <ard.biesheuvel@linaro.org>
_______________________________________________
Xen-devel mailing list
Xen-devel@lists.xenproject.org
https://lists.xenproject.org/mailman/listinfo/xen-devel
^ permalink raw reply [flat|nested] only message in thread
only message in thread, other threads:[~2018-08-26 3:35 UTC | newest]
Thread overview: (only message) (download: mbox.gz follow: Atom feed
-- links below jump to the message on this page --
2018-08-26 3:35 [ovmf baseline-only test] 75123: tolerable FAIL Platform Team regression test user
This is a public inbox, see mirroring instructions
for how to clone and mirror all data and code used for this inbox;
as well as URLs for NNTP newsgroup(s).