From: Platform Team regression test user <citrix-osstest@xenproject.org>
To: xen-devel@lists.xenproject.org, osstest-admin@xenproject.org
Subject: [qemu-mainline baseline-only test] 75128: tolerable FAIL
Date: Mon, 27 Aug 2018 23:38:13 +0100 [thread overview]
Message-ID: <osstest-75128-mainreport@xen.org> (raw)
This run is configured for baseline tests only.
flight 75128 qemu-mainline real [real]
http://osstest.xensource.com/osstest/logs/75128/
Failures :-/ but no regressions.
Tests which did not succeed, but are not blocking:
test-amd64-amd64-i386-pvgrub 19 guest-start/debian.repeat fail blocked in 75116
test-amd64-i386-xl-raw 19 guest-start/debian.repeat fail blocked in 75116
test-amd64-i386-xl-qemuu-debianhvm-amd64-shadow 10 debian-hvm-install fail like 75116
test-amd64-amd64-xl-qemuu-ovmf-amd64 10 debian-hvm-install fail like 75116
test-amd64-i386-xl-qemuu-debianhvm-amd64-xsm 10 debian-hvm-install fail like 75116
test-amd64-amd64-qemuu-nested-intel 10 debian-hvm-install fail like 75116
test-amd64-amd64-xl-qemuu-debianhvm-amd64 10 debian-hvm-install fail like 75116
test-amd64-i386-xl-qemuu-dmrestrict-amd64-dmrestrict 10 debian-hvm-install fail like 75116
test-amd64-amd64-xl-pvshim 12 guest-start fail like 75116
test-amd64-amd64-xl-qemuu-win10-i386 10 windows-install fail like 75116
test-armhf-armhf-libvirt 12 guest-start fail like 75116
test-armhf-armhf-xl-credit2 12 guest-start fail like 75116
test-armhf-armhf-xl 12 guest-start fail like 75116
test-armhf-armhf-xl-rtds 12 guest-start fail like 75116
test-armhf-armhf-xl-midway 12 guest-start fail like 75116
test-amd64-amd64-libvirt-qemuu-debianhvm-amd64-xsm 10 debian-hvm-install fail like 75116
test-armhf-armhf-xl-multivcpu 12 guest-start fail like 75116
test-armhf-armhf-xl-vhd 10 debian-di-install fail like 75116
test-armhf-armhf-libvirt-raw 10 debian-di-install fail like 75116
test-amd64-amd64-xl-qemuu-win7-amd64 17 guest-stop fail like 75116
test-amd64-i386-xl-qemuu-win7-amd64 17 guest-stop fail like 75116
test-amd64-i386-xl-qemuu-win10-i386 17 guest-stop fail like 75116
test-amd64-i386-xl-pvshim 12 guest-start fail never pass
test-amd64-amd64-libvirt 13 migrate-support-check fail never pass
test-amd64-amd64-libvirt-xsm 13 migrate-support-check fail never pass
test-amd64-i386-libvirt-xsm 13 migrate-support-check fail never pass
test-amd64-i386-libvirt 13 migrate-support-check fail never pass
test-amd64-i386-libvirt-qemuu-debianhvm-amd64-xsm 11 migrate-support-check fail never pass
test-amd64-amd64-qemuu-nested-amd 17 debian-hvm-install/l1/l2 fail never pass
test-amd64-amd64-libvirt-vhd 12 migrate-support-check fail never pass
test-amd64-amd64-xl-qemuu-ws16-amd64 17 guest-stop fail never pass
test-amd64-i386-xl-qemuu-ws16-amd64 17 guest-stop fail never pass
version targeted for testing:
qemuu 235c82acca0491465e94be3cae2583b42d37c859
baseline version:
qemuu 13b7b188501d419a7d63c016e00065bcc693b7d4
Last test of basis 75116 2018-08-24 09:51:51 Z 3 days
Testing same since 75128 2018-08-27 05:24:50 Z 0 days 1 attempts
------------------------------------------------------------
People who touched revisions under test:
"Aleksandar Markovic <amarkovic@wavecomp.com>"
Aleksandar Markovic <amarkovic@wavecomp.com>
Aleksandar Rikalo <arikalo@wavecomp.com>
Alex Williamson <alex.williamson@redhat.com>
Andrew Morton <akpm@linux-foundation.org>
Andrew Oates <aoates@google.com>
Aviad Yehezkel <aviadye@mellanox.com>
Bandan Das <bsd@redhat.com>
chaiwen <chaiwen@baidu.com>
Christian Borntraeger <borntraeger@de.ibm.com>
Christian Ehrhardt <christian.ehrhardt@canonical.com>
Corey Minyard <cminyard@mvista.com>
Cornelia Huck <cohuck@redhat.com>
David Gibson <david@gibson.dropbear.id.au>
David Hildenbrand <david@redhat.com>
Dimitrije Nikolic <dnikolic@wavecomp.com>
Dr. David Alan Gilbert <dgilbert@redhat.com>
Eduardo Habkost <ehabkost@redhat.com>
Eduardo Otubo <otubo@redhat.com>
Emilio G. Cota <cota@braap.org>
Fam Zheng <famz@redhat.com>
Gal Shachaf <galsha@mellanox.com>
George Kennedy <george.kennedy@oracle.com>
Gerd Hoffmann <kraxel@redhat.com>
Greg Edwards <gedwards@ddn.com>
Greg Kurz <groug@kaod.org>
Guenter Roeck <linux@roeck-us.net>
Heinrich Schuchardt <xypron.glpk@gmx.de>
James Hogan <james.hogan@mips.com>
Jeff Cody <jcody@redhat.com>
jialina01 <jialina01@baidu.com>
Joe Perches <joe@perches.com>
Juan Quintela <quintela@redhat.com>
Julia Suvorova <jusual@mail.ru>
Laurent Vivier <laurent@vivier.eu>
Li Qiang <liq3ea@gmail.com>
Lidong Chen <jemmy858585@gmail.com>
Lidong Chen <lidongchen@tencent.com>
Linus Torvalds <torvalds@linux-foundation.org>
Marc-André Lureau <marcandre.lureau@redhat.com>
Marc-André Lureau <marcandre.lureau@redhat.com>
Markus Armbruster <armbru@redhat.com>
Matthew Fortune <matthew.fortune@mips.com>
Murilo Opsfelder Araujo <muriloo@linux.ibm.com>
npes87184 <npes87184@gmail.com>
Paolo Bonzini <pbonzini@redhat.com>
Paul Burton <pburton@wavecomp.com>
Peter Maydell <peter.maydell@linaro.org>
Prasad Singamsetty <prasad.singamsetty@oracle.com>
Richard Henderson <richard.henderson@linaro.org>
ryang <decatf@gmail.com>
Sebastian Bauer <mail@sebastianbauer.info>
Stefan Markovic <smarkovic@wavecomp.com>
Thomas Huth <thuth@redhat.com>
Xiao Guangrong <xiaoguangrong@tencent.com>
Yongbok Kim <yongbok.kim@mips.com>
jobs:
build-amd64-xsm pass
build-i386-xsm pass
build-amd64 pass
build-armhf pass
build-i386 pass
build-amd64-libvirt pass
build-armhf-libvirt pass
build-i386-libvirt pass
build-amd64-pvops pass
build-armhf-pvops pass
build-i386-pvops pass
test-amd64-amd64-xl pass
test-armhf-armhf-xl fail
test-amd64-i386-xl pass
test-amd64-amd64-libvirt-qemuu-debianhvm-amd64-xsm fail
test-amd64-i386-libvirt-qemuu-debianhvm-amd64-xsm pass
test-amd64-amd64-xl-qemuu-debianhvm-amd64-xsm pass
test-amd64-i386-xl-qemuu-debianhvm-amd64-xsm fail
test-amd64-amd64-libvirt-xsm pass
test-amd64-i386-libvirt-xsm pass
test-amd64-amd64-xl-xsm pass
test-amd64-i386-xl-xsm pass
test-amd64-amd64-qemuu-nested-amd fail
test-amd64-amd64-xl-pvhv2-amd pass
test-amd64-i386-qemuu-rhel6hvm-amd pass
test-amd64-amd64-xl-qemuu-debianhvm-amd64 fail
test-amd64-i386-xl-qemuu-debianhvm-amd64 pass
test-amd64-i386-freebsd10-amd64 pass
test-amd64-amd64-xl-qemuu-ovmf-amd64 fail
test-amd64-i386-xl-qemuu-ovmf-amd64 pass
test-amd64-amd64-xl-qemuu-win7-amd64 fail
test-amd64-i386-xl-qemuu-win7-amd64 fail
test-amd64-amd64-xl-qemuu-ws16-amd64 fail
test-amd64-i386-xl-qemuu-ws16-amd64 fail
test-amd64-amd64-xl-credit2 pass
test-armhf-armhf-xl-credit2 fail
test-amd64-amd64-xl-qemuu-dmrestrict-amd64-dmrestrict pass
test-amd64-i386-xl-qemuu-dmrestrict-amd64-dmrestrict fail
test-amd64-i386-freebsd10-i386 pass
test-amd64-amd64-xl-qemuu-win10-i386 fail
test-amd64-i386-xl-qemuu-win10-i386 fail
test-amd64-amd64-qemuu-nested-intel fail
test-amd64-amd64-xl-pvhv2-intel pass
test-amd64-i386-qemuu-rhel6hvm-intel pass
test-amd64-amd64-libvirt pass
test-armhf-armhf-libvirt fail
test-amd64-i386-libvirt pass
test-armhf-armhf-xl-midway fail
test-amd64-amd64-xl-multivcpu pass
test-armhf-armhf-xl-multivcpu fail
test-amd64-amd64-pair pass
test-amd64-i386-pair pass
test-amd64-amd64-libvirt-pair pass
test-amd64-i386-libvirt-pair pass
test-amd64-amd64-amd64-pvgrub pass
test-amd64-amd64-i386-pvgrub fail
test-amd64-amd64-xl-pvshim fail
test-amd64-i386-xl-pvshim fail
test-amd64-amd64-pygrub pass
test-amd64-amd64-xl-qcow2 pass
test-armhf-armhf-libvirt-raw fail
test-amd64-i386-xl-raw fail
test-amd64-amd64-xl-rtds pass
test-armhf-armhf-xl-rtds fail
test-amd64-amd64-xl-qemuu-debianhvm-amd64-shadow pass
test-amd64-i386-xl-qemuu-debianhvm-amd64-shadow fail
test-amd64-amd64-xl-shadow pass
test-amd64-i386-xl-shadow pass
test-amd64-amd64-libvirt-vhd pass
test-armhf-armhf-xl-vhd fail
------------------------------------------------------------
sg-report-flight on osstest.xs.citrite.net
logs: /home/osstest/logs
images: /home/osstest/images
Logs, config files, etc. are available at
http://osstest.xensource.com/osstest/logs
Test harness code can be found at
http://xenbits.xensource.com/gitweb?p=osstest.git;a=summary
Push not applicable.
(No revision log; it would be 5471 lines long.)
_______________________________________________
Xen-devel mailing list
Xen-devel@lists.xenproject.org
https://lists.xenproject.org/mailman/listinfo/xen-devel
reply other threads:[~2018-08-27 22:38 UTC|newest]
Thread overview: [no followups] expand[flat|nested] mbox.gz Atom feed
Reply instructions:
You may reply publicly to this message via plain-text email
using any one of the following methods:
* Save the following mbox file, import it into your mail client,
and reply-to-all from there: mbox
Avoid top-posting and favor interleaved quoting:
https://en.wikipedia.org/wiki/Posting_style#Interleaved_style
* Reply using the --to, --cc, and --in-reply-to
switches of git-send-email(1):
git send-email \
--in-reply-to=osstest-75128-mainreport@xen.org \
--to=citrix-osstest@xenproject.org \
--cc=osstest-admin@xenproject.org \
--cc=xen-devel@lists.xenproject.org \
/path/to/YOUR_REPLY
https://kernel.org/pub/software/scm/git/docs/git-send-email.html
* If your mail client supports setting the In-Reply-To header
via mailto: links, try the mailto: link
Be sure your reply has a Subject: header at the top and a blank line
before the message body.
This is a public inbox, see mirroring instructions
for how to clone and mirror all data and code used for this inbox;
as well as URLs for NNTP newsgroup(s).