* [ovmf baseline-only test] 75136: tolerable FAIL
@ 2018-08-29 15:21 Platform Team regression test user
0 siblings, 0 replies; only message in thread
From: Platform Team regression test user @ 2018-08-29 15:21 UTC (permalink / raw)
To: xen-devel, osstest-admin
This run is configured for baseline tests only.
flight 75136 ovmf real [real]
http://osstest.xensource.com/osstest/logs/75136/
Failures :-/ but no regressions.
Tests which did not succeed, but are not blocking:
test-amd64-amd64-xl-qemuu-ovmf-amd64 10 debian-hvm-install fail like 75132
test-amd64-i386-xl-qemuu-ovmf-amd64 10 debian-hvm-install fail like 75132
version targeted for testing:
ovmf f965b772fcc4bdc5f207998126d93d80c085d5f5
baseline version:
ovmf 033949a810cd9cb4a604cf09af503459ea1d66dc
Last test of basis 75132 2018-08-27 23:55:19 Z 1 days
Testing same since 75136 2018-08-28 17:21:28 Z 0 days 1 attempts
------------------------------------------------------------
People who touched revisions under test:
Eric Dong <eric.dong@intel.com>
Star Zeng <star.zeng@intel.com>
jobs:
build-amd64-xsm pass
build-i386-xsm pass
build-amd64 pass
build-i386 pass
build-amd64-libvirt pass
build-i386-libvirt pass
build-amd64-pvops pass
build-i386-pvops pass
test-amd64-amd64-xl-qemuu-ovmf-amd64 fail
test-amd64-i386-xl-qemuu-ovmf-amd64 fail
------------------------------------------------------------
sg-report-flight on osstest.xs.citrite.net
logs: /home/osstest/logs
images: /home/osstest/images
Logs, config files, etc. are available at
http://osstest.xensource.com/osstest/logs
Test harness code can be found at
http://xenbits.xensource.com/gitweb?p=osstest.git;a=summary
Push not applicable.
------------------------------------------------------------
commit f965b772fcc4bdc5f207998126d93d80c085d5f5
Author: Eric Dong <eric.dong@intel.com>
Date: Tue Aug 21 14:44:41 2018 +0800
MdeModulePkg/PiSmmCore: Check valid memory range.
Call BS.AllocatePages in DXE driver and call SMM FreePages with the address of the buffer allocated in the DXE driver. SMM FreePages success and add a non-SMRAM range into SMM heap list. This is not an expected behavior. SMM FreePages should return error for this case and not free the pages.
BZ: https://bugzilla.tianocore.org/show_bug.cgi?id=1098
Change-Id: Ie5ffa1ac62c558aa418a8a3d7d0e8158b846e13b
Cc: Star Zeng <star.zeng@intel.com>
Contributed-under: TianoCore Contribution Agreement 1.1
Signed-off-by: Eric Dong <eric.dong@intel.com>
Reviewed-by: Star Zeng <star.zeng@intel.com>
commit 17da1b91089d1da8a0b9fbbb8d29e4586fa13e46
Author: Star Zeng <star.zeng@intel.com>
Date: Fri Jul 13 10:29:24 2018 +0800
MdeModulePkg: Update SMBIOS PCDs to 3.2.0
REF: https://bugzilla.tianocore.org/show_bug.cgi?id=1099
Cc: Liming Gao <liming.gao@intel.com>
Cc: Dandan Bi <dandan.bi@intel.com>
Cc: Michael D Kinney <michael.d.kinney@intel.com>
Contributed-under: TianoCore Contribution Agreement 1.1
Signed-off-by: Star Zeng <star.zeng@intel.com>
Reviewed-by: Dandan Bi <dandan.bi@intel.com>
commit cfcca3c2de361bddeacef57183ab970ab35cc49e
Author: Star Zeng <star.zeng@intel.com>
Date: Fri Jul 13 10:28:34 2018 +0800
MdePkg SmBios.h: Add SMBIOS 3.2.0 definitions
REF: https://bugzilla.tianocore.org/show_bug.cgi?id=1099
Add SMBIOS 3.2.0 definitions according to
www.dmtf.org/sites/default/files/standards/documents/DSP0134_3.2.0.pdf.
Processor Information (Type 4):
- SMBIOSCR00163: add socket LGA2066
- SMBIOSCR00173: add Intel Core i9
- SMBIOSCR00176: add new processor sockets
Port Connector Information (Type 8):
- SMBIOSCR00168: add USB Type-C
System Slots (Type 9):
- SMBIOSCR00164: add "unavailable" to current usage field
- SMBIOSCR00167: add support for PCIe bifurcation
Memory Device (Type 17):
- SMBIOSCR00162: add support for NVDIMMs
- SMBIOSCR00166: extend support for NVDIMMs and add support for logical memory type
- SMBIOSCR00172: rename "Configured Memory Clock Speed" to "Configured Memory Speed"
- SMBIOSCR00174: add new memory technology value (Intel Persistent Memory, 3D XPoint)
IPMI Device Information (Type 38):
- SMBIOSCR00171: add SSIF
Management Controller Host Interface (Type 42)
- SMBIOSCR00175: fix structure data parsing issue
V2: Add missing update to MISC_PORT_TYPE and SMBIOS_TABLE_TYPE9.
Cc: Liming Gao <liming.gao@intel.com>
Cc: Dandan Bi <dandan.bi@intel.com>
Cc: Michael D Kinney <michael.d.kinney@intel.com>
Contributed-under: TianoCore Contribution Agreement 1.1
Signed-off-by: Star Zeng <star.zeng@intel.com>
Reviewed-by: Dandan Bi <dandan.bi@intel.com>
Reviewed-by: Liming Gao <liming.gao@intel.com>
_______________________________________________
Xen-devel mailing list
Xen-devel@lists.xenproject.org
https://lists.xenproject.org/mailman/listinfo/xen-devel
^ permalink raw reply [flat|nested] only message in thread
only message in thread, other threads:[~2018-08-29 15:21 UTC | newest]
Thread overview: (only message) (download: mbox.gz follow: Atom feed
-- links below jump to the message on this page --
2018-08-29 15:21 [ovmf baseline-only test] 75136: tolerable FAIL Platform Team regression test user
This is a public inbox, see mirroring instructions
for how to clone and mirror all data and code used for this inbox;
as well as URLs for NNTP newsgroup(s).