* [ovmf baseline-only test] 75140: tolerable FAIL
@ 2018-08-30 6:47 Platform Team regression test user
0 siblings, 0 replies; only message in thread
From: Platform Team regression test user @ 2018-08-30 6:47 UTC (permalink / raw)
To: xen-devel, osstest-admin
This run is configured for baseline tests only.
flight 75140 ovmf real [real]
http://osstest.xensource.com/osstest/logs/75140/
Failures :-/ but no regressions.
Tests which did not succeed, but are not blocking:
test-amd64-amd64-xl-qemuu-ovmf-amd64 10 debian-hvm-install fail like 75136
test-amd64-i386-xl-qemuu-ovmf-amd64 10 debian-hvm-install fail like 75136
version targeted for testing:
ovmf f25cd80e4d823fa6f7d970d9f0ddb935327446ba
baseline version:
ovmf f965b772fcc4bdc5f207998126d93d80c085d5f5
Last test of basis 75136 2018-08-28 17:21:28 Z 1 days
Testing same since 75140 2018-08-29 15:56:26 Z 0 days 1 attempts
------------------------------------------------------------
People who touched revisions under test:
Yonghong Zhu <yonghong.zhu@intel.com>
Zhiju.Fan <zhijux.fan@intel.com>
zhijufan <zhijux.fan@intel.com>
jobs:
build-amd64-xsm pass
build-i386-xsm pass
build-amd64 pass
build-i386 pass
build-amd64-libvirt pass
build-i386-libvirt pass
build-amd64-pvops pass
build-i386-pvops pass
test-amd64-amd64-xl-qemuu-ovmf-amd64 fail
test-amd64-i386-xl-qemuu-ovmf-amd64 fail
------------------------------------------------------------
sg-report-flight on osstest.xs.citrite.net
logs: /home/osstest/logs
images: /home/osstest/images
Logs, config files, etc. are available at
http://osstest.xensource.com/osstest/logs
Test harness code can be found at
http://xenbits.xensource.com/gitweb?p=osstest.git;a=summary
Push not applicable.
------------------------------------------------------------
commit f25cd80e4d823fa6f7d970d9f0ddb935327446ba
Author: Yonghong Zhu <yonghong.zhu@intel.com>
Date: Wed Aug 22 10:11:23 2018 +0800
BaseTools: Fix one expression bug to support ~ operate
current use (0x41>=~0x0&0x41|0x0) as Pcd value cause build failure
because the ~ is not correctly recognized.
Contributed-under: TianoCore Contribution Agreement 1.1
Signed-off-by: Yonghong Zhu <yonghong.zhu@intel.com>
Reviewed-by: Liming Gao <liming.gao@intel.com>
commit f2cc33d84949b711193aed145254f3b71dbfea57
Author: zhijufan <zhijux.fan@intel.com>
Date: Thu Aug 23 12:40:37 2018 +0800
BaseTools: Add check only VOID* type Pcd need the maxsize info
Add check for the datum type keyword "VOID*", only the VOID* type
Pcd need the additional maxsize info.
Cc: Liming Gao <liming.gao@intel.com>
Cc: Yonghong Zhu <yonghong.zhu@intel.com>
Contributed-under: TianoCore Contribution Agreement 1.1
Signed-off-by: Zhiju.Fan <zhijux.fan@intel.com>
Reviewed-by: Yonghong Zhu <yonghong.zhu@intel.com>
_______________________________________________
Xen-devel mailing list
Xen-devel@lists.xenproject.org
https://lists.xenproject.org/mailman/listinfo/xen-devel
^ permalink raw reply [flat|nested] only message in thread
only message in thread, other threads:[~2018-08-30 6:47 UTC | newest]
Thread overview: (only message) (download: mbox.gz follow: Atom feed
-- links below jump to the message on this page --
2018-08-30 6:47 [ovmf baseline-only test] 75140: tolerable FAIL Platform Team regression test user
This is a public inbox, see mirroring instructions
for how to clone and mirror all data and code used for this inbox;
as well as URLs for NNTP newsgroup(s).