* [ovmf baseline-only test] 75143: tolerable FAIL
@ 2018-08-31 0:18 Platform Team regression test user
0 siblings, 0 replies; only message in thread
From: Platform Team regression test user @ 2018-08-31 0:18 UTC (permalink / raw)
To: xen-devel, osstest-admin
This run is configured for baseline tests only.
flight 75143 ovmf real [real]
http://osstest.xensource.com/osstest/logs/75143/
Failures :-/ but no regressions.
Tests which did not succeed, but are not blocking:
test-amd64-amd64-xl-qemuu-ovmf-amd64 10 debian-hvm-install fail like 75140
test-amd64-i386-xl-qemuu-ovmf-amd64 10 debian-hvm-install fail like 75140
version targeted for testing:
ovmf 0fa0e56ee002cf369f7f4a1076eac52f813e03f0
baseline version:
ovmf f25cd80e4d823fa6f7d970d9f0ddb935327446ba
Last test of basis 75140 2018-08-29 15:56:26 Z 1 days
Testing same since 75143 2018-08-30 07:25:43 Z 0 days 1 attempts
------------------------------------------------------------
People who touched revisions under test:
Carsey, Jaben <jaben.carsey@intel.com>
Jaben Carsey <jaben.carsey@intel.com>
jobs:
build-amd64-xsm pass
build-i386-xsm pass
build-amd64 pass
build-i386 pass
build-amd64-libvirt pass
build-i386-libvirt pass
build-amd64-pvops pass
build-i386-pvops pass
test-amd64-amd64-xl-qemuu-ovmf-amd64 fail
test-amd64-i386-xl-qemuu-ovmf-amd64 fail
------------------------------------------------------------
sg-report-flight on osstest.xs.citrite.net
logs: /home/osstest/logs
images: /home/osstest/images
Logs, config files, etc. are available at
http://osstest.xensource.com/osstest/logs
Test harness code can be found at
http://xenbits.xensource.com/gitweb?p=osstest.git;a=summary
Push not applicable.
------------------------------------------------------------
commit 0fa0e56ee002cf369f7f4a1076eac52f813e03f0
Author: Carsey, Jaben <jaben.carsey@intel.com>
Date: Tue Aug 28 06:08:08 2018 +0800
BaseTools: AutoGen.py remove unused import
AutoGen does not use anything defined in BuildClassObject
Cc: Yonghong Zhu <yonghong.zhu@intel.com>
Cc: Liming Gao <liming.gao@intel.com>
Contributed-under: TianoCore Contribution Agreement 1.1
Signed-off-by: Jaben Carsey <jaben.carsey@intel.com>
Reviewed-by: Yonghong Zhu <yonghong.zhu@intel.com>
_______________________________________________
Xen-devel mailing list
Xen-devel@lists.xenproject.org
https://lists.xenproject.org/mailman/listinfo/xen-devel
^ permalink raw reply [flat|nested] only message in thread
only message in thread, other threads:[~2018-08-31 0:18 UTC | newest]
Thread overview: (only message) (download: mbox.gz follow: Atom feed
-- links below jump to the message on this page --
2018-08-31 0:18 [ovmf baseline-only test] 75143: tolerable FAIL Platform Team regression test user
This is a public inbox, see mirroring instructions
for how to clone and mirror all data and code used for this inbox;
as well as URLs for NNTP newsgroup(s).