xen-devel.lists.xenproject.org archive mirror
 help / color / mirror / Atom feed
* [ovmf baseline-only test] 75149: tolerable FAIL
@ 2018-09-01  0:14 Platform Team regression test user
  0 siblings, 0 replies; only message in thread
From: Platform Team regression test user @ 2018-09-01  0:14 UTC (permalink / raw)
  To: xen-devel, osstest-admin

This run is configured for baseline tests only.

flight 75149 ovmf real [real]
http://osstest.xensource.com/osstest/logs/75149/

Failures :-/ but no regressions.

Tests which did not succeed, but are not blocking:
 test-amd64-amd64-xl-qemuu-ovmf-amd64 10 debian-hvm-install     fail like 75145
 test-amd64-i386-xl-qemuu-ovmf-amd64 10 debian-hvm-install      fail like 75145

version targeted for testing:
 ovmf                 a77e5bcac54d2e2437d7deaec9af5362c9220037
baseline version:
 ovmf                 36faa23c46824e3cf9beff8648a56816cbf58f49

Last test of basis    75145  2018-08-31 01:05:37 Z    0 days
Testing same since    75149  2018-08-31 12:57:13 Z    0 days    1 attempts

------------------------------------------------------------
People who touched revisions under test:
  Carsey, Jaben <jaben.carsey@intel.com>
  Jaben Carsey <jaben.carsey@intel.com>
  Zhiju.Fan <zhijux.fan@intel.com>
  zhijufan <zhijux.fan@intel.com>

jobs:
 build-amd64-xsm                                              pass    
 build-i386-xsm                                               pass    
 build-amd64                                                  pass    
 build-i386                                                   pass    
 build-amd64-libvirt                                          pass    
 build-i386-libvirt                                           pass    
 build-amd64-pvops                                            pass    
 build-i386-pvops                                             pass    
 test-amd64-amd64-xl-qemuu-ovmf-amd64                         fail    
 test-amd64-i386-xl-qemuu-ovmf-amd64                          fail    


------------------------------------------------------------
sg-report-flight on osstest.xs.citrite.net
logs: /home/osstest/logs
images: /home/osstest/images

Logs, config files, etc. are available at
    http://osstest.xensource.com/osstest/logs

Test harness code can be found at
    http://xenbits.xensource.com/gitweb?p=osstest.git;a=summary


Push not applicable.

------------------------------------------------------------
commit a77e5bcac54d2e2437d7deaec9af5362c9220037
Author: Carsey, Jaben <jaben.carsey@intel.com>
Date:   Wed Aug 29 06:50:34 2018 +0800

    BaseTools: minimize assignment processing
    
    Reverse the checking and only assign once to each variable.
    
    Cc: Yonghong Zhu <yonghong.zhu@intel.com>
    Cc: Liming Gao <liming.gao@intel.com>
    Contributed-under: TianoCore Contribution Agreement 1.1
    Signed-off-by: Jaben Carsey <jaben.carsey@intel.com>
    Reviewed-by: Yonghong Zhu <yonghong.zhu@intel.com>

commit f5f4667dae711a7e34c75a4cd8f7a683c732a566
Author: Carsey, Jaben <jaben.carsey@intel.com>
Date:   Wed Aug 29 22:42:21 2018 +0800

    BaseTools: Refactor to remove functionally equivalent functions
    
    IsSupportedArch and IsBinaryModule return the same value under the same
    curcimstances.  Remove newer one with fewer callers and send them to the
    other function.
    
    Cc: Yonghong Zhu <yonghong.zhu@intel.com>
    Cc: Liming Gao <liming.gao@intel.com>
    Contributed-under: TianoCore Contribution Agreement 1.1
    Signed-off-by: Jaben Carsey <jaben.carsey@intel.com>
    Reviewed-by: Yonghong Zhu <yonghong.zhu@intel.com>

commit 0fece18d6df83cede91a4c8644c2278e63794a62
Author: zhijufan <zhijux.fan@intel.com>
Date:   Tue Aug 28 10:08:08 2018 +0800

    BaseTools: include variable namespace GUIDs of HII PCDs in Guid.xref
    
    [PcdsDynamicHii]
    gFooTokenSpaceGuid.PcdBar|L"Variable"|gVarNameSpaceGuid|0x0|FALSE|NV,BS
    
    This patch add the variable namespace GUIDs in "Guid.xref" that are
    used with dynamic HII PCDs.
    
    Fixes: https://bugzilla.tianocore.org/show_bug.cgi?id=452
    Cc: Liming Gao <liming.gao@intel.com>
    Cc: Yonghong Zhu <yonghong.zhu@intel.com>
    Contributed-under: TianoCore Contribution Agreement 1.1
    Signed-off-by: Zhiju.Fan <zhijux.fan@intel.com>
    Reviewed-by: Yonghong Zhu <yonghong.zhu@intel.com>

_______________________________________________
Xen-devel mailing list
Xen-devel@lists.xenproject.org
https://lists.xenproject.org/mailman/listinfo/xen-devel

^ permalink raw reply	[flat|nested] only message in thread

only message in thread, other threads:[~2018-09-01  0:14 UTC | newest]

Thread overview: (only message) (download: mbox.gz follow: Atom feed
-- links below jump to the message on this page --
2018-09-01  0:14 [ovmf baseline-only test] 75149: tolerable FAIL Platform Team regression test user

This is a public inbox, see mirroring instructions
for how to clone and mirror all data and code used for this inbox;
as well as URLs for NNTP newsgroup(s).