* [linux-3.18 baseline-only test] 75151: tolerable FAIL
@ 2018-09-01 14:22 Platform Team regression test user
0 siblings, 0 replies; only message in thread
From: Platform Team regression test user @ 2018-09-01 14:22 UTC (permalink / raw)
To: xen-devel, osstest-admin
This run is configured for baseline tests only.
flight 75151 linux-3.18 real [real]
http://osstest.xensource.com/osstest/logs/75151/
Failures :-/ but no regressions.
Tests which did not succeed, but are not blocking:
test-armhf-armhf-libvirt 14 saverestore-support-check fail blocked in 75092
test-armhf-armhf-xl-multivcpu 18 guest-destroy fail blocked in 75092
test-armhf-armhf-libvirt-raw 13 saverestore-support-check fail blocked in 75092
test-amd64-amd64-xl-qemuu-debianhvm-amd64 15 guest-saverestore.2 fail blocked in 75092
test-amd64-i386-xl-raw 11 guest-start fail blocked in 75092
test-amd64-amd64-xl-qemuu-win7-amd64 17 guest-stop fail blocked in 75092
test-amd64-i386-xl-qemuu-win7-amd64 17 guest-stop fail blocked in 75092
test-amd64-amd64-xl-qemut-win7-amd64 17 guest-stop fail blocked in 75092
test-amd64-i386-xl-qemut-win7-amd64 17 guest-stop fail blocked in 75092
test-amd64-amd64-xl-qemuu-win10-i386 10 windows-install fail like 75092
test-amd64-i386-xl-qemuu-debianhvm-amd64-shadow 10 debian-hvm-install fail like 75092
test-amd64-amd64-libvirt-qemuu-debianhvm-amd64-xsm 10 debian-hvm-install fail like 75092
test-amd64-i386-xl-qemut-stubdom-debianhvm-amd64-xsm 10 debian-hvm-install fail like 75092
test-amd64-i386-xl-qemut-debianhvm-amd64 10 debian-hvm-install fail like 75092
test-amd64-amd64-xl-qemuu-debianhvm-amd64-shadow 10 debian-hvm-install fail like 75092
test-amd64-amd64-qemuu-nested-intel 10 debian-hvm-install fail like 75092
test-amd64-amd64-xl-qemut-stubdom-debianhvm-amd64-xsm 10 debian-hvm-install fail like 75092
test-amd64-amd64-xl-pvshim 12 guest-start fail like 75092
test-amd64-i386-freebsd10-amd64 11 guest-start fail like 75092
test-armhf-armhf-xl-vhd 10 debian-di-install fail like 75092
test-amd64-amd64-xl-qemuu-ws16-amd64 10 windows-install fail like 75092
test-amd64-i386-xl-qemuu-dmrestrict-amd64-dmrestrict 10 debian-hvm-install fail never pass
test-amd64-i386-xl-qemuu-win10-i386 10 windows-install fail never pass
test-amd64-i386-libvirt 13 migrate-support-check fail never pass
test-amd64-i386-libvirt-xsm 13 migrate-support-check fail never pass
test-amd64-amd64-xl-qemut-win10-i386 10 windows-install fail never pass
test-amd64-amd64-libvirt-xsm 13 migrate-support-check fail never pass
test-armhf-armhf-xl-multivcpu 13 migrate-support-check fail never pass
test-amd64-amd64-xl-pvhv2-intel 12 guest-start fail never pass
test-armhf-armhf-xl-multivcpu 14 saverestore-support-check fail never pass
test-armhf-armhf-xl-rtds 13 migrate-support-check fail never pass
test-armhf-armhf-xl-credit2 13 migrate-support-check fail never pass
test-armhf-armhf-xl-rtds 14 saverestore-support-check fail never pass
test-armhf-armhf-xl-credit2 14 saverestore-support-check fail never pass
test-armhf-armhf-xl 13 migrate-support-check fail never pass
test-armhf-armhf-xl-midway 13 migrate-support-check fail never pass
test-armhf-armhf-libvirt 13 migrate-support-check fail never pass
test-armhf-armhf-xl-midway 14 saverestore-support-check fail never pass
test-armhf-armhf-xl 14 saverestore-support-check fail never pass
test-amd64-amd64-xl-qemuu-dmrestrict-amd64-dmrestrict 10 debian-hvm-install fail never pass
test-amd64-amd64-xl-pvhv2-amd 12 guest-start fail never pass
test-amd64-amd64-libvirt 13 migrate-support-check fail never pass
test-amd64-i386-xl-pvshim 12 guest-start fail never pass
test-armhf-armhf-libvirt-raw 12 migrate-support-check fail never pass
test-amd64-i386-libvirt-qemuu-debianhvm-amd64-xsm 11 migrate-support-check fail never pass
test-amd64-amd64-libvirt-vhd 12 migrate-support-check fail never pass
test-amd64-amd64-qemuu-nested-amd 17 debian-hvm-install/l1/l2 fail never pass
test-amd64-i386-xl-qemut-win10-i386 17 guest-stop fail never pass
test-amd64-i386-xl-qemuu-ws16-amd64 17 guest-stop fail never pass
test-amd64-i386-xl-qemut-ws16-amd64 17 guest-stop fail never pass
test-amd64-amd64-xl-qemut-ws16-amd64 17 guest-stop fail never pass
version targeted for testing:
linux a5f9be3576c3f9dd871f68eaf482278c0b3a6df2
baseline version:
linux 830f9674e76d08d04585e53fc200ae8af99966e7
Last test of basis 75092 2018-08-19 02:58:26 Z 13 days
Testing same since 75151 2018-08-31 19:57:42 Z 0 days 1 attempts
------------------------------------------------------------
People who touched revisions under test:
Adam Ford <aford173@gmail.com>
Al Viro <viro@zeniv.linux.org.uk>
Alexander Duyck <alexander.h.duyck@intel.com>
Alexey Kodanev <alexey.kodanev@oracle.com>
Amit Pundir <amit.pundir@linaro.org>
Anders Roxell <anders.roxell@linaro.org>
Andrew Bowers <andrewx.bowers@intel.com>
Andrew Morton <akpm@linux-foundation.org>
Andrey Ryabinin <a.ryabinin@samsung.com>
Andy Shevchenko <andy.shevchenko@gmail.com>
Arend van Spriel <arend.vanspriel@broadcom.com>
Ariel Elior <ariel.elior@cavium.com>
Arnaldo Carvalho de Melo <acme@redhat.com>
Bartosz Golaszewski <bgolaszewski@baylibre.com>
BingJing Chang <bingjingc@synology.com>
Bjorn Helgaas <bhelgaas@google.com>
Casey Leedom <leedom@chelsio.com>
Casey Schaufler <casey@schaufler-ca.com>
Catalin Marinas <catalin.marinas@arm.com>
Chen Hu <hu1.chen@intel.com>
Chunfeng Yun <chunfeng.yun@mediatek.com>
Cong Wang <xiyou.wangcong@gmail.com>
Dan Carpenter <dan.carpenter@oracle.com>
Daniel Mack <daniel@zonque.org>
Daniel Rosenberg <drosen@google.com>
David Lechner <david@lechnology.com>
David Rientjes <rientjes@google.com>
David S. Miller <davem@davemloft.net>
Eric Biggers <ebiggers@google.com>
Eric Dumazet <edumazet@google.com>
Erick Reyes <erickreyes@google.com>
Fabio Estevam <fabio.estevam@nxp.com>
Fathi Boudra <fathi.boudra@linaro.org>
Felipe Balbi <felipe.balbi@linux.intel.com>
Florian Westphal <fw@strlen.de>
Ganesh Goudar <ganeshgr@chelsio.com>
Gevorg Sahakyan <sahakyan@synopsys.com>
Govindarajulu Varadarajan <gvaradar@cisco.com>
Greg Kroah-Hartman <gregkh@linuxfoundation.org>
Greg Ungerer <gerg@linux-m68k.org>
Hangbin Liu <liuhangbin@gmail.com>
Heiko Stuebner <heiko@sntech.de>
Herbert Xu <herbert@gondor.apana.org.au>
Ingo Molnar <mingo@kernel.org>
Inki Dae <inki.dae@samsung.com>
James Morris <james.morris@microsoft.com>
Jann Horn <jannh@google.com>
Jay Hsu <shih-chieh.hsu@mediatek.com>
Jeff Kirsher <jeffrey.t.kirsher@intel.com>
Jeff Mahoney <jeffm@suse.com>
Johan Hovold <johan@kernel.org>
John Ogness <john.ogness@linutronix.de>
Juergen Gross <jgross@suse.com>
Kalle Valo <kvalo@codeaurora.org>
Keerthy <j-keerthy@ti.com>
Kees Cook <keescook@chromium.org>
Li RongQing <lirongqing@baidu.com>
Linus Torvalds <torvalds@linux-foundation.org>
Liwei Song <liwei.song@windriver.com>
Lukas Wunner <lukas@wunner.de>
Marcel Holtmann <marcel@holtmann.org>
Marek Szyprowski <m.szyprowski@samsung.com>
Mark Rutland <mark.rutland@arm.com>
Mark Salyzyn <salyzyn@android.com>
Martin KaFai Lau <kafai@fb.com>
Masahiro Yamada <yamada.masahiro@socionext.com>
Masami Hiramatsu <mhiramat@kernel.org>
Mathieu Malaterre <malat@debian.org>
Michael Trimarchi <michael@amarulasolutions.com>
Minas Harutyunyan hminas@synopsys.com>
Oleksij Rempel <o.rempel@pengutronix.de>
Pablo Neira Ayuso <pablo@netfilter.org>
Randy Dunlap <rdunlap@infradead.org>
Ravi Bangoria <ravi.bangoria@linux.ibm.com>
Robert Jarzmik <robert.jarzmik@free.fr>
Russell King <rmk+kernel@armlinux.org.uk>
Sandipan Das <sandipan@linux.ibm.com>
Sasha Levin <alexander.levin@microsoft.com>
Sebastian Andrzej Siewior <bigeasy@linutronix.de>
Sekhar Nori <nsekhar@ti.com>
Shaohua Li <shli@fb.com>
Shawn Guo <shawnguo@kernel.org>
Shuah Khan (Samsung OSG) <shuah@kernel.org>
Siqi Lin <siqilin@google.com>
Stefan Agner <stefan@agner.ch>
Stefan Wahren <stefan.wahren@i2se.com>
Steffen Klassert <steffen.klassert@secunet.com>
Steven Rostedt (VMware) <rostedt@goodmis.org>
Sudarsana Reddy Kalluru <Sudarsana.Kalluru@cavium.com>
Sudip Mukherjee <sudipm.mukherjee@gmail.com>
Suzuki K Poulose <suzuki.poulose@arm.com>
Takashi Iwai <tiwai@suse.de>
Tony Lindgren <tony@atomide.com>
Vinod Koul <vkoul@kernel.org>
Wei Wang <weiwan@google.com>
Willem de Bruijn <willemb@google.com>
William Wu <william.wu@rock-chips.com>
Wolfram Sang <wsa@the-dreams.de>
Yuiko Oshino <yuiko.oshino@microchip.com>
Zhizhou Zhang <zhizhouzhang@asrmicro.com>
jobs:
build-amd64-xsm pass
build-i386-xsm pass
build-amd64 pass
build-armhf pass
build-i386 pass
build-amd64-libvirt pass
build-armhf-libvirt pass
build-i386-libvirt pass
build-amd64-pvops pass
build-armhf-pvops pass
build-i386-pvops pass
build-amd64-rumprun pass
build-i386-rumprun pass
test-amd64-amd64-xl pass
test-armhf-armhf-xl pass
test-amd64-i386-xl pass
test-amd64-amd64-xl-qemut-debianhvm-amd64-xsm pass
test-amd64-i386-xl-qemut-debianhvm-amd64-xsm pass
test-amd64-amd64-libvirt-qemuu-debianhvm-amd64-xsm fail
test-amd64-i386-libvirt-qemuu-debianhvm-amd64-xsm pass
test-amd64-amd64-xl-qemuu-debianhvm-amd64-xsm pass
test-amd64-i386-xl-qemuu-debianhvm-amd64-xsm pass
test-amd64-amd64-xl-qemut-stubdom-debianhvm-amd64-xsm fail
test-amd64-i386-xl-qemut-stubdom-debianhvm-amd64-xsm fail
test-amd64-amd64-libvirt-xsm pass
test-amd64-i386-libvirt-xsm pass
test-amd64-amd64-xl-xsm pass
test-amd64-i386-xl-xsm pass
test-amd64-amd64-qemuu-nested-amd fail
test-amd64-amd64-xl-pvhv2-amd fail
test-amd64-i386-qemut-rhel6hvm-amd pass
test-amd64-i386-qemuu-rhel6hvm-amd pass
test-amd64-amd64-xl-qemut-debianhvm-amd64 pass
test-amd64-i386-xl-qemut-debianhvm-amd64 fail
test-amd64-amd64-xl-qemuu-debianhvm-amd64 fail
test-amd64-i386-xl-qemuu-debianhvm-amd64 pass
test-amd64-i386-freebsd10-amd64 fail
test-amd64-amd64-xl-qemuu-ovmf-amd64 pass
test-amd64-i386-xl-qemuu-ovmf-amd64 pass
test-amd64-amd64-rumprun-amd64 pass
test-amd64-amd64-xl-qemut-win7-amd64 fail
test-amd64-i386-xl-qemut-win7-amd64 fail
test-amd64-amd64-xl-qemuu-win7-amd64 fail
test-amd64-i386-xl-qemuu-win7-amd64 fail
test-amd64-amd64-xl-qemut-ws16-amd64 fail
test-amd64-i386-xl-qemut-ws16-amd64 fail
test-amd64-amd64-xl-qemuu-ws16-amd64 fail
test-amd64-i386-xl-qemuu-ws16-amd64 fail
test-amd64-amd64-xl-credit2 pass
test-armhf-armhf-xl-credit2 pass
test-amd64-amd64-xl-qemuu-dmrestrict-amd64-dmrestrict fail
test-amd64-i386-xl-qemuu-dmrestrict-amd64-dmrestrict fail
test-amd64-amd64-examine pass
test-armhf-armhf-examine pass
test-amd64-i386-examine pass
test-amd64-i386-freebsd10-i386 pass
test-amd64-i386-rumprun-i386 pass
test-amd64-amd64-xl-qemut-win10-i386 fail
test-amd64-i386-xl-qemut-win10-i386 fail
test-amd64-amd64-xl-qemuu-win10-i386 fail
test-amd64-i386-xl-qemuu-win10-i386 fail
test-amd64-amd64-qemuu-nested-intel fail
test-amd64-amd64-xl-pvhv2-intel fail
test-amd64-i386-qemut-rhel6hvm-intel pass
test-amd64-i386-qemuu-rhel6hvm-intel pass
test-amd64-amd64-libvirt pass
test-armhf-armhf-libvirt pass
test-amd64-i386-libvirt pass
test-armhf-armhf-xl-midway pass
test-amd64-amd64-xl-multivcpu pass
test-armhf-armhf-xl-multivcpu fail
test-amd64-amd64-pair pass
test-amd64-i386-pair pass
test-amd64-amd64-libvirt-pair pass
test-amd64-i386-libvirt-pair pass
test-amd64-amd64-amd64-pvgrub pass
test-amd64-amd64-i386-pvgrub pass
test-amd64-amd64-xl-pvshim fail
test-amd64-i386-xl-pvshim fail
test-amd64-amd64-pygrub pass
test-amd64-amd64-xl-qcow2 pass
test-armhf-armhf-libvirt-raw pass
test-amd64-i386-xl-raw fail
test-amd64-amd64-xl-rtds pass
test-armhf-armhf-xl-rtds pass
test-amd64-amd64-xl-qemuu-debianhvm-amd64-shadow fail
test-amd64-i386-xl-qemuu-debianhvm-amd64-shadow fail
test-amd64-amd64-xl-shadow pass
test-amd64-i386-xl-shadow pass
test-amd64-amd64-libvirt-vhd pass
test-armhf-armhf-xl-vhd fail
------------------------------------------------------------
sg-report-flight on osstest.xs.citrite.net
logs: /home/osstest/logs
images: /home/osstest/images
Logs, config files, etc. are available at
http://osstest.xensource.com/osstest/logs
Test harness code can be found at
http://xenbits.xensource.com/gitweb?p=osstest.git;a=summary
Push not applicable.
(No revision log; it would be 2329 lines long.)
_______________________________________________
Xen-devel mailing list
Xen-devel@lists.xenproject.org
https://lists.xenproject.org/mailman/listinfo/xen-devel
^ permalink raw reply [flat|nested] only message in thread
only message in thread, other threads:[~2018-09-01 14:22 UTC | newest]
Thread overview: (only message) (download: mbox.gz follow: Atom feed
-- links below jump to the message on this page --
2018-09-01 14:22 [linux-3.18 baseline-only test] 75151: tolerable FAIL Platform Team regression test user
This is a public inbox, see mirroring instructions
for how to clone and mirror all data and code used for this inbox;
as well as URLs for NNTP newsgroup(s).