xen-devel.lists.xenproject.org archive mirror
 help / color / mirror / Atom feed
* [ovmf baseline-only test] 75158: tolerable FAIL
@ 2018-09-03 20:40 Platform Team regression test user
  0 siblings, 0 replies; only message in thread
From: Platform Team regression test user @ 2018-09-03 20:40 UTC (permalink / raw)
  To: xen-devel, osstest-admin

This run is configured for baseline tests only.

flight 75158 ovmf real [real]
http://osstest.xensource.com/osstest/logs/75158/

Failures :-/ but no regressions.

Tests which did not succeed, but are not blocking:
 test-amd64-amd64-xl-qemuu-ovmf-amd64 10 debian-hvm-install     fail like 75153
 test-amd64-i386-xl-qemuu-ovmf-amd64 10 debian-hvm-install      fail like 75153

version targeted for testing:
 ovmf                 b8bcaafb39e8860a1fb672d75bb6f7bbdceb28bd
baseline version:
 ovmf                 1e57188216b1bf8de3473a0e03e422815f8f53d6

Last test of basis    75153  2018-09-01 03:52:02 Z    2 days
Testing same since    75158  2018-09-03 03:29:06 Z    0 days    1 attempts

------------------------------------------------------------
People who touched revisions under test:
  Fu Siyuan <siyuan.fu@intel.com>

jobs:
 build-amd64-xsm                                              pass    
 build-i386-xsm                                               pass    
 build-amd64                                                  pass    
 build-i386                                                   pass    
 build-amd64-libvirt                                          pass    
 build-i386-libvirt                                           pass    
 build-amd64-pvops                                            pass    
 build-i386-pvops                                             pass    
 test-amd64-amd64-xl-qemuu-ovmf-amd64                         fail    
 test-amd64-i386-xl-qemuu-ovmf-amd64                          fail    


------------------------------------------------------------
sg-report-flight on osstest.xs.citrite.net
logs: /home/osstest/logs
images: /home/osstest/images

Logs, config files, etc. are available at
    http://osstest.xensource.com/osstest/logs

Test harness code can be found at
    http://xenbits.xensource.com/gitweb?p=osstest.git;a=summary


Push not applicable.

------------------------------------------------------------
commit b8bcaafb39e8860a1fb672d75bb6f7bbdceb28bd
Author: Fu Siyuan <siyuan.fu@intel.com>
Date:   Tue Aug 28 09:49:54 2018 +0800

    ShellPkg: Update Ifconfig command to accept 32bit subnet mask.
    
    Contributed-under: TianoCore Contribution Agreement 1.1
    Signed-off-by: Fu Siyuan <siyuan.fu@intel.com>
    Reviewed-by: Ruiyu Ni <ruiyu.ni@intel.com>
    Reviewed-by: Ye Ting <ting.ye@intel.com>
    Reviewed-by: Wu Jiaxin <jiaxin.wu@intel.com>
    Reviewed-by: Jaben Carsey <jaben.carsey@intel.com>

commit 12ae56cf28d6a435f39a7c9c3a97185baf76f005
Author: Fu Siyuan <siyuan.fu@intel.com>
Date:   Tue Aug 28 09:48:32 2018 +0800

    MdeModulePkg/Network: Add 32bit subnet mask support for IP4 PXE boot.
    
    This patch updates IP4 stack to support 32bit subnet mask in PXE boot process.
    When 32bit subnet mask is used, the IP4 driver couldn't use the subnet mask to determine
    whether destination IP address is on-link or not, so it will always try to send all the
    packets to the destination IP address directly first, if failed it will continue
    to try the default gateway.
    
    Contributed-under: TianoCore Contribution Agreement 1.1
    Signed-off-by: Fu Siyuan <siyuan.fu@intel.com>
    Reviewed-by: Ye Ting <ting.ye@intel.com>
    Reviewed-by: Wu Jiaxin <jiaxin.wu@intel.com>

_______________________________________________
Xen-devel mailing list
Xen-devel@lists.xenproject.org
https://lists.xenproject.org/mailman/listinfo/xen-devel

^ permalink raw reply	[flat|nested] only message in thread

only message in thread, other threads:[~2018-09-03 20:40 UTC | newest]

Thread overview: (only message) (download: mbox.gz follow: Atom feed
-- links below jump to the message on this page --
2018-09-03 20:40 [ovmf baseline-only test] 75158: tolerable FAIL Platform Team regression test user

This is a public inbox, see mirroring instructions
for how to clone and mirror all data and code used for this inbox;
as well as URLs for NNTP newsgroup(s).