xen-devel.lists.xenproject.org archive mirror
 help / color / mirror / Atom feed
From: xen.org <ian.jackson@eu.citrix.com>
To: xen-devel@lists.xensource.com
Cc: ian.jackson@eu.citrix.com
Subject: [xen-4.0-testing test] 7519: tolerable FAIL - PUSHED
Date: Sat, 4 Jun 2011 01:21:32 +0100	[thread overview]
Message-ID: <osstest-7519-mainreport@xen.org> (raw)

flight 7519 xen-4.0-testing real [real]
http://www.chiark.greenend.org.uk/~xensrcts/logs/7519/

Failures :-/ but no regressions.

Tests which are failing intermittently (not blocking):
 build-amd64-pvops             4 kernel-build                 fail pass in 7512
 build-amd64                   4 xen-build            fail in 7512 pass in 7519
 build-i386-pvops              4 kernel-build         fail in 7512 pass in 7519
 build-amd64-oldkern           4 xen-build            fail in 7512 pass in 7519

Tests which did not succeed, but are not blocking,
including regressions (tests previously passed) regarded as allowable:
 test-amd64-amd64-xl           1 xen-build-check(1)           blocked  n/a
 test-i386-xcpkern-i386-pv    18 leak-check/check           fail REGR. vs. 7493
 test-i386-i386-xl            15 guest-stop                   fail   never pass
 test-amd64-i386-xl-multivcpu 15 guest-stop                   fail   never pass
 test-amd64-xcpkern-i386-xl   15 guest-stop                   fail   never pass
 test-amd64-i386-xl           15 guest-stop                   fail   never pass
 test-amd64-amd64-pv           1 xen-build-check(1)           blocked  n/a
 test-amd64-amd64-pair         1 xen-build-check(1)           blocked  n/a
 test-amd64-i386-xl-credit2    5 xen-boot                   fail REGR. vs. 7493
 test-amd64-i386-rhel6hvm-intel  7 redhat-install               fail never pass
 test-amd64-i386-rhel6hvm-amd  7 redhat-install               fail   never pass
 test-amd64-xcpkern-i386-rhel6hvm-amd  7 redhat-install         fail never pass
 test-amd64-i386-win-vcpus1   16 leak-check/check             fail   never pass
 test-amd64-i386-win          16 leak-check/check             fail   never pass
 test-amd64-amd64-win          1 xen-build-check(1)           blocked  n/a
 test-i386-xcpkern-i386-win   16 leak-check/check             fail   never pass
 test-i386-i386-win           16 leak-check/check             fail   never pass
 test-amd64-xcpkern-i386-xl-credit2 15 guest-stop               fail never pass
 test-amd64-xcpkern-i386-xl-multivcpu 15 guest-stop             fail never pass
 test-amd64-xcpkern-i386-win  16 leak-check/check             fail   never pass
 test-amd64-xcpkern-i386-rhel6hvm-intel  7 redhat-install       fail never pass
 test-i386-xcpkern-i386-xl    15 guest-stop                   fail   never pass
 test-i386-i386-xl-win         7 windows-install              fail   never pass
 test-amd64-i386-xl-win-vcpus1  7 windows-install              fail  never pass
 test-amd64-xcpkern-i386-xl-win  7 windows-install              fail never pass
 test-amd64-amd64-xl-win       1 xen-build-check(1)           blocked  n/a
 test-amd64-xcpkern-i386-pv    1 xen-build-check(1)         blocked in 7512 n/a
 test-i386-i386-xl             1 xen-build-check(1)         blocked in 7512 n/a
 test-amd64-i386-xl-multivcpu  1 xen-build-check(1)         blocked in 7512 n/a
 test-amd64-i386-pv            1 xen-build-check(1)         blocked in 7512 n/a
 test-amd64-xcpkern-i386-xl    1 xen-build-check(1)         blocked in 7512 n/a
 test-amd64-i386-xl            1 xen-build-check(1)         blocked in 7512 n/a
 test-i386-i386-pv             1 xen-build-check(1)         blocked in 7512 n/a
 test-amd64-i386-pair          1 xen-build-check(1)         blocked in 7512 n/a
 test-i386-i386-pair           1 xen-build-check(1)         blocked in 7512 n/a
 test-amd64-xcpkern-i386-pair  1 xen-build-check(1)         blocked in 7512 n/a
 test-amd64-i386-xl-credit2    1 xen-build-check(1)         blocked in 7512 n/a
 test-amd64-i386-rhel6hvm-intel  1 xen-build-check(1)       blocked in 7512 n/a
 test-amd64-i386-rhel6hvm-amd  1 xen-build-check(1)         blocked in 7512 n/a
 test-amd64-xcpkern-i386-rhel6hvm-amd  1 xen-build-check(1) blocked in 7512 n/a
 test-amd64-i386-win-vcpus1    1 xen-build-check(1)         blocked in 7512 n/a
 test-amd64-i386-win           1 xen-build-check(1)         blocked in 7512 n/a
 test-i386-i386-win            1 xen-build-check(1)         blocked in 7512 n/a
 test-amd64-xcpkern-i386-xl-credit2  1 xen-build-check(1)   blocked in 7512 n/a
 test-amd64-xcpkern-i386-xl-multivcpu  1 xen-build-check(1) blocked in 7512 n/a
 test-amd64-xcpkern-i386-win   1 xen-build-check(1)         blocked in 7512 n/a
 test-amd64-xcpkern-i386-rhel6hvm-intel 1 xen-build-check(1) blocked in 7512 n/a
 test-i386-i386-xl-win         1 xen-build-check(1)         blocked in 7512 n/a
 test-amd64-i386-xl-win-vcpus1  1 xen-build-check(1)        blocked in 7512 n/a
 test-amd64-xcpkern-i386-xl-win  1 xen-build-check(1)       blocked in 7512 n/a

version targeted for testing:
 xen                  3c66ddd8fd51
baseline version:
 xen                  01842fdf5d51

------------------------------------------------------------
People who touched revisions under test:
  Keir Fraser <keir@xen.org>
  Xin Li <xin.li@intel.com>
------------------------------------------------------------

jobs:
 build-i386-xcpkern                                           pass    
 build-amd64                                                  pass    
 build-i386                                                   pass    
 build-amd64-oldkern                                          pass    
 build-i386-oldkern                                           pass    
 build-amd64-pvops                                            fail    
 build-i386-pvops                                             pass    
 test-amd64-amd64-xl                                          blocked 
 test-amd64-i386-xl                                           fail    
 test-i386-i386-xl                                            fail    
 test-amd64-xcpkern-i386-xl                                   fail    
 test-i386-xcpkern-i386-xl                                    fail    
 test-amd64-i386-rhel6hvm-amd                                 fail    
 test-amd64-xcpkern-i386-rhel6hvm-amd                         fail    
 test-amd64-i386-xl-credit2                                   fail    
 test-amd64-xcpkern-i386-xl-credit2                           fail    
 test-amd64-i386-rhel6hvm-intel                               fail    
 test-amd64-xcpkern-i386-rhel6hvm-intel                       fail    
 test-amd64-i386-xl-multivcpu                                 fail    
 test-amd64-xcpkern-i386-xl-multivcpu                         fail    
 test-amd64-amd64-pair                                        blocked 
 test-amd64-i386-pair                                         pass    
 test-i386-i386-pair                                          pass    
 test-amd64-xcpkern-i386-pair                                 pass    
 test-i386-xcpkern-i386-pair                                  pass    
 test-amd64-amd64-pv                                          blocked 
 test-amd64-i386-pv                                           pass    
 test-i386-i386-pv                                            pass    
 test-amd64-xcpkern-i386-pv                                   pass    
 test-i386-xcpkern-i386-pv                                    fail    
 test-amd64-i386-win-vcpus1                                   fail    
 test-amd64-i386-xl-win-vcpus1                                fail    
 test-amd64-amd64-win                                         blocked 
 test-amd64-i386-win                                          fail    
 test-i386-i386-win                                           fail    
 test-amd64-xcpkern-i386-win                                  fail    
 test-i386-xcpkern-i386-win                                   fail    
 test-amd64-amd64-xl-win                                      blocked 
 test-i386-i386-xl-win                                        fail    
 test-amd64-xcpkern-i386-xl-win                               fail    


------------------------------------------------------------
sg-report-flight on woking.cam.xci-test.com
logs: /home/xc_osstest/logs
images: /home/xc_osstest/images

Logs, config files, etc. are available at
    http://www.chiark.greenend.org.uk/~xensrcts/logs

Test harness code can be found at
    http://xenbits.xensource.com/gitweb?p=osstest.git;a=summary


Pushing revision :

+ branch=xen-4.0-testing
+ revision=3c66ddd8fd51
+ . cri-lock-repos
++ . cri-common
+++ umask 002
+++ getconfig Repos
+++ perl -e '
                use Osstest;
                readconfigonly();
                print $c{Repos} or die $!;
        '
++ repos=/export/home/osstest/repos
++ repos_lock=/export/home/osstest/repos/lock
++ '[' x '!=' x/export/home/osstest/repos/lock ']'
++ OSSTEST_REPOS_LOCK_LOCKED=/export/home/osstest/repos/lock
++ exec with-lock-ex -w /export/home/osstest/repos/lock ./ap-push xen-4.0-testing 3c66ddd8fd51
+ branch=xen-4.0-testing
+ revision=3c66ddd8fd51
+ . cri-lock-repos
++ . cri-common
+++ umask 002
+++ getconfig Repos
+++ perl -e '
                use Osstest;
                readconfigonly();
                print $c{Repos} or die $!;
        '
++ repos=/export/home/osstest/repos
++ repos_lock=/export/home/osstest/repos/lock
++ '[' x/export/home/osstest/repos/lock '!=' x/export/home/osstest/repos/lock ']'
+ : xen@xenbits.xensource.com
+ : xen@xenbits.xensource.com:git/linux-pvops
+ : master
+ : tested/2.6.39.x
+ case "$branch" in
+ cd /export/home/osstest/repos/xen-4.0-testing.hg
+ hg push -r 3c66ddd8fd51 ssh://xen@xenbits.xensource.com/HG/xen-4.0-testing.hg
pushing to ssh://xen@xenbits.xensource.com/HG/xen-4.0-testing.hg
searching for changes
remote: adding changesets
remote: adding manifests
remote: adding file changes
remote: added 4 changesets with 6 changes to 6 files

                 reply	other threads:[~2011-06-04  0:21 UTC|newest]

Thread overview: [no followups] expand[flat|nested]  mbox.gz  Atom feed

Reply instructions:

You may reply publicly to this message via plain-text email
using any one of the following methods:

* Save the following mbox file, import it into your mail client,
  and reply-to-all from there: mbox

  Avoid top-posting and favor interleaved quoting:
  https://en.wikipedia.org/wiki/Posting_style#Interleaved_style

* Reply using the --to, --cc, and --in-reply-to
  switches of git-send-email(1):

  git send-email \
    --in-reply-to=osstest-7519-mainreport@xen.org \
    --to=ian.jackson@eu.citrix.com \
    --cc=xen-devel@lists.xensource.com \
    /path/to/YOUR_REPLY

  https://kernel.org/pub/software/scm/git/docs/git-send-email.html

* If your mail client supports setting the In-Reply-To header
  via mailto: links, try the mailto: link
Be sure your reply has a Subject: header at the top and a blank line before the message body.
This is a public inbox, see mirroring instructions
for how to clone and mirror all data and code used for this inbox;
as well as URLs for NNTP newsgroup(s).