* [seabios baseline-only test] 75254: trouble: blocked/broken
@ 2018-09-20 11:59 Platform Team regression test user
0 siblings, 0 replies; only message in thread
From: Platform Team regression test user @ 2018-09-20 11:59 UTC (permalink / raw)
To: xen-devel, osstest-admin
This run is configured for baseline tests only.
flight 75254 seabios real [real]
http://osstest.xensource.com/osstest/logs/75254/
Failures and problems with tests :-(
Tests which did not succeed and are blocking,
including tests which could not be run:
build-amd64-xsm <job status> broken
build-amd64-pvops <job status> broken
build-amd64 <job status> broken
build-i386-pvops <job status> broken
build-i386 <job status> broken
build-i386-xsm <job status> broken
Tests which did not succeed, but are not blocking:
test-amd64-amd64-xl-qemuu-debianhvm-amd64 1 build-check(1) blocked n/a
test-amd64-amd64-qemuu-nested-intel 1 build-check(1) blocked n/a
test-amd64-i386-libvirt-qemuu-debianhvm-amd64-xsm 1 build-check(1) blocked n/a
build-amd64-libvirt 1 build-check(1) blocked n/a
test-amd64-amd64-xl-qemuu-debianhvm-amd64-xsm 1 build-check(1) blocked n/a
test-amd64-i386-qemuu-rhel6hvm-amd 1 build-check(1) blocked n/a
test-amd64-i386-xl-qemuu-debianhvm-amd64-xsm 1 build-check(1) blocked n/a
test-amd64-i386-xl-qemuu-debianhvm-amd64-shadow 1 build-check(1) blocked n/a
test-amd64-amd64-xl-qemuu-ws16-amd64 1 build-check(1) blocked n/a
test-amd64-i386-xl-qemuu-win10-i386 1 build-check(1) blocked n/a
test-amd64-i386-qemuu-rhel6hvm-intel 1 build-check(1) blocked n/a
test-amd64-i386-xl-qemuu-win7-amd64 1 build-check(1) blocked n/a
test-amd64-amd64-xl-qemuu-dmrestrict-amd64-dmrestrict 1 build-check(1) blocked n/a
test-amd64-amd64-xl-qemuu-debianhvm-amd64-shadow 1 build-check(1) blocked n/a
test-amd64-amd64-libvirt-qemuu-debianhvm-amd64-xsm 1 build-check(1) blocked n/a
test-amd64-amd64-qemuu-nested-amd 1 build-check(1) blocked n/a
test-amd64-amd64-xl-qemuu-win7-amd64 1 build-check(1) blocked n/a
test-amd64-amd64-xl-qemuu-win10-i386 1 build-check(1) blocked n/a
test-amd64-i386-xl-qemuu-ws16-amd64 1 build-check(1) blocked n/a
test-amd64-i386-xl-qemuu-dmrestrict-amd64-dmrestrict 1 build-check(1) blocked n/a
test-amd64-i386-xl-qemuu-debianhvm-amd64 1 build-check(1) blocked n/a
build-i386-libvirt 1 build-check(1) blocked n/a
build-i386 4 host-install(4) broken baseline untested
build-amd64 4 host-install(4) broken baseline untested
build-i386-pvops 4 host-install(4) broken baseline untested
build-amd64-pvops 4 host-install(4) broken baseline untested
build-amd64-xsm 4 host-install(4) broken baseline untested
build-i386-xsm 4 host-install(4) broken baseline untested
version targeted for testing:
seabios bf8e4f902c3608f9e76bba3710812e51560a2ccc
baseline version:
seabios bcd82420a32d1fe597a88e601959e9d5fe4c70df
Last test of basis 75214 2018-09-13 12:49:43 Z 6 days
Testing same since 75254 2018-09-20 03:49:48 Z 0 days 1 attempts
------------------------------------------------------------
People who touched revisions under test:
Matt DeVillier <matt.devillier@puri.sm>
jobs:
build-amd64-xsm broken
build-i386-xsm broken
build-amd64 broken
build-i386 broken
build-amd64-libvirt blocked
build-i386-libvirt blocked
build-amd64-pvops broken
build-i386-pvops broken
test-amd64-amd64-libvirt-qemuu-debianhvm-amd64-xsm blocked
test-amd64-i386-libvirt-qemuu-debianhvm-amd64-xsm blocked
test-amd64-amd64-xl-qemuu-debianhvm-amd64-xsm blocked
test-amd64-i386-xl-qemuu-debianhvm-amd64-xsm blocked
test-amd64-amd64-qemuu-nested-amd blocked
test-amd64-i386-qemuu-rhel6hvm-amd blocked
test-amd64-amd64-xl-qemuu-debianhvm-amd64 blocked
test-amd64-i386-xl-qemuu-debianhvm-amd64 blocked
test-amd64-amd64-xl-qemuu-win7-amd64 blocked
test-amd64-i386-xl-qemuu-win7-amd64 blocked
test-amd64-amd64-xl-qemuu-ws16-amd64 blocked
test-amd64-i386-xl-qemuu-ws16-amd64 blocked
test-amd64-amd64-xl-qemuu-dmrestrict-amd64-dmrestrict blocked
test-amd64-i386-xl-qemuu-dmrestrict-amd64-dmrestrict blocked
test-amd64-amd64-xl-qemuu-win10-i386 blocked
test-amd64-i386-xl-qemuu-win10-i386 blocked
test-amd64-amd64-qemuu-nested-intel blocked
test-amd64-i386-qemuu-rhel6hvm-intel blocked
test-amd64-amd64-xl-qemuu-debianhvm-amd64-shadow blocked
test-amd64-i386-xl-qemuu-debianhvm-amd64-shadow blocked
------------------------------------------------------------
sg-report-flight on osstest.xs.citrite.net
logs: /home/osstest/logs
images: /home/osstest/images
Logs, config files, etc. are available at
http://osstest.xensource.com/osstest/logs
Test harness code can be found at
http://xenbits.xensource.com/gitweb?p=osstest.git;a=summary
broken-job build-amd64-xsm broken
broken-job build-amd64-pvops broken
broken-job build-amd64 broken
broken-job build-i386-pvops broken
broken-job build-i386 broken
broken-job build-i386-xsm broken
broken-step build-i386 host-install(4)
broken-step build-amd64 host-install(4)
broken-step build-i386-pvops host-install(4)
broken-step build-amd64-pvops host-install(4)
broken-step build-amd64-xsm host-install(4)
broken-step build-i386-xsm host-install(4)
Push not applicable.
------------------------------------------------------------
commit bf8e4f902c3608f9e76bba3710812e51560a2ccc
Author: Matt DeVillier <matt.devillier@puri.sm>
Date: Tue Sep 11 16:54:53 2018 -0500
SeaVGABios/cbvga: Fix bpp for coreboot framebuffer
Commit 4b42cc4 [SeaVGABios/cbvga: Advertise correct pixel format] neglected
to wrap the cbfb mask size components in GET_FARVAR(), which resulted in a
bogus value for bpp, breaking output on most/all devices. Fix this by
adding GET_FARVAR() as appropriate.
Additionally, some newer ChromeOS devices still fail even with this fix,
so fall back to using the coreboot reported bit depth if the calculated
valid is invalid.
TEST: build/boot a variety of devices (google/[reef,eve], purism/librem_skl)
using coreboot framebuffer init, verify SeaBIOS boot menu prompt visible.
Signed-off-by: Matt DeVillier <matt.devillier@puri.sm>
_______________________________________________
Xen-devel mailing list
Xen-devel@lists.xenproject.org
https://lists.xenproject.org/mailman/listinfo/xen-devel
^ permalink raw reply [flat|nested] only message in thread
only message in thread, other threads:[~2018-09-20 11:59 UTC | newest]
Thread overview: (only message) (download: mbox.gz follow: Atom feed
-- links below jump to the message on this page --
2018-09-20 11:59 [seabios baseline-only test] 75254: trouble: blocked/broken Platform Team regression test user
This is a public inbox, see mirroring instructions
for how to clone and mirror all data and code used for this inbox;
as well as URLs for NNTP newsgroup(s).