From: Platform Team regression test user <citrix-osstest@xenproject.org>
To: xen-devel@lists.xenproject.org, osstest-admin@xenproject.org
Subject: [qemu-mainline baseline-only test] 75554: regressions - trouble: blocked/broken/fail/pass
Date: Thu, 1 Nov 2018 13:07:33 +0000 [thread overview]
Message-ID: <osstest-75554-mainreport@xen.org> (raw)
This run is configured for baseline tests only.
flight 75554 qemu-mainline real [real]
http://osstest.xensource.com/osstest/logs/75554/
Regressions :-(
Tests which did not succeed and are blocking,
including tests which could not be run:
test-amd64-amd64-xl-pvshim <job status> broken
test-amd64-amd64-xl-pvshim 4 host-install(4) broken REGR. vs. 75545
test-amd64-amd64-qemuu-nested-intel 10 debian-hvm-install fail REGR. vs. 75545
Tests which did not succeed, but are not blocking:
test-amd64-amd64-libvirt-vhd 1 build-check(1) blocked n/a
test-amd64-i386-libvirt-qemuu-debianhvm-amd64-xsm 1 build-check(1) blocked n/a
test-armhf-armhf-libvirt 1 build-check(1) blocked n/a
test-amd64-amd64-libvirt-pair 1 build-check(1) blocked n/a
test-amd64-i386-libvirt 1 build-check(1) blocked n/a
test-armhf-armhf-libvirt-raw 1 build-check(1) blocked n/a
test-amd64-i386-libvirt-xsm 1 build-check(1) blocked n/a
test-amd64-amd64-libvirt-xsm 1 build-check(1) blocked n/a
test-amd64-amd64-libvirt 1 build-check(1) blocked n/a
test-amd64-amd64-libvirt-qemuu-debianhvm-amd64-xsm 1 build-check(1) blocked n/a
test-amd64-i386-libvirt-pair 1 build-check(1) blocked n/a
build-i386-libvirt 6 libvirt-build fail blocked in 75545
test-amd64-i386-xl-qemuu-dmrestrict-amd64-dmrestrict 10 debian-hvm-install fail blocked in 75545
test-amd64-i386-xl-qemuu-debianhvm-amd64-shadow 10 debian-hvm-install fail blocked in 75545
test-armhf-armhf-xl-rtds 12 guest-start fail blocked in 75545
test-armhf-armhf-xl-multivcpu 12 guest-start fail blocked in 75545
test-armhf-armhf-xl 12 guest-start fail blocked in 75545
test-armhf-armhf-xl-midway 12 guest-start fail blocked in 75545
test-armhf-armhf-xl-credit2 12 guest-start fail blocked in 75545
test-amd64-i386-xl-qemuu-win7-amd64 17 guest-stop fail blocked in 75545
test-armhf-armhf-xl-vhd 10 debian-di-install fail blocked in 75545
test-amd64-i386-xl-raw 10 debian-di-install fail blocked in 75545
test-amd64-i386-xl-qemuu-win10-i386 17 guest-stop fail blocked in 75545
build-amd64-libvirt 6 libvirt-build fail like 75545
build-armhf-libvirt 6 libvirt-build fail like 75545
test-amd64-i386-xl-qemuu-debianhvm-amd64-xsm 10 debian-hvm-install fail like 75545
test-amd64-amd64-xl-qemuu-ovmf-amd64 10 debian-hvm-install fail like 75545
test-amd64-amd64-xl-qemuu-debianhvm-amd64 10 debian-hvm-install fail like 75545
test-amd64-amd64-xl-qemuu-win10-i386 10 windows-install fail like 75545
test-amd64-amd64-xl-pvhv2-intel 12 guest-start fail like 75545
test-amd64-amd64-xl-qemuu-ws16-amd64 10 windows-install fail like 75545
test-amd64-amd64-xl-qemuu-win7-amd64 17 guest-stop fail like 75545
test-amd64-i386-xl-pvshim 12 guest-start fail never pass
test-amd64-amd64-qemuu-nested-amd 17 debian-hvm-install/l1/l2 fail never pass
test-amd64-i386-xl-qemuu-ws16-amd64 17 guest-stop fail never pass
version targeted for testing:
qemuu 62b658db1df7c6fa574caae038144f24bf6ca495
baseline version:
qemuu 285278ca785f5fa9a570927e1c0958a2ca2b2150
Last test of basis 75545 2018-10-30 08:57:55 Z 2 days
Testing same since 75554 2018-11-01 01:22:07 Z 0 days 1 attempts
------------------------------------------------------------
People who touched revisions under test:
Gerd Hoffmann <kraxel@redhat.com>
Kees Cook <keescook@chromium.org>
Li Qiang <liq3ea@163.com>
Li Qiang <liq3ea@gmail.com>
Mao Zhongyi <maozhongyi@cmss.chinamobile.com>
Peter Maydell <peter.maydell@linaro.org>
Stefan Hajnoczi <stefanha@redhat.com>
yuchenlin <yuchenlin@synology.com>
jobs:
build-amd64-xsm pass
build-i386-xsm pass
build-amd64 pass
build-armhf pass
build-i386 pass
build-amd64-libvirt fail
build-armhf-libvirt fail
build-i386-libvirt fail
build-amd64-pvops pass
build-armhf-pvops pass
build-i386-pvops pass
test-amd64-amd64-xl pass
test-armhf-armhf-xl fail
test-amd64-i386-xl pass
test-amd64-amd64-libvirt-qemuu-debianhvm-amd64-xsm blocked
test-amd64-i386-libvirt-qemuu-debianhvm-amd64-xsm blocked
test-amd64-amd64-xl-qemuu-debianhvm-amd64-xsm pass
test-amd64-i386-xl-qemuu-debianhvm-amd64-xsm fail
test-amd64-amd64-libvirt-xsm blocked
test-amd64-i386-libvirt-xsm blocked
test-amd64-amd64-xl-xsm pass
test-amd64-i386-xl-xsm pass
test-amd64-amd64-qemuu-nested-amd fail
test-amd64-amd64-xl-pvhv2-amd pass
test-amd64-i386-qemuu-rhel6hvm-amd pass
test-amd64-amd64-xl-qemuu-debianhvm-amd64 fail
test-amd64-i386-xl-qemuu-debianhvm-amd64 pass
test-amd64-i386-freebsd10-amd64 pass
test-amd64-amd64-xl-qemuu-ovmf-amd64 fail
test-amd64-i386-xl-qemuu-ovmf-amd64 pass
test-amd64-amd64-xl-qemuu-win7-amd64 fail
test-amd64-i386-xl-qemuu-win7-amd64 fail
test-amd64-amd64-xl-qemuu-ws16-amd64 fail
test-amd64-i386-xl-qemuu-ws16-amd64 fail
test-amd64-amd64-xl-credit2 pass
test-armhf-armhf-xl-credit2 fail
test-amd64-amd64-xl-qemuu-dmrestrict-amd64-dmrestrict pass
test-amd64-i386-xl-qemuu-dmrestrict-amd64-dmrestrict fail
test-amd64-i386-freebsd10-i386 pass
test-amd64-amd64-xl-qemuu-win10-i386 fail
test-amd64-i386-xl-qemuu-win10-i386 fail
test-amd64-amd64-qemuu-nested-intel fail
test-amd64-amd64-xl-pvhv2-intel fail
test-amd64-i386-qemuu-rhel6hvm-intel pass
test-amd64-amd64-libvirt blocked
test-armhf-armhf-libvirt blocked
test-amd64-i386-libvirt blocked
test-armhf-armhf-xl-midway fail
test-amd64-amd64-xl-multivcpu pass
test-armhf-armhf-xl-multivcpu fail
test-amd64-amd64-pair pass
test-amd64-i386-pair pass
test-amd64-amd64-libvirt-pair blocked
test-amd64-i386-libvirt-pair blocked
test-amd64-amd64-amd64-pvgrub pass
test-amd64-amd64-i386-pvgrub pass
test-amd64-amd64-xl-pvshim broken
test-amd64-i386-xl-pvshim fail
test-amd64-amd64-pygrub pass
test-amd64-amd64-xl-qcow2 pass
test-armhf-armhf-libvirt-raw blocked
test-amd64-i386-xl-raw fail
test-amd64-amd64-xl-rtds pass
test-armhf-armhf-xl-rtds fail
test-amd64-amd64-xl-qemuu-debianhvm-amd64-shadow pass
test-amd64-i386-xl-qemuu-debianhvm-amd64-shadow fail
test-amd64-amd64-xl-shadow pass
test-amd64-i386-xl-shadow pass
test-amd64-amd64-libvirt-vhd blocked
test-armhf-armhf-xl-vhd fail
------------------------------------------------------------
sg-report-flight on osstest.xs.citrite.net
logs: /home/osstest/logs
images: /home/osstest/images
Logs, config files, etc. are available at
http://osstest.xensource.com/osstest/logs
Test harness code can be found at
http://xenbits.xensource.com/gitweb?p=osstest.git;a=summary
broken-job test-amd64-amd64-xl-pvshim broken
broken-step test-amd64-amd64-xl-pvshim host-install(4)
Push not applicable.
------------------------------------------------------------
commit 62b658db1df7c6fa574caae038144f24bf6ca495
Merge: db70691 bd54b11
Author: Peter Maydell <peter.maydell@linaro.org>
Date: Mon Oct 29 17:03:27 2018 +0000
Merge remote-tracking branch 'remotes/stefanha/tags/block-pull-request' into staging
Pull request
No changelog-worthy entries, just small tweaks.
# gpg: Signature made Mon 29 Oct 2018 13:55:54 GMT
# gpg: using RSA key 9CA4ABB381AB73C8
# gpg: Good signature from "Stefan Hajnoczi <stefanha@redhat.com>"
# gpg: aka "Stefan Hajnoczi <stefanha@gmail.com>"
# Primary key fingerprint: 8695 A8BF D3F9 7CDA AC35 775A 9CA4 ABB3 81AB 73C8
* remotes/stefanha/tags/block-pull-request:
nvdimm: Add docs hint for Linux driver name
util: aio-posix: fix a typo
Signed-off-by: Peter Maydell <peter.maydell@linaro.org>
commit db7069133e2aab279efa999b7de3d241bb219acf
Merge: ef3a6af d436d4e
Author: Peter Maydell <peter.maydell@linaro.org>
Date: Mon Oct 29 15:15:14 2018 +0000
Merge remote-tracking branch 'remotes/kraxel/tags/audio-20181029-pull-request' into staging
audio: qom cleanups.
# gpg: Signature made Mon 29 Oct 2018 13:37:09 GMT
# gpg: using RSA key 4CB6D8EED3E87138
# gpg: Good signature from "Gerd Hoffmann (work) <kraxel@redhat.com>"
# gpg: aka "Gerd Hoffmann <gerd@kraxel.org>"
# gpg: aka "Gerd Hoffmann (private) <kraxel@gmail.com>"
# Primary key fingerprint: A032 8CFF B93A 17A7 9901 FE7D 4CB6 D8EE D3E8 7138
* remotes/kraxel/tags/audio-20181029-pull-request:
audio: use TYPE_MV88W8618_AUDIO instead of hardcoded string
audio: use object link instead of qdev property to pass wm8750 reference
audio: use TYPE_WM8750 instead of a hardcoded string
hw: AC97: make it more QOMconventional
Signed-off-by: Peter Maydell <peter.maydell@linaro.org>
commit bd54b11062c4baa7d2e4efadcf71b8cfd55311fd
Author: Kees Cook <keescook@chromium.org>
Date: Thu Oct 18 13:13:51 2018 -0700
nvdimm: Add docs hint for Linux driver name
I spent way too much time trying to figure out why the emulated NVDIMM
was missing under Linux. In an effort to help others who might be looking
for these kinds of things in the future, include a hint.
Signed-off-by: Kees Cook <keescook@chromium.org>
Message-id: 20181018201351.GA25286@beast
Signed-off-by: Stefan Hajnoczi <stefanha@redhat.com>
commit 82dfee5a68240fe786ae3d0dbc5e026430203155
Author: Li Qiang <liq3ea@gmail.com>
Date: Sun Oct 7 19:16:12 2018 -0700
util: aio-posix: fix a typo
Cc: qemu-trivial@nongnu.org
Signed-off-by: Li Qiang <liq3ea@gmail.com>
Reviewed-by: Peter Maydell <peter.maydell@linaro.org>
Reviewed-by: Fam Zheng <famz@redhat.com>
Message-id: 1538964972-3223-1-git-send-email-liq3ea@gmail.com
Signed-off-by: Stefan Hajnoczi <stefanha@redhat.com>
commit ef3a6af5e789ff078d1fef880f9dfb6adf18e8f1
Merge: 285278c e69a10f
Author: Peter Maydell <peter.maydell@linaro.org>
Date: Mon Oct 29 12:59:15 2018 +0000
Merge remote-tracking branch 'remotes/kraxel/tags/vga-20181029-pull-request' into staging
vga: two fixes.
# gpg: Signature made Mon 29 Oct 2018 12:46:20 GMT
# gpg: using RSA key 4CB6D8EED3E87138
# gpg: Good signature from "Gerd Hoffmann (work) <kraxel@redhat.com>"
# gpg: aka "Gerd Hoffmann <gerd@kraxel.org>"
# gpg: aka "Gerd Hoffmann (private) <kraxel@gmail.com>"
# Primary key fingerprint: A032 8CFF B93A 17A7 9901 FE7D 4CB6 D8EE D3E8 7138
* remotes/kraxel/tags/vga-20181029-pull-request:
vga_int: remove unused function protype
qxl: store channel id in qxl->id
Signed-off-by: Peter Maydell <peter.maydell@linaro.org>
commit d436d4e7a50a7c4fddc0569c2107fe5eaf0e1fbc
Author: Mao Zhongyi <maozhongyi@cmss.chinamobile.com>
Date: Mon Oct 22 15:40:50 2018 +0800
audio: use TYPE_MV88W8618_AUDIO instead of hardcoded string
Cc: Jan Kiszka <jan.kiszka@web.de>
Cc: Philippe Mathieu-Daudé <philmd@redhat.com>
Cc: Peter Maydell <peter.maydell@linaro.org>
Signed-off-by: Mao Zhongyi <maozhongyi@cmss.chinamobile.com>
Reviewed-by: Philippe Mathieu-Daudé <philmd@redhat.com>
Message-id: 20181022074050.19638-4-maozhongyi@cmss.chinamobile.com
Signed-off-by: Gerd Hoffmann <kraxel@redhat.com>
commit a8299ec1b243ea56c41648ca63b96930f2db118b
Author: Mao Zhongyi <maozhongyi@cmss.chinamobile.com>
Date: Mon Oct 22 15:40:49 2018 +0800
audio: use object link instead of qdev property to pass wm8750 reference
According to qdev-properties.h, properties of pointer type should
be avoided, it seems a link type property is a good substitution.
Cc: Jan Kiszka <jan.kiszka@web.de>
Cc: Peter Maydell <peter.maydell@linaro.org>
Cc: Gerd Hoffmann <kraxel@redhat.com>
Signed-off-by: Mao Zhongyi <maozhongyi@cmss.chinamobile.com>
Reviewed-by: Philippe Mathieu-Daudé <philmd@redhat.com>
Message-id: 20181022074050.19638-3-maozhongyi@cmss.chinamobile.com
Signed-off-by: Gerd Hoffmann <kraxel@redhat.com>
commit a518333b15c69269e15025d0d6b7a921a6fc709e
Author: Mao Zhongyi <maozhongyi@cmss.chinamobile.com>
Date: Mon Oct 22 15:40:48 2018 +0800
audio: use TYPE_WM8750 instead of a hardcoded string
Cc: Jan Kiszka <jan.kiszka@web.de>
Cc: Peter Maydell <peter.maydell@linaro.org>
Cc: Gerd Hoffmann <kraxel@redhat.com>
Signed-off-by: Mao Zhongyi <maozhongyi@cmss.chinamobile.com>
Reviewed-by: Philippe Mathieu-Daudé <philmd@redhat.com>
Message-id: 20181022074050.19638-2-maozhongyi@cmss.chinamobile.com
Signed-off-by: Gerd Hoffmann <kraxel@redhat.com>
commit 417d430eb33740f368f8ed97879aaf814797a3ee
Author: Li Qiang <liq3ea@163.com>
Date: Fri Oct 12 23:08:09 2018 -0700
hw: AC97: make it more QOMconventional
Signed-off-by: Li Qiang <liq3ea@163.com>
Reviewed-by: Philippe Mathieu-Daudé <f4bug@amsat.org>
Message-id: 20181013060809.52496-1-liq3ea@163.com
Signed-off-by: Gerd Hoffmann <kraxel@redhat.com>
commit e69a10f468d8f6aa6c00a4308f5a8e1f2fd6b3a1
Author: yuchenlin <yuchenlin@synology.com>
Date: Mon Oct 22 16:00:53 2018 +0800
vga_int: remove unused function protype
Signed-off-by: yuchenlin <yuchenlin@synology.com>
Reviewed-by: Philippe Mathieu-Daudé <philmd@redhat.com>
Message-id: 20181022080053.9379-1-yuchenlin@synology.com
Signed-off-by: Gerd Hoffmann <kraxel@redhat.com>
commit 60e94e4397f62703ec77caa290610d99349f7e35
Author: Gerd Hoffmann <kraxel@redhat.com>
Date: Fri Oct 12 13:45:40 2018 +0200
qxl: store channel id in qxl->id
See qemu_spice_add_display_interface(), the console index is also used
as channel id. So put that into the qxl->id field too.
In typical use cases (one primary qxl-vga device, optionally one or more
secondary qxl devices, no non-qxl display devices) this doesn't change
anything.
With this in place the qxl->id can not be used any more to figure
whenever a given device is primary (with vga compat mode) or secondary.
So add a bool to track this.
Cc: spice-devel@lists.freedesktop.org
Signed-off-by: Gerd Hoffmann <kraxel@redhat.com>
Message-id: 20181012114540.27829-1-kraxel@redhat.com
_______________________________________________
Xen-devel mailing list
Xen-devel@lists.xenproject.org
https://lists.xenproject.org/mailman/listinfo/xen-devel
reply other threads:[~2018-11-01 13:07 UTC|newest]
Thread overview: [no followups] expand[flat|nested] mbox.gz Atom feed
Reply instructions:
You may reply publicly to this message via plain-text email
using any one of the following methods:
* Save the following mbox file, import it into your mail client,
and reply-to-all from there: mbox
Avoid top-posting and favor interleaved quoting:
https://en.wikipedia.org/wiki/Posting_style#Interleaved_style
* Reply using the --to, --cc, and --in-reply-to
switches of git-send-email(1):
git send-email \
--in-reply-to=osstest-75554-mainreport@xen.org \
--to=citrix-osstest@xenproject.org \
--cc=osstest-admin@xenproject.org \
--cc=xen-devel@lists.xenproject.org \
/path/to/YOUR_REPLY
https://kernel.org/pub/software/scm/git/docs/git-send-email.html
* If your mail client supports setting the In-Reply-To header
via mailto: links, try the mailto: link
Be sure your reply has a Subject: header at the top and a blank line
before the message body.
This is a public inbox, see mirroring instructions
for how to clone and mirror all data and code used for this inbox;
as well as URLs for NNTP newsgroup(s).