xen-devel.lists.xenproject.org archive mirror
 help / color / mirror / Atom feed
* [ovmf baseline-only test] 75556: tolerable FAIL
@ 2018-11-01 13:50 Platform Team regression test user
  0 siblings, 0 replies; only message in thread
From: Platform Team regression test user @ 2018-11-01 13:50 UTC (permalink / raw)
  To: xen-devel, osstest-admin

This run is configured for baseline tests only.

flight 75556 ovmf real [real]
http://osstest.xensource.com/osstest/logs/75556/

Failures :-/ but no regressions.

Tests which did not succeed, but are not blocking:
 build-amd64-libvirt           6 libvirt-build                fail   like 75553
 test-amd64-i386-xl-qemuu-ovmf-amd64 10 debian-hvm-install      fail like 75553
 build-i386-libvirt            6 libvirt-build                fail   like 75553
 test-amd64-amd64-xl-qemuu-ovmf-amd64 10 debian-hvm-install     fail like 75553

version targeted for testing:
 ovmf                 fd950156738ce878c0ba29af99da2ffcac5168e1
baseline version:
 ovmf                 e23366d3c3eafae69cf0436f4212ed126a7534f1

Last test of basis    75553  2018-10-31 16:51:10 Z    0 days
Testing same since    75556  2018-11-01 09:00:43 Z    0 days    1 attempts

------------------------------------------------------------
People who touched revisions under test:
  Jiaxin Wu <Jiaxin.wu@intel.com>
  Wu Jiaxin <jiaxin.wu@intel.com>

jobs:
 build-amd64-xsm                                              pass    
 build-i386-xsm                                               pass    
 build-amd64                                                  pass    
 build-i386                                                   pass    
 build-amd64-libvirt                                          fail    
 build-i386-libvirt                                           fail    
 build-amd64-pvops                                            pass    
 build-i386-pvops                                             pass    
 test-amd64-amd64-xl-qemuu-ovmf-amd64                         fail    
 test-amd64-i386-xl-qemuu-ovmf-amd64                          fail    


------------------------------------------------------------
sg-report-flight on osstest.xs.citrite.net
logs: /home/osstest/logs
images: /home/osstest/images

Logs, config files, etc. are available at
    http://osstest.xensource.com/osstest/logs

Test harness code can be found at
    http://xenbits.xensource.com/gitweb?p=osstest.git;a=summary


Push not applicable.

------------------------------------------------------------
commit fd950156738ce878c0ba29af99da2ffcac5168e1
Author: Jiaxin Wu <Jiaxin.wu@intel.com>
Date:   Tue Oct 30 11:30:08 2018 +0800

    NetworkPkg/TlsDxe: Fix failure to process multiple TLS records.
    
    Ref: https://bugzilla.tianocore.org/show_bug.cgi?id=1290.
    
    Current implementation failed to parse the multiple TLS record
    messages due to the incorrect pointer of TLS record header. This
    patch is to resolve that problem.
    
    Cc: Ye Ting <ting.ye@intel.com>
    Cc: Fu Siyuan <siyuan.fu@intel.com>
    Contributed-under: TianoCore Contribution Agreement 1.1
    Signed-off-by: Wu Jiaxin <jiaxin.wu@intel.com>
    Reviewed-by: Fu Siyuan <siyuan.fu@intel.com>

commit c41da21704e1b43fbe3de3c04cf5e6abf8614993
Author: Jiaxin Wu <Jiaxin.wu@intel.com>
Date:   Wed Oct 31 16:29:24 2018 +0800

    NetworkPkg/Mtftp6Dxe: Remove the trailing white spaces.
    
    Cc: Fu Siyuan <siyuan.fu@intel.com>
    Contributed-under: TianoCore Contribution Agreement 1.1
    Signed-off-by: Wu Jiaxin <jiaxin.wu@intel.com>
    Reviewed-by: Fu Siyuan <siyuan.fu@intel.com>

_______________________________________________
Xen-devel mailing list
Xen-devel@lists.xenproject.org
https://lists.xenproject.org/mailman/listinfo/xen-devel

^ permalink raw reply	[flat|nested] only message in thread

only message in thread, other threads:[~2018-11-01 13:50 UTC | newest]

Thread overview: (only message) (download: mbox.gz follow: Atom feed
-- links below jump to the message on this page --
2018-11-01 13:50 [ovmf baseline-only test] 75556: tolerable FAIL Platform Team regression test user

This is a public inbox, see mirroring instructions
for how to clone and mirror all data and code used for this inbox;
as well as URLs for NNTP newsgroup(s).