xen-devel.lists.xenproject.org archive mirror
 help / color / mirror / Atom feed
From: Platform Team regression test user <citrix-osstest@xenproject.org>
To: xen-devel@lists.xenproject.org, osstest-admin@xenproject.org
Subject: [ovmf baseline-only test] 75561: tolerable FAIL
Date: Fri, 2 Nov 2018 23:23:04 +0000	[thread overview]
Message-ID: <osstest-75561-mainreport@xen.org> (raw)

This run is configured for baseline tests only.

flight 75561 ovmf real [real]
http://osstest.xensource.com/osstest/logs/75561/

Failures :-/ but no regressions.

Tests which did not succeed, but are not blocking:
 build-amd64-libvirt           6 libvirt-build                fail   like 75558
 test-amd64-i386-xl-qemuu-ovmf-amd64 10 debian-hvm-install      fail like 75558
 build-i386-libvirt            6 libvirt-build                fail   like 75558
 test-amd64-amd64-xl-qemuu-ovmf-amd64 10 debian-hvm-install     fail like 75558

version targeted for testing:
 ovmf                 c4f4984c69ab1057a5d297b4557fe6cf733f8584
baseline version:
 ovmf                 d3d97b378fe4d0bfbcbdb296d06bcf1d09165480

Last test of basis    75558  2018-11-01 14:32:17 Z    1 days
Testing same since    75561  2018-11-02 06:51:57 Z    0 days    1 attempts

------------------------------------------------------------
People who touched revisions under test:
  Hess Chen <hesheng.chen@intel.com>

jobs:
 build-amd64-xsm                                              pass    
 build-i386-xsm                                               pass    
 build-amd64                                                  pass    
 build-i386                                                   pass    
 build-amd64-libvirt                                          fail    
 build-i386-libvirt                                           fail    
 build-amd64-pvops                                            pass    
 build-i386-pvops                                             pass    
 test-amd64-amd64-xl-qemuu-ovmf-amd64                         fail    
 test-amd64-i386-xl-qemuu-ovmf-amd64                          fail    


------------------------------------------------------------
sg-report-flight on osstest.xs.citrite.net
logs: /home/osstest/logs
images: /home/osstest/images

Logs, config files, etc. are available at
    http://osstest.xensource.com/osstest/logs

Test harness code can be found at
    http://xenbits.xensource.com/gitweb?p=osstest.git;a=summary


Push not applicable.

------------------------------------------------------------
commit c4f4984c69ab1057a5d297b4557fe6cf733f8584
Author: Hess Chen <hesheng.chen@intel.com>
Date:   Wed Oct 31 13:53:27 2018 +0800

    BaseTools/Eot: Remove a duplication code in EotMain class
    
    Contributed-under: TianoCore Contribution Agreement 1.0
    Signed-off-by: Hess Chen <hesheng.chen@intel.com>
    Reviewed-by: Yonghong Zhu <yonghong.zhu@intel.com>

_______________________________________________
Xen-devel mailing list
Xen-devel@lists.xenproject.org
https://lists.xenproject.org/mailman/listinfo/xen-devel

                 reply	other threads:[~2018-11-02 23:23 UTC|newest]

Thread overview: [no followups] expand[flat|nested]  mbox.gz  Atom feed

Reply instructions:

You may reply publicly to this message via plain-text email
using any one of the following methods:

* Save the following mbox file, import it into your mail client,
  and reply-to-all from there: mbox

  Avoid top-posting and favor interleaved quoting:
  https://en.wikipedia.org/wiki/Posting_style#Interleaved_style

* Reply using the --to, --cc, and --in-reply-to
  switches of git-send-email(1):

  git send-email \
    --in-reply-to=osstest-75561-mainreport@xen.org \
    --to=citrix-osstest@xenproject.org \
    --cc=osstest-admin@xenproject.org \
    --cc=xen-devel@lists.xenproject.org \
    /path/to/YOUR_REPLY

  https://kernel.org/pub/software/scm/git/docs/git-send-email.html

* If your mail client supports setting the In-Reply-To header
  via mailto: links, try the mailto: link
Be sure your reply has a Subject: header at the top and a blank line before the message body.
This is a public inbox, see mirroring instructions
for how to clone and mirror all data and code used for this inbox;
as well as URLs for NNTP newsgroup(s).