* [xen-4.4-testing test] 77199: regressions - trouble: blocked/broken/fail/pass
@ 2016-01-07 3:38 osstest service owner
0 siblings, 0 replies; only message in thread
From: osstest service owner @ 2016-01-07 3:38 UTC (permalink / raw)
To: xen-devel, osstest-admin
flight 77199 xen-4.4-testing real [real]
http://logs.test-lab.xenproject.org/osstest/logs/77199/
Regressions :-(
Tests which did not succeed and are blocking,
including tests which could not be run:
build-amd64-prev 5 xen-build fail REGR. vs. 66458
build-i386-prev 5 xen-build fail REGR. vs. 66458
test-amd64-amd64-xl-qemuu-ovmf-amd64 9 debian-hvm-install fail REGR. vs. 66458
test-amd64-i386-xl-qemuu-ovmf-amd64 9 debian-hvm-install fail REGR. vs. 66458
Tests which are failing intermittently (not blocking):
test-amd64-i386-qemut-rhel6hvm-intel 3 host-install(3) broken pass in 77049
test-amd64-amd64-xl-qemuu-debianhvm-amd64 15 guest-localmigrate/x10 fail pass in 77049
test-armhf-armhf-xl-credit2 15 guest-start/debian.repeat fail pass in 77049
Regressions which are regarded as allowable (not blocking):
test-amd64-i386-xl-qemuu-win7-amd64 16 guest-stop fail like 66458
Tests which did not succeed, but are not blocking:
test-amd64-i386-rumpuserxen-i386 1 build-check(1) blocked n/a
test-amd64-amd64-migrupgrade 1 build-check(1) blocked n/a
test-amd64-i386-migrupgrade 1 build-check(1) blocked n/a
test-amd64-amd64-rumpuserxen-amd64 1 build-check(1) blocked n/a
build-amd64-rumpuserxen 6 xen-build fail never pass
build-i386-rumpuserxen 6 xen-build fail never pass
test-armhf-armhf-libvirt-qcow2 9 debian-di-install fail never pass
test-armhf-armhf-xl-vhd 9 debian-di-install fail never pass
test-armhf-armhf-libvirt-raw 9 debian-di-install fail never pass
test-amd64-amd64-qemuu-nested-intel 16 debian-hvm-install/l1/l2 fail never pass
test-amd64-amd64-qemuu-nested-amd 16 debian-hvm-install/l1/l2 fail never pass
test-amd64-amd64-libvirt 12 migrate-support-check fail never pass
test-armhf-armhf-libvirt 11 guest-start fail never pass
test-amd64-i386-libvirt 12 migrate-support-check fail never pass
test-amd64-i386-xl-qemut-win7-amd64 16 guest-stop fail never pass
test-amd64-amd64-xl-qemut-win7-amd64 16 guest-stop fail never pass
test-armhf-armhf-xl 12 migrate-support-check fail never pass
test-armhf-armhf-xl 13 saverestore-support-check fail never pass
test-amd64-i386-xend-qemut-winxpsp3 20 leak-check/check fail never pass
test-armhf-armhf-xl-multivcpu 13 saverestore-support-check fail never pass
test-armhf-armhf-xl-multivcpu 12 migrate-support-check fail never pass
test-armhf-armhf-xl-credit2 13 saverestore-support-check fail never pass
test-armhf-armhf-xl-credit2 12 migrate-support-check fail never pass
test-armhf-armhf-xl-cubietruck 12 migrate-support-check fail never pass
test-armhf-armhf-xl-cubietruck 13 saverestore-support-check fail never pass
test-amd64-amd64-libvirt-vhd 11 migrate-support-check fail never pass
test-armhf-armhf-xl-arndale 12 migrate-support-check fail never pass
test-armhf-armhf-xl-arndale 13 saverestore-support-check fail never pass
version targeted for testing:
xen dfc955ee221faf8df0a9596d79a60ce02339d1e6
baseline version:
xen d0b73c9bf21f9199401a36eeda7ba0a4412aad6d
Last test of basis 66458 2015-12-17 09:42:47 Z 20 days
Failing since 66520 2015-12-18 10:37:08 Z 19 days 9 attempts
Testing same since 77049 2016-01-04 22:23:48 Z 2 days 2 attempts
------------------------------------------------------------
People who touched revisions under test:
Ed Swierk <eswierk@skyportsystems.com>
Ian Campbell <ian.campbell@citrix.com>
Ian Jackson <ian.jackson@eu.citrix.com>
Jan Beulich <jbeulich@suse.com>
Konrad Rzeszutek Wilk <konrad.wilk@oracle.com>
Stefano Stabellini <stefano.stabellini@eu.citrix.com>
Wei Liu <wei.liu2@citrix.com>
jobs:
build-amd64-xend pass
build-i386-xend pass
build-amd64 pass
build-armhf pass
build-i386 pass
build-amd64-libvirt pass
build-armhf-libvirt pass
build-i386-libvirt pass
build-amd64-prev fail
build-i386-prev fail
build-amd64-pvops pass
build-armhf-pvops pass
build-i386-pvops pass
build-amd64-rumpuserxen fail
build-i386-rumpuserxen fail
test-amd64-amd64-xl pass
test-armhf-armhf-xl pass
test-amd64-i386-xl pass
test-amd64-amd64-qemuu-nested-amd fail
test-amd64-i386-qemut-rhel6hvm-amd pass
test-amd64-i386-qemuu-rhel6hvm-amd pass
test-amd64-amd64-xl-qemut-debianhvm-amd64 pass
test-amd64-i386-xl-qemut-debianhvm-amd64 pass
test-amd64-amd64-xl-qemuu-debianhvm-amd64 fail
test-amd64-i386-xl-qemuu-debianhvm-amd64 pass
test-amd64-i386-freebsd10-amd64 pass
test-amd64-amd64-xl-qemuu-ovmf-amd64 fail
test-amd64-i386-xl-qemuu-ovmf-amd64 fail
test-amd64-amd64-rumpuserxen-amd64 blocked
test-amd64-amd64-xl-qemut-win7-amd64 fail
test-amd64-i386-xl-qemut-win7-amd64 fail
test-amd64-amd64-xl-qemuu-win7-amd64 pass
test-amd64-i386-xl-qemuu-win7-amd64 fail
test-armhf-armhf-xl-arndale pass
test-amd64-amd64-xl-credit2 pass
test-armhf-armhf-xl-credit2 fail
test-armhf-armhf-xl-cubietruck pass
test-amd64-i386-freebsd10-i386 pass
test-amd64-i386-rumpuserxen-i386 blocked
test-amd64-amd64-qemuu-nested-intel fail
test-amd64-i386-qemut-rhel6hvm-intel broken
test-amd64-i386-qemuu-rhel6hvm-intel pass
test-amd64-amd64-libvirt pass
test-armhf-armhf-libvirt fail
test-amd64-i386-libvirt pass
test-amd64-amd64-migrupgrade blocked
test-amd64-i386-migrupgrade blocked
test-amd64-amd64-xl-multivcpu pass
test-armhf-armhf-xl-multivcpu pass
test-amd64-amd64-pair pass
test-amd64-i386-pair pass
test-amd64-amd64-libvirt-pair pass
test-amd64-i386-libvirt-pair pass
test-amd64-amd64-pv pass
test-amd64-i386-pv pass
test-amd64-amd64-amd64-pvgrub pass
test-amd64-amd64-i386-pvgrub pass
test-amd64-amd64-pygrub pass
test-armhf-armhf-libvirt-qcow2 fail
test-amd64-amd64-xl-qcow2 pass
test-armhf-armhf-libvirt-raw fail
test-amd64-i386-xl-raw pass
test-amd64-i386-xl-qemut-winxpsp3-vcpus1 pass
test-amd64-i386-xl-qemuu-winxpsp3-vcpus1 pass
test-amd64-amd64-libvirt-vhd pass
test-armhf-armhf-xl-vhd fail
test-amd64-i386-xend-qemut-winxpsp3 fail
test-amd64-amd64-xl-qemut-winxpsp3 pass
test-amd64-amd64-xl-qemuu-winxpsp3 pass
------------------------------------------------------------
sg-report-flight on osstest.test-lab.xenproject.org
logs: /home/logs/logs
images: /home/logs/images
Logs, config files, etc. are available at
http://logs.test-lab.xenproject.org/osstest/logs
Explanation of these reports, and of osstest in general, is at
http://xenbits.xen.org/gitweb/?p=osstest.git;a=blob;f=README.email;hb=master
http://xenbits.xen.org/gitweb/?p=osstest.git;a=blob;f=README;hb=master
Test harness code can be found at
http://xenbits.xen.org/gitweb?p=osstest.git;a=summary
broken-step test-amd64-i386-qemut-rhel6hvm-intel host-install(3)
Not pushing.
------------------------------------------------------------
commit dfc955ee221faf8df0a9596d79a60ce02339d1e6
Author: Ian Jackson <ian.jackson@eu.citrix.com>
Date: Mon Jan 4 15:36:32 2016 +0000
QEMU_TAG update
commit a43691789e8f3597709a731a535c8e07fe1837ed
Author: Ed Swierk <eswierk@skyportsystems.com>
Date: Tue Jan 6 15:21:07 2015 +0000
libxl: Fix building libxlu_cfg_y.y with bison 3.0
- Use %lex-param instead of obsolete YYLEX_PARAM to override lex scanner
parameter
- Change deprecated %name-prefix= to %name-prefix
Tested against bison 2.4.1 and 3.0.2.
This is expected to sometimes (depending on timestamps and whether the
bison input files are edited) break building on systems with ancient
versions of bison. Bison 2.4.1 is known to work and was released in
December 2008.
Also, consquentially, regenerate bison output files with bison
1:2.5.dfsg-2.1 from Debian wheezy.
Signed-off-by: Ed Swierk <eswierk@skyportsystems.com>
Acked-by: Ian Jackson <ian.jackson@eu.citrix.com>
Tested-by: Wei Liu <wei.liu2@citrix.com>
Signed-off-by: Ian Jackson <Ian.Jackson@eu.citrix.com>
Release-Acked-by: Konrad Rzeszutek Wilk <konrad.wilk@oracle.com>
(cherry picked from commit 7ba4cdfadd4f3c45d65ffe50e621759f458fedc0)
[ I have checked that rebuilding the bison and flex input produces no
further changes. -iwj ]
Signed-off-by: Ian Jackson <ian.jackson@eu.citrix.com>
commit 4df657ba8e4472421639ac5bf7cc0d16856fe1e0
Author: Ian Jackson <ian.jackson@eu.citrix.com>
Date: Mon Jan 4 14:45:12 2016 +0000
libxl: Rerun bison and flex
We are going to want to cherry pick a change to the bison input, which
will involve rerunning bison.
So firstly, update the bison and flex output to that from current
Debian wheezy (i386; 1:2.5.dfsg-2.1 and 2.5.35-10.1 respectively).
There should be no functional change since there is no change to the
source file, but we will inherit bugfixes and behavioural changes from
the new version of bison. So this is more a matter of hope than
knowledge.
Signed-off-by: Ian Jackson <Ian.Jackson@eu.citrix.com>
commit fd4db045339863c901e887fe35fe958ce766351e
Author: Ian Jackson <ian.jackson@eu.citrix.com>
Date: Fri Dec 18 14:58:40 2015 +0000
QEMU_TAG update
commit 4dacb5d7429913430895fe38cb58308ea4fa4a05
Author: Jan Beulich <jbeulich@suse.com>
Date: Thu Dec 17 14:31:28 2015 +0100
x86/HVM: avoid reading ioreq state more than once
Otherwise, especially when the compiler chooses to translate the
switch() to a jump table, unpredictable behavior (and in the jump table
case arbitrary code execution) can result.
This is XSA-166.
Signed-off-by: Jan Beulich <jbeulich@suse.com>
Acked-by: Ian Campbell <ian.campbell@citrix.com>
master commit: b452430a4cdfc801fa4bc391aed7522365e1deb6
master date: 2015-12-17 14:22:46 +0100
commit 52a5c0bf5350f045810d159af0c06305dd9d517f
Author: Jan Beulich <jbeulich@suse.com>
Date: Thu Dec 17 14:30:57 2015 +0100
x86: don't leak ST(n)/XMMn values to domains first using them
FNINIT doesn't alter these registers, and hence using it is
insufficient to initialize a guest's initial state.
This is CVE-2015-8555 / XSA-165.
Signed-off-by: Jan Beulich <jbeulich@suse.com>
Reviewed-by: Andrew Cooper <andrew.cooper3@citrix.com>
master commit: 81818b3f277544535974204f8d840da86fa8a44f
master date: 2015-12-17 14:22:13 +0100
========================================
commit 2bbe49494f5e910c6fb49f6800d143cae9eb5758
Author: Jan Beulich <jbeulich@suse.com>
Date: Mon Jan 4 15:34:29 2016 +0000
MSI-X: avoid array overrun upon MSI-X table writes
pt_msix_init() allocates msix->msix_entry[] to just cover
msix->total_entries entries. While pci_msix_readl() resorts to reading
physical memory for out of bounds reads, pci_msix_writel() so far
simply accessed/corrupted unrelated memory.
pt_iomem_map()'s call to cpu_register_physical_memory() registers a
page granular region, which is necessary as the Pending Bit Array may
share space with the MSI-X table (but nothing else is allowed to). This
also explains why pci_msix_readl() actually honors out of bounds reads,
but pci_msi_writel() doesn't need to.
This is XSA-164.
Signed-off-by: Jan Beulich <jbeulich@suse.com>
Acked-by: Ian Campbell <ian.campbell@citrix.com>
(cherry picked from commit 569eac99e8ddccd15fe78e8a3af5622afe780e3b)
(cherry picked from commit 7457f4beae2583a106a4176949514e81248fc22d)
(cherry picked from commit f5bf3ed6eaa752d91e4d1fb1675b4c3e9f984c71)
commit c51f20baba0bc01e7e3a3a16e72be9a0ed6cb734
Author: Stefano Stabellini <stefano.stabellini@eu.citrix.com>
Date: Fri Nov 20 10:56:00 2015 -0500
blkif: Avoid double access to src->nr_segments
src is stored in shared memory and src->nr_segments is dereferenced
twice at the end of the function. If a compiler decides to compile this
into two separate memory accesses then the size limitation could be
bypassed.
Fix it by removing the double access to src->nr_segments.
This is part of XSA-155.
Signed-off-by: Stefano Stabellini <stefano.stabellini@eu.citrix.com>
Signed-off-by: Konrad Rzeszutek Wilk <konrad.wilk@oracle.com>
commit bc468fe34e146026854242676635d9435dab5c0d
Author: Stefano Stabellini <stefano.stabellini@eu.citrix.com>
Date: Fri Nov 20 10:37:08 2015 -0500
xenfb: avoid reading twice the same fields from the shared page
Reading twice the same field could give the guest an attack of
opportunity. In the case of event->type, gcc could compile the switch
statement into a jump table, effectively ending up reading the type
field multiple times.
This is part of XSA-155.
Signed-off-by: Stefano Stabellini <stefano.stabellini@eu.citrix.com>
^ permalink raw reply [flat|nested] only message in thread
only message in thread, other threads:[~2016-01-07 3:38 UTC | newest]
Thread overview: (only message) (download: mbox.gz follow: Atom feed
-- links below jump to the message on this page --
2016-01-07 3:38 [xen-4.4-testing test] 77199: regressions - trouble: blocked/broken/fail/pass osstest service owner
This is a public inbox, see mirroring instructions
for how to clone and mirror all data and code used for this inbox;
as well as URLs for NNTP newsgroup(s).