* [qemu-upstream-4.3-testing test] 77263: regressions - FAIL
@ 2016-01-07 15:39 osstest service owner
0 siblings, 0 replies; only message in thread
From: osstest service owner @ 2016-01-07 15:39 UTC (permalink / raw)
To: xen-devel, osstest-admin
flight 77263 qemu-upstream-4.3-testing real [real]
http://logs.test-lab.xenproject.org/osstest/logs/77263/
Regressions :-(
Tests which did not succeed and are blocking,
including tests which could not be run:
build-i386 5 xen-build fail REGR. vs. 62112
build-amd64 5 xen-build fail REGR. vs. 62112
Tests which did not succeed, but are not blocking:
build-i386-libvirt 1 build-check(1) blocked n/a
test-amd64-i386-pair 1 build-check(1) blocked n/a
test-amd64-i386-xl-raw 1 build-check(1) blocked n/a
test-amd64-i386-qemuu-rhel6hvm-amd 1 build-check(1) blocked n/a
test-amd64-i386-xl-qemuu-winxpsp3-vcpus1 1 build-check(1) blocked n/a
test-amd64-i386-libvirt 1 build-check(1) blocked n/a
test-amd64-i386-pv 1 build-check(1) blocked n/a
test-amd64-amd64-xl-qemuu-debianhvm-amd64 1 build-check(1) blocked n/a
test-amd64-i386-freebsd10-i386 1 build-check(1) blocked n/a
test-amd64-i386-xl-qemuu-ovmf-amd64 1 build-check(1) blocked n/a
test-amd64-i386-qemuu-rhel6hvm-intel 1 build-check(1) blocked n/a
test-amd64-i386-xl-qemuu-win7-amd64 1 build-check(1) blocked n/a
test-amd64-i386-freebsd10-amd64 1 build-check(1) blocked n/a
test-amd64-i386-xl-qemuu-debianhvm-amd64 1 build-check(1) blocked n/a
test-amd64-i386-xl 1 build-check(1) blocked n/a
test-amd64-amd64-libvirt-vhd 1 build-check(1) blocked n/a
test-amd64-amd64-libvirt 1 build-check(1) blocked n/a
test-amd64-amd64-xl-qemuu-ovmf-amd64 1 build-check(1) blocked n/a
build-amd64-libvirt 1 build-check(1) blocked n/a
test-amd64-amd64-pair 1 build-check(1) blocked n/a
test-amd64-amd64-xl-qemuu-win7-amd64 1 build-check(1) blocked n/a
test-amd64-amd64-xl-qcow2 1 build-check(1) blocked n/a
test-amd64-amd64-xl-qemuu-winxpsp3 1 build-check(1) blocked n/a
test-amd64-amd64-i386-pvgrub 1 build-check(1) blocked n/a
test-amd64-amd64-amd64-pvgrub 1 build-check(1) blocked n/a
test-amd64-amd64-xl-credit2 1 build-check(1) blocked n/a
test-amd64-amd64-pv 1 build-check(1) blocked n/a
test-amd64-amd64-xl-multivcpu 1 build-check(1) blocked n/a
test-amd64-amd64-xl 1 build-check(1) blocked n/a
test-amd64-amd64-pygrub 1 build-check(1) blocked n/a
version targeted for testing:
qemuu 6e184363e64a0610c35ca231bfc73cea56eb02f3
baseline version:
qemuu b188780861662e8cf1847ec562799b32bb44f05e
Last test of basis 62112 2015-09-18 04:07:28 Z 111 days
Testing same since 66538 2015-12-18 16:12:07 Z 19 days 10 attempts
------------------------------------------------------------
People who touched revisions under test:
Stefano Stabellini <stefano.stabellini@eu.citrix.com>
jobs:
build-amd64 fail
build-i386 fail
build-amd64-libvirt blocked
build-i386-libvirt blocked
build-amd64-pvops pass
build-i386-pvops pass
test-amd64-amd64-xl blocked
test-amd64-i386-xl blocked
test-amd64-i386-qemuu-rhel6hvm-amd blocked
test-amd64-amd64-xl-qemuu-debianhvm-amd64 blocked
test-amd64-i386-xl-qemuu-debianhvm-amd64 blocked
test-amd64-i386-freebsd10-amd64 blocked
test-amd64-amd64-xl-qemuu-ovmf-amd64 blocked
test-amd64-i386-xl-qemuu-ovmf-amd64 blocked
test-amd64-amd64-xl-qemuu-win7-amd64 blocked
test-amd64-i386-xl-qemuu-win7-amd64 blocked
test-amd64-amd64-xl-credit2 blocked
test-amd64-i386-freebsd10-i386 blocked
test-amd64-i386-qemuu-rhel6hvm-intel blocked
test-amd64-amd64-libvirt blocked
test-amd64-i386-libvirt blocked
test-amd64-amd64-xl-multivcpu blocked
test-amd64-amd64-pair blocked
test-amd64-i386-pair blocked
test-amd64-amd64-pv blocked
test-amd64-i386-pv blocked
test-amd64-amd64-amd64-pvgrub blocked
test-amd64-amd64-i386-pvgrub blocked
test-amd64-amd64-pygrub blocked
test-amd64-amd64-xl-qcow2 blocked
test-amd64-i386-xl-raw blocked
test-amd64-i386-xl-qemuu-winxpsp3-vcpus1 blocked
test-amd64-amd64-libvirt-vhd blocked
test-amd64-amd64-xl-qemuu-winxpsp3 blocked
------------------------------------------------------------
sg-report-flight on osstest.test-lab.xenproject.org
logs: /home/logs/logs
images: /home/logs/images
Logs, config files, etc. are available at
http://logs.test-lab.xenproject.org/osstest/logs
Explanation of these reports, and of osstest in general, is at
http://xenbits.xen.org/gitweb/?p=osstest.git;a=blob;f=README.email;hb=master
http://xenbits.xen.org/gitweb/?p=osstest.git;a=blob;f=README;hb=master
Test harness code can be found at
http://xenbits.xen.org/gitweb?p=osstest.git;a=summary
Not pushing.
------------------------------------------------------------
commit 6e184363e64a0610c35ca231bfc73cea56eb02f3
Author: Stefano Stabellini <stefano.stabellini@eu.citrix.com>
Date: Fri Dec 18 15:45:14 2015 +0000
xenfb: avoid reading twice the same fields from the shared page
Reading twice the same field could give the guest an attack of
opportunity. In the case of event->type, gcc could compile the switch
statement into a jump table, effectively ending up reading the type
field multiple times.
This is part of XSA-155.
Signed-off-by: Stefano Stabellini <stefano.stabellini@eu.citrix.com>
commit ca37f03bc0df4d4a2c5aef4c3c445a183e6bd11b
Author: Stefano Stabellini <stefano.stabellini@eu.citrix.com>
Date: Fri Dec 18 15:44:58 2015 +0000
xen/blkif: Avoid double access to src->nr_segments
src is stored in shared memory and src->nr_segments is dereferenced
twice at the end of the function. If a compiler decides to compile this
into two separate memory accesses then the size limitation could be
bypassed.
Fix it by removing the double access to src->nr_segments.
This is part of XSA-155.
Signed-off-by: Stefano Stabellini <stefano.stabellini@eu.citrix.com>
^ permalink raw reply [flat|nested] only message in thread
only message in thread, other threads:[~2016-01-07 15:39 UTC | newest]
Thread overview: (only message) (download: mbox.gz follow: Atom feed
-- links below jump to the message on this page --
2016-01-07 15:39 [qemu-upstream-4.3-testing test] 77263: regressions - FAIL osstest service owner
This is a public inbox, see mirroring instructions
for how to clone and mirror all data and code used for this inbox;
as well as URLs for NNTP newsgroup(s).