* [qemu-upstream-4.4-testing test] 77292: regressions - FAIL
@ 2016-01-08 3:51 osstest service owner
0 siblings, 0 replies; only message in thread
From: osstest service owner @ 2016-01-08 3:51 UTC (permalink / raw)
To: xen-devel, osstest-admin
flight 77292 qemu-upstream-4.4-testing real [real]
http://logs.test-lab.xenproject.org/osstest/logs/77292/
Regressions :-(
Tests which did not succeed and are blocking,
including tests which could not be run:
test-amd64-amd64-xl-qemuu-ovmf-amd64 9 debian-hvm-install fail REGR. vs. 62702
test-amd64-i386-xl-qemuu-ovmf-amd64 9 debian-hvm-install fail REGR. vs. 62702
Tests which are failing intermittently (not blocking):
test-amd64-i386-xl-qemuu-winxpsp3-vcpus1 15 guest-localmigrate/x10 fail pass in 77190
Regressions which are regarded as allowable (not blocking):
test-amd64-i386-xl-qemuu-win7-amd64 16 guest-stop fail like 62702
Tests which did not succeed, but are not blocking:
test-amd64-amd64-qemuu-nested-intel 16 debian-hvm-install/l1/l2 fail never pass
test-amd64-amd64-qemuu-nested-amd 16 debian-hvm-install/l1/l2 fail never pass
test-amd64-amd64-libvirt 12 migrate-support-check fail never pass
test-amd64-i386-libvirt 12 migrate-support-check fail never pass
test-amd64-amd64-libvirt-vhd 11 migrate-support-check fail never pass
version targeted for testing:
qemuu 2264b0c66075cc34c252a1386f019f8be6240890
baseline version:
qemuu 5fe74249f5ab528fe84a26fa60438a6de4c787f0
Last test of basis 62702 2015-10-06 15:32:13 Z 93 days
Testing same since 66539 2015-12-18 16:12:10 Z 20 days 9 attempts
------------------------------------------------------------
People who touched revisions under test:
Stefano Stabellini <stefano.stabellini@eu.citrix.com>
jobs:
build-amd64-xend pass
build-i386-xend pass
build-amd64 pass
build-i386 pass
build-amd64-libvirt pass
build-i386-libvirt pass
build-amd64-pvops pass
build-i386-pvops pass
test-amd64-amd64-xl pass
test-amd64-i386-xl pass
test-amd64-amd64-qemuu-nested-amd fail
test-amd64-i386-qemuu-rhel6hvm-amd pass
test-amd64-amd64-xl-qemuu-debianhvm-amd64 pass
test-amd64-i386-xl-qemuu-debianhvm-amd64 pass
test-amd64-i386-freebsd10-amd64 pass
test-amd64-amd64-xl-qemuu-ovmf-amd64 fail
test-amd64-i386-xl-qemuu-ovmf-amd64 fail
test-amd64-amd64-xl-qemuu-win7-amd64 pass
test-amd64-i386-xl-qemuu-win7-amd64 fail
test-amd64-amd64-xl-credit2 pass
test-amd64-i386-freebsd10-i386 pass
test-amd64-amd64-qemuu-nested-intel fail
test-amd64-i386-qemuu-rhel6hvm-intel pass
test-amd64-amd64-libvirt pass
test-amd64-i386-libvirt pass
test-amd64-amd64-xl-multivcpu pass
test-amd64-amd64-pair pass
test-amd64-i386-pair pass
test-amd64-amd64-libvirt-pair pass
test-amd64-i386-libvirt-pair pass
test-amd64-amd64-pv pass
test-amd64-i386-pv pass
test-amd64-amd64-amd64-pvgrub pass
test-amd64-amd64-i386-pvgrub pass
test-amd64-amd64-pygrub pass
test-amd64-amd64-xl-qcow2 pass
test-amd64-i386-xl-raw pass
test-amd64-i386-xl-qemuu-winxpsp3-vcpus1 fail
test-amd64-amd64-libvirt-vhd pass
test-amd64-amd64-xl-qemuu-winxpsp3 pass
------------------------------------------------------------
sg-report-flight on osstest.test-lab.xenproject.org
logs: /home/logs/logs
images: /home/logs/images
Logs, config files, etc. are available at
http://logs.test-lab.xenproject.org/osstest/logs
Explanation of these reports, and of osstest in general, is at
http://xenbits.xen.org/gitweb/?p=osstest.git;a=blob;f=README.email;hb=master
http://xenbits.xen.org/gitweb/?p=osstest.git;a=blob;f=README;hb=master
Test harness code can be found at
http://xenbits.xen.org/gitweb?p=osstest.git;a=summary
Not pushing.
------------------------------------------------------------
commit 2264b0c66075cc34c252a1386f019f8be6240890
Author: Stefano Stabellini <stefano.stabellini@eu.citrix.com>
Date: Fri Dec 18 15:45:14 2015 +0000
xenfb: avoid reading twice the same fields from the shared page
Reading twice the same field could give the guest an attack of
opportunity. In the case of event->type, gcc could compile the switch
statement into a jump table, effectively ending up reading the type
field multiple times.
This is part of XSA-155.
Signed-off-by: Stefano Stabellini <stefano.stabellini@eu.citrix.com>
commit 75421c82154542e6855bbb98e6cccaacb4b8904c
Author: Stefano Stabellini <stefano.stabellini@eu.citrix.com>
Date: Fri Dec 18 15:44:58 2015 +0000
xen/blkif: Avoid double access to src->nr_segments
src is stored in shared memory and src->nr_segments is dereferenced
twice at the end of the function. If a compiler decides to compile this
into two separate memory accesses then the size limitation could be
bypassed.
Fix it by removing the double access to src->nr_segments.
This is part of XSA-155.
Signed-off-by: Stefano Stabellini <stefano.stabellini@eu.citrix.com>
^ permalink raw reply [flat|nested] only message in thread
only message in thread, other threads:[~2016-01-08 3:51 UTC | newest]
Thread overview: (only message) (download: mbox.gz follow: Atom feed
-- links below jump to the message on this page --
2016-01-08 3:51 [qemu-upstream-4.4-testing test] 77292: regressions - FAIL osstest service owner
This is a public inbox, see mirroring instructions
for how to clone and mirror all data and code used for this inbox;
as well as URLs for NNTP newsgroup(s).