* [xen-4.5-testing test] 77293: regressions - FAIL
@ 2016-01-08 7:49 osstest service owner
0 siblings, 0 replies; only message in thread
From: osstest service owner @ 2016-01-08 7:49 UTC (permalink / raw)
To: xen-devel, osstest-admin
flight 77293 xen-4.5-testing real [real]
http://logs.test-lab.xenproject.org/osstest/logs/77293/
Regressions :-(
Tests which did not succeed and are blocking,
including tests which could not be run:
test-amd64-amd64-xl-qemuu-ovmf-amd64 9 debian-hvm-install fail REGR. vs. 66426
test-amd64-i386-xl-qemuu-ovmf-amd64 9 debian-hvm-install fail REGR. vs. 66426
test-amd64-amd64-xl-qemuu-win7-amd64 15 guest-localmigrate/x10 fail REGR. vs. 66426
Regressions which are regarded as allowable (not blocking):
test-armhf-armhf-xl-rtds 9 debian-install fail REGR. vs. 66426
test-amd64-amd64-xl-rtds 6 xen-boot fail like 66426
test-amd64-amd64-xl-qemut-win7-amd64 16 guest-stop fail like 66426
test-amd64-i386-xl-qemut-win7-amd64 16 guest-stop fail like 66426
test-amd64-i386-xl-qemuu-win7-amd64 16 guest-stop fail like 66426
Tests which did not succeed, but are not blocking:
test-amd64-amd64-xl-pvh-intel 11 guest-start fail never pass
test-amd64-amd64-xl-pvh-amd 11 guest-start fail never pass
test-armhf-armhf-libvirt-raw 9 debian-di-install fail never pass
test-amd64-i386-libvirt 12 migrate-support-check fail never pass
test-amd64-amd64-libvirt 12 migrate-support-check fail never pass
test-armhf-armhf-xl-multivcpu 13 saverestore-support-check fail never pass
test-armhf-armhf-xl-multivcpu 12 migrate-support-check fail never pass
test-armhf-armhf-xl 13 saverestore-support-check fail never pass
test-armhf-armhf-xl 12 migrate-support-check fail never pass
test-amd64-amd64-qemuu-nested-amd 16 debian-hvm-install/l1/l2 fail never pass
test-armhf-armhf-xl-credit2 12 migrate-support-check fail never pass
test-armhf-armhf-xl-credit2 13 saverestore-support-check fail never pass
test-armhf-armhf-libvirt 14 guest-saverestore fail never pass
test-armhf-armhf-libvirt 12 migrate-support-check fail never pass
test-armhf-armhf-xl-arndale 12 migrate-support-check fail never pass
test-armhf-armhf-xl-arndale 13 saverestore-support-check fail never pass
test-armhf-armhf-xl-vhd 10 guest-start fail never pass
test-armhf-armhf-xl-cubietruck 12 migrate-support-check fail never pass
test-armhf-armhf-xl-cubietruck 13 saverestore-support-check fail never pass
test-armhf-armhf-libvirt-qcow2 10 guest-start fail never pass
test-amd64-amd64-libvirt-vhd 11 migrate-support-check fail never pass
version targeted for testing:
xen 845e8c1653242bbd9b9de5a081182db0f3f39054
baseline version:
xen 4c11414775a28ccd29a33c62cd89e202feb631d7
Last test of basis 66426 2015-12-16 11:30:16 Z 22 days
Failing since 66473 2015-12-17 18:53:22 Z 21 days 9 attempts
Testing same since 77293 2016-01-07 00:42:22 Z 1 days 1 attempts
------------------------------------------------------------
People who touched revisions under test:
Dario Faggioli <dario.faggioli@citrix.com>
Ian Campbell <ian.campbell@citrix.com>
Ian Jackson <ian.jackson@eu.citrix.com>
Jan Beulich <jbeulich@suse.com>
jobs:
build-amd64 pass
build-armhf pass
build-i386 pass
build-amd64-libvirt pass
build-armhf-libvirt pass
build-i386-libvirt pass
build-amd64-prev pass
build-i386-prev pass
build-amd64-pvops pass
build-armhf-pvops pass
build-i386-pvops pass
build-amd64-rumpuserxen pass
build-i386-rumpuserxen pass
test-amd64-amd64-xl pass
test-armhf-armhf-xl pass
test-amd64-i386-xl pass
test-amd64-amd64-qemuu-nested-amd fail
test-amd64-amd64-xl-pvh-amd fail
test-amd64-i386-qemut-rhel6hvm-amd pass
test-amd64-i386-qemuu-rhel6hvm-amd pass
test-amd64-amd64-xl-qemut-debianhvm-amd64 pass
test-amd64-i386-xl-qemut-debianhvm-amd64 pass
test-amd64-amd64-xl-qemuu-debianhvm-amd64 pass
test-amd64-i386-xl-qemuu-debianhvm-amd64 pass
test-amd64-i386-freebsd10-amd64 pass
test-amd64-amd64-xl-qemuu-ovmf-amd64 fail
test-amd64-i386-xl-qemuu-ovmf-amd64 fail
test-amd64-amd64-rumpuserxen-amd64 pass
test-amd64-amd64-xl-qemut-win7-amd64 fail
test-amd64-i386-xl-qemut-win7-amd64 fail
test-amd64-amd64-xl-qemuu-win7-amd64 fail
test-amd64-i386-xl-qemuu-win7-amd64 fail
test-armhf-armhf-xl-arndale pass
test-amd64-amd64-xl-credit2 pass
test-armhf-armhf-xl-credit2 pass
test-armhf-armhf-xl-cubietruck pass
test-amd64-i386-freebsd10-i386 pass
test-amd64-i386-rumpuserxen-i386 pass
test-amd64-amd64-qemuu-nested-intel pass
test-amd64-amd64-xl-pvh-intel fail
test-amd64-i386-qemut-rhel6hvm-intel pass
test-amd64-i386-qemuu-rhel6hvm-intel pass
test-amd64-amd64-libvirt pass
test-armhf-armhf-libvirt fail
test-amd64-i386-libvirt pass
test-amd64-amd64-migrupgrade pass
test-amd64-i386-migrupgrade pass
test-amd64-amd64-xl-multivcpu pass
test-armhf-armhf-xl-multivcpu pass
test-amd64-amd64-pair pass
test-amd64-i386-pair pass
test-amd64-amd64-libvirt-pair pass
test-amd64-i386-libvirt-pair pass
test-amd64-amd64-amd64-pvgrub pass
test-amd64-amd64-i386-pvgrub pass
test-amd64-amd64-pygrub pass
test-armhf-armhf-libvirt-qcow2 fail
test-amd64-amd64-xl-qcow2 pass
test-armhf-armhf-libvirt-raw fail
test-amd64-i386-xl-raw pass
test-amd64-amd64-xl-rtds fail
test-armhf-armhf-xl-rtds fail
test-amd64-i386-xl-qemut-winxpsp3-vcpus1 pass
test-amd64-i386-xl-qemuu-winxpsp3-vcpus1 pass
test-amd64-amd64-libvirt-vhd pass
test-armhf-armhf-xl-vhd fail
test-amd64-amd64-xl-qemut-winxpsp3 pass
test-amd64-i386-xl-qemut-winxpsp3 pass
test-amd64-amd64-xl-qemuu-winxpsp3 pass
test-amd64-i386-xl-qemuu-winxpsp3 pass
------------------------------------------------------------
sg-report-flight on osstest.test-lab.xenproject.org
logs: /home/logs/logs
images: /home/logs/images
Logs, config files, etc. are available at
http://logs.test-lab.xenproject.org/osstest/logs
Explanation of these reports, and of osstest in general, is at
http://xenbits.xen.org/gitweb/?p=osstest.git;a=blob;f=README.email;hb=master
http://xenbits.xen.org/gitweb/?p=osstest.git;a=blob;f=README;hb=master
Test harness code can be found at
http://xenbits.xen.org/gitweb?p=osstest.git;a=summary
Not pushing.
------------------------------------------------------------
commit 845e8c1653242bbd9b9de5a081182db0f3f39054
Author: Dario Faggioli <dario.faggioli@citrix.com>
Date: Fri Jun 20 16:09:00 2014 +0200
blktap: Fix two 'maybe uninitialized' variables
[ Cross-ported to blktap1 from 345e44a85d71a
"blktap2: Fix two 'maybe uninitialized' variables" -iwj;
Remainder of commit message is from blktap2's version. ]
for which gcc 4.9.0 complains about, like this:
block-qcow.c: In function `get_cluster_offset':
block-qcow.c:431:3: error: `tmp_ptr' may be used uninitialized in this function
[-Werror=maybe-uninitialized]
memcpy(tmp_ptr, l1_ptr, 4096);
^
block-qcow.c:606:7: error: `tmp_ptr2' may be used uninitialized in this
function [-Werror=maybe-uninitialized]
if (write(s->fd, tmp_ptr2, 4096) != 4096) {
^
cc1: all warnings being treated as errors
/home/dario/Sources/xen/xen/xen.git/tools/blktap2/drivers/../../../tools/Rules.mk:89:
recipe for target 'block-qcow.o' failed
make[5]: *** [block-qcow.o] Error 1
The proper behavior is to return upon allocation failure.
About what to return, 0 seems the best option, looking
at both the function and the call sites.
Signed-off-by: Dario Faggioli <dario.faggioli@citrix.com>
Acked-by: Ian Jackson <ian.jackson@eu.citrix.com>
Backport-requested-by: Ian Campbell <ian.campbell@citrix.com>
Signed-off-by: Ian Jackson <ian.jackson@eu.citrix.com>
commit 7b2ce457b8bbcf928f347fac3d2b111611e61e0a
Author: Ian Jackson <ian.jackson@eu.citrix.com>
Date: Mon Jan 4 15:36:12 2016 +0000
QEMU_TAG update
commit 172797ecdfd4e2cfece6a401b7b000799534c84e
Author: Ian Jackson <ian.jackson@eu.citrix.com>
Date: Fri Dec 18 14:58:10 2015 +0000
QEMU_TAG update
commit 880c29f5838f75764a7767ffbd51942439addbc9
Author: Jan Beulich <jbeulich@suse.com>
Date: Thu Dec 17 14:29:28 2015 +0100
x86/HVM: avoid reading ioreq state more than once
Otherwise, especially when the compiler chooses to translate the
switch() to a jump table, unpredictable behavior (and in the jump table
case arbitrary code execution) can result.
This is XSA-166.
Signed-off-by: Jan Beulich <jbeulich@suse.com>
Acked-by: Ian Campbell <ian.campbell@citrix.com>
master commit: b452430a4cdfc801fa4bc391aed7522365e1deb6
master date: 2015-12-17 14:22:46 +0100
commit b45e5349ee747371d07d833afc9a6d5c9b68a0c6
Author: Jan Beulich <jbeulich@suse.com>
Date: Thu Dec 17 14:28:58 2015 +0100
x86: don't leak ST(n)/XMMn values to domains first using them
FNINIT doesn't alter these registers, and hence using it is
insufficient to initialize a guest's initial state.
This is CVE-2015-8555 / XSA-165.
Signed-off-by: Jan Beulich <jbeulich@suse.com>
Reviewed-by: Andrew Cooper <andrew.cooper3@citrix.com>
master commit: 81818b3f277544535974204f8d840da86fa8a44f
master date: 2015-12-17 14:22:13 +0100
(qemu changes not included)
^ permalink raw reply [flat|nested] only message in thread
only message in thread, other threads:[~2016-01-08 7:49 UTC | newest]
Thread overview: (only message) (download: mbox.gz follow: Atom feed
-- links below jump to the message on this page --
2016-01-08 7:49 [xen-4.5-testing test] 77293: regressions - FAIL osstest service owner
This is a public inbox, see mirroring instructions
for how to clone and mirror all data and code used for this inbox;
as well as URLs for NNTP newsgroup(s).