* [xen-unstable-smoke test] 77524: regressions - FAIL
@ 2016-01-08 18:55 osstest service owner
0 siblings, 0 replies; only message in thread
From: osstest service owner @ 2016-01-08 18:55 UTC (permalink / raw)
To: xen-devel, osstest-admin
flight 77524 xen-unstable-smoke real [real]
http://logs.test-lab.xenproject.org/osstest/logs/77524/
Regressions :-(
Tests which did not succeed and are blocking,
including tests which could not be run:
test-armhf-armhf-xl 6 xen-boot fail REGR. vs. 77507
Tests which did not succeed, but are not blocking:
test-amd64-amd64-libvirt 12 migrate-support-check fail never pass
version targeted for testing:
xen ce95dc84e3a28716997be92e2ad85d3e70dbb73a
baseline version:
xen 75904ac35f589b420d6d30415a64888b121d6484
Last test of basis 77507 2016-01-08 10:02:58 Z 0 days
Testing same since 77524 2016-01-08 16:03:02 Z 0 days 1 attempts
------------------------------------------------------------
People who touched revisions under test:
Andrew Cooper <andrew.cooper3@citrix.com>
Ian Campbell <ian.campbell@citrix.com>
jobs:
build-amd64 pass
build-armhf pass
build-amd64-libvirt pass
test-armhf-armhf-xl fail
test-amd64-amd64-xl-qemuu-debianhvm-i386 pass
test-amd64-amd64-libvirt pass
------------------------------------------------------------
sg-report-flight on osstest.test-lab.xenproject.org
logs: /home/logs/logs
images: /home/logs/images
Logs, config files, etc. are available at
http://logs.test-lab.xenproject.org/osstest/logs
Explanation of these reports, and of osstest in general, is at
http://xenbits.xen.org/gitweb/?p=osstest.git;a=blob;f=README.email;hb=master
http://xenbits.xen.org/gitweb/?p=osstest.git;a=blob;f=README;hb=master
Test harness code can be found at
http://xenbits.xen.org/gitweb?p=osstest.git;a=summary
Not pushing.
------------------------------------------------------------
commit ce95dc84e3a28716997be92e2ad85d3e70dbb73a
Author: Andrew Cooper <andrew.cooper3@citrix.com>
Date: Fri Jan 8 14:38:03 2016 +0000
tools/libxc: Adjust error handling in map_p2m_list() to fix CentOS 7 build
The "goto err;" for malloc() error handling would cause the cleanup code
to use 'ptes' before it had been initialised, and causing a build
failure because of -Werror=maybe-uninitialised.
Use "goto err;" consistently for all error handling.
Signed-off-by: Andrew Cooper <andrew.cooper3@citrix.com>
Reviewed-by: Juergen Gross <jgross@suse.com>
Acked-by: Ian Campbell <ian.campbell@citrix.com>
(qemu changes not included)
^ permalink raw reply [flat|nested] only message in thread
only message in thread, other threads:[~2016-01-08 18:55 UTC | newest]
Thread overview: (only message) (download: mbox.gz follow: Atom feed
-- links below jump to the message on this page --
2016-01-08 18:55 [xen-unstable-smoke test] 77524: regressions - FAIL osstest service owner
This is a public inbox, see mirroring instructions
for how to clone and mirror all data and code used for this inbox;
as well as URLs for NNTP newsgroup(s).