xen-devel.lists.xenproject.org archive mirror
 help / color / mirror / Atom feed
From: osstest service owner <osstest-admin@xenproject.org>
To: xen-devel@lists.xensource.com, osstest-admin@xenproject.org
Subject: [xen-unstable test] 77945: regressions - FAIL
Date: Wed, 13 Jan 2016 19:30:21 +0000	[thread overview]
Message-ID: <osstest-77945-mainreport@xen.org> (raw)

flight 77945 xen-unstable real [real]
http://logs.test-lab.xenproject.org/osstest/logs/77945/

Regressions :-(

Tests which did not succeed and are blocking,
including tests which could not be run:
 test-amd64-i386-xl-qemut-stubdom-debianhvm-amd64-xsm 5 xen-install fail REGR. vs. 77892
 test-amd64-amd64-xl-xsm       5 xen-install               fail REGR. vs. 77892
 test-amd64-i386-xl-xsm        5 xen-install               fail REGR. vs. 77892
 test-amd64-amd64-xl-qemut-stubdom-debianhvm-amd64-xsm 5 xen-install fail REGR. vs. 77892
 test-amd64-i386-xl-qemut-debianhvm-amd64-xsm 5 xen-install fail REGR. vs. 77892
 test-amd64-amd64-xl-qemuu-debianhvm-amd64-xsm 5 xen-install fail REGR. vs. 77892
 test-amd64-amd64-xl-qemut-debianhvm-amd64-xsm 5 xen-install fail REGR. vs. 77892
 test-amd64-i386-xl-qemuu-debianhvm-amd64-xsm 5 xen-install fail REGR. vs. 77892
 test-armhf-armhf-xl-xsm       6 xen-boot                  fail REGR. vs. 77892

Regressions which are regarded as allowable (not blocking):
 test-amd64-i386-libvirt-xsm   5 xen-install               fail REGR. vs. 77892
 test-amd64-amd64-libvirt-xsm  5 xen-install               fail REGR. vs. 77892
 test-amd64-i386-libvirt-qemuu-debianhvm-amd64-xsm 5 xen-install fail REGR. vs. 77892
 test-amd64-amd64-libvirt-qemuu-debianhvm-amd64-xsm 5 xen-install fail REGR. vs. 77892
 test-armhf-armhf-libvirt-xsm  6 xen-boot                  fail REGR. vs. 77892
 test-amd64-i386-rumpuserxen-i386 10 guest-start                fail like 77892
 test-amd64-i386-xl-qemuu-win7-amd64 16 guest-stop              fail like 77892
 test-amd64-amd64-xl-qemut-win7-amd64 16 guest-stop             fail like 77892
 test-armhf-armhf-xl-rtds      9 debian-install               fail   like 77892
 test-amd64-amd64-libvirt-vhd  9 debian-di-install            fail   like 77892

Tests which did not succeed, but are not blocking:
 test-amd64-amd64-xl-pvh-amd  11 guest-start                  fail   never pass
 test-amd64-amd64-xl-pvh-intel 11 guest-start                  fail  never pass
 test-armhf-armhf-libvirt     14 guest-saverestore            fail   never pass
 test-armhf-armhf-libvirt     12 migrate-support-check        fail   never pass
 test-amd64-i386-libvirt      12 migrate-support-check        fail   never pass
 test-amd64-amd64-libvirt     12 migrate-support-check        fail   never pass
 test-amd64-amd64-qemuu-nested-amd 16 debian-hvm-install/l1/l2  fail never pass
 test-amd64-i386-xl-qemut-win7-amd64 16 guest-stop              fail never pass
 test-armhf-armhf-xl-arndale  12 migrate-support-check        fail   never pass
 test-armhf-armhf-xl-arndale  13 saverestore-support-check    fail   never pass
 test-amd64-amd64-xl-qemuu-win7-amd64 16 guest-stop             fail never pass
 test-armhf-armhf-xl-credit2  13 saverestore-support-check    fail   never pass
 test-armhf-armhf-xl-credit2  12 migrate-support-check        fail   never pass
 test-armhf-armhf-xl-cubietruck 12 migrate-support-check        fail never pass
 test-armhf-armhf-xl-cubietruck 13 saverestore-support-check    fail never pass
 test-armhf-armhf-xl          12 migrate-support-check        fail   never pass
 test-armhf-armhf-xl          13 saverestore-support-check    fail   never pass
 test-armhf-armhf-xl-multivcpu 13 saverestore-support-check    fail  never pass
 test-armhf-armhf-xl-multivcpu 12 migrate-support-check        fail  never pass
 test-armhf-armhf-libvirt-raw 13 guest-saverestore            fail   never pass
 test-armhf-armhf-libvirt-raw 11 migrate-support-check        fail   never pass
 test-armhf-armhf-libvirt-qcow2 11 migrate-support-check        fail never pass
 test-armhf-armhf-libvirt-qcow2 13 guest-saverestore            fail never pass
 test-armhf-armhf-xl-vhd       9 debian-di-install            fail   never pass

version targeted for testing:
 xen                  20c8f1a8a5fd61cb6f0ba6f3c3b3d567b1765116
baseline version:
 xen                  f7347a282420a5edc74afb31e7c42c2765f24de5

Last test of basis    77892  2016-01-12 11:30:40 Z    1 days
Testing same since    77945  2016-01-13 04:01:14 Z    0 days    1 attempts

------------------------------------------------------------
People who touched revisions under test:
  Brendan Gregg <bgregg@netflix.com>
  Daniel De Graaf <dgdegra@tycho.nsa.gov>
  Doug Goldstein <cardoe@cardoe.com>
  Haozhong Zhang <haozhong.zhang@intel.com>
  Juergen Gross <jgross@suse.com>
  Kevin Tian <kevin.tian@intel.com>
  Wei Liu <wei.liu2@citrix.com> for tools bits

jobs:
 build-amd64-xsm                                              pass    
 build-armhf-xsm                                              pass    
 build-i386-xsm                                               pass    
 build-amd64                                                  pass    
 build-armhf                                                  pass    
 build-i386                                                   pass    
 build-amd64-libvirt                                          pass    
 build-armhf-libvirt                                          pass    
 build-i386-libvirt                                           pass    
 build-amd64-oldkern                                          pass    
 build-i386-oldkern                                           pass    
 build-amd64-prev                                             pass    
 build-i386-prev                                              pass    
 build-amd64-pvops                                            pass    
 build-armhf-pvops                                            pass    
 build-i386-pvops                                             pass    
 build-amd64-rumpuserxen                                      pass    
 build-i386-rumpuserxen                                       pass    
 test-amd64-amd64-xl                                          pass    
 test-armhf-armhf-xl                                          pass    
 test-amd64-i386-xl                                           pass    
 test-amd64-amd64-xl-qemut-debianhvm-amd64-xsm                fail    
 test-amd64-i386-xl-qemut-debianhvm-amd64-xsm                 fail    
 test-amd64-amd64-libvirt-qemuu-debianhvm-amd64-xsm           fail    
 test-amd64-i386-libvirt-qemuu-debianhvm-amd64-xsm            fail    
 test-amd64-amd64-xl-qemuu-debianhvm-amd64-xsm                fail    
 test-amd64-i386-xl-qemuu-debianhvm-amd64-xsm                 fail    
 test-amd64-amd64-xl-qemut-stubdom-debianhvm-amd64-xsm        fail    
 test-amd64-i386-xl-qemut-stubdom-debianhvm-amd64-xsm         fail    
 test-amd64-amd64-libvirt-xsm                                 fail    
 test-armhf-armhf-libvirt-xsm                                 fail    
 test-amd64-i386-libvirt-xsm                                  fail    
 test-amd64-amd64-xl-xsm                                      fail    
 test-armhf-armhf-xl-xsm                                      fail    
 test-amd64-i386-xl-xsm                                       fail    
 test-amd64-amd64-qemuu-nested-amd                            fail    
 test-amd64-amd64-xl-pvh-amd                                  fail    
 test-amd64-i386-qemut-rhel6hvm-amd                           pass    
 test-amd64-i386-qemuu-rhel6hvm-amd                           pass    
 test-amd64-amd64-xl-qemut-debianhvm-amd64                    pass    
 test-amd64-i386-xl-qemut-debianhvm-amd64                     pass    
 test-amd64-amd64-xl-qemuu-debianhvm-amd64                    pass    
 test-amd64-i386-xl-qemuu-debianhvm-amd64                     pass    
 test-amd64-i386-freebsd10-amd64                              pass    
 test-amd64-amd64-xl-qemuu-ovmf-amd64                         pass    
 test-amd64-i386-xl-qemuu-ovmf-amd64                          pass    
 test-amd64-amd64-rumpuserxen-amd64                           pass    
 test-amd64-amd64-xl-qemut-win7-amd64                         fail    
 test-amd64-i386-xl-qemut-win7-amd64                          fail    
 test-amd64-amd64-xl-qemuu-win7-amd64                         fail    
 test-amd64-i386-xl-qemuu-win7-amd64                          fail    
 test-armhf-armhf-xl-arndale                                  pass    
 test-amd64-amd64-xl-credit2                                  pass    
 test-armhf-armhf-xl-credit2                                  pass    
 test-armhf-armhf-xl-cubietruck                               pass    
 test-amd64-i386-freebsd10-i386                               pass    
 test-amd64-i386-rumpuserxen-i386                             fail    
 test-amd64-amd64-qemuu-nested-intel                          pass    
 test-amd64-amd64-xl-pvh-intel                                fail    
 test-amd64-i386-qemut-rhel6hvm-intel                         pass    
 test-amd64-i386-qemuu-rhel6hvm-intel                         pass    
 test-amd64-amd64-libvirt                                     pass    
 test-armhf-armhf-libvirt                                     fail    
 test-amd64-i386-libvirt                                      pass    
 test-amd64-amd64-migrupgrade                                 pass    
 test-amd64-i386-migrupgrade                                  pass    
 test-amd64-amd64-xl-multivcpu                                pass    
 test-armhf-armhf-xl-multivcpu                                pass    
 test-amd64-amd64-pair                                        pass    
 test-amd64-i386-pair                                         pass    
 test-amd64-amd64-libvirt-pair                                pass    
 test-amd64-i386-libvirt-pair                                 pass    
 test-amd64-amd64-amd64-pvgrub                                pass    
 test-amd64-amd64-i386-pvgrub                                 pass    
 test-amd64-amd64-pygrub                                      pass    
 test-armhf-armhf-libvirt-qcow2                               fail    
 test-amd64-amd64-xl-qcow2                                    pass    
 test-armhf-armhf-libvirt-raw                                 fail    
 test-amd64-i386-xl-raw                                       pass    
 test-amd64-amd64-xl-rtds                                     pass    
 test-armhf-armhf-xl-rtds                                     fail    
 test-amd64-i386-xl-qemut-winxpsp3-vcpus1                     pass    
 test-amd64-i386-xl-qemuu-winxpsp3-vcpus1                     pass    
 test-amd64-amd64-libvirt-vhd                                 fail    
 test-armhf-armhf-xl-vhd                                      fail    
 test-amd64-amd64-xl-qemut-winxpsp3                           pass    
 test-amd64-i386-xl-qemut-winxpsp3                            pass    
 test-amd64-amd64-xl-qemuu-winxpsp3                           pass    
 test-amd64-i386-xl-qemuu-winxpsp3                            pass    


------------------------------------------------------------
sg-report-flight on osstest.test-lab.xenproject.org
logs: /home/logs/logs
images: /home/logs/images

Logs, config files, etc. are available at
    http://logs.test-lab.xenproject.org/osstest/logs

Explanation of these reports, and of osstest in general, is at
    http://xenbits.xen.org/gitweb/?p=osstest.git;a=blob;f=README.email;hb=master
    http://xenbits.xen.org/gitweb/?p=osstest.git;a=blob;f=README;hb=master

Test harness code can be found at
    http://xenbits.xen.org/gitweb?p=osstest.git;a=summary


Not pushing.

------------------------------------------------------------
commit 20c8f1a8a5fd61cb6f0ba6f3c3b3d567b1765116
Author: Doug Goldstein <cardoe@cardoe.com>
Date:   Tue Jan 12 11:39:47 2016 +0100

    convert XSM_ENABLE to Kconfig
    
    Converts the existing XSM_ENABLE flag from Config.mk to CONFIG_XSM
    within Kconfig. This also re-adds the dependency of CONFIG_FLASK on
    CONFIG_XSM.
    
    Signed-off-by: Doug Goldstein <cardoe@cardoe.com>
    Acked-by: Daniel De Graaf <dgdegra@tycho.nsa.gov>

commit 529298fdf9097f8e637f754c9b29bd58a8a714e9
Author: Doug Goldstein <cardoe@cardoe.com>
Date:   Tue Jan 12 11:36:33 2016 +0100

    convert FLASK_ENABLE to Kconfig
    
    Converts the Config.mk option of FLASK_ENABLE into a Kconfig option for
    the hypervisor called CONFIG_FLASK. This commit knowingly breaks the
    dependent relationship on XSM_ENABLE which is addressed when XSM_ENABLE
    is converted to Kconfig.
    
    Signed-off-by: Doug Goldstein <cardoe@cardoe.com>
    Acked-by: Daniel De Graaf <dgdegra@tycho.nsa.gov>

commit 361b4f9f0f0d4adc19df428e224a7b8fa62cd392
Author: Doug Goldstein <cardoe@cardoe.com>
Date:   Tue Jan 12 11:33:55 2016 +0100

    build: save generated xen .config
    
    Since we now support changing Xen options with Kconfig, we should save
    the configuration that was used to build up Xen. This will save it in
    /usr/lib/debug alongside xen-syms and call it xen-$(FULLVERSION).config
    
    Suggested-by: Ian Campbell <ian.campbell@citrix.com>
    Requested-by: Jan Beulich <jbeulich@suse.com> # the directory
    Signed-off-by: Doug Goldstein <cardoe@cardoe.com>

commit e3cce1799df2f957dfa00f84a5315cbf896490fe
Author: Brendan Gregg <bgregg@netflix.com>
Date:   Tue Jan 12 11:33:16 2016 +0100

    x86/VPMU: implement ipc and arch filter flags
    
    This introduces a way to have a restricted VPMU, by specifying one of two
    predefined groups of PMCs to make available. For secure environments, this
    allows the VPMU to be used without needing to enable all PMCs.
    
    Signed-off-by: Brendan Gregg <bgregg@netflix.com>
    Reviewed-by: Boris Ostrovsky <boris.ostrovsky@oracle.com>
    Acked-by: Kevin Tian <kevin.tian@intel.com>

commit 5513bd0b4675e2fa2ff4e9a06885f16727901805
Author: Juergen Gross <jgross@suse.com>
Date:   Tue Jan 12 11:29:55 2016 +0100

    add xenstore domain flag to hypervisor
    
    In order to be able to have full support of a xenstore domain in Xen
    add a "Xenstore-domain" flag to the hypervisor. This flag must be
    specified at domain creation time and is returned by
    XEN_DOMCTL_getdomaininfo.
    
    It will allow the domain to retrieve domain information by issuing the
    XEN_DOMCTL_getdomaininfo itself in order to be able to check for
    domains having been destroyed. At the same time this flag will inhibit
    the domain to be migrated, as this wouldn't be a very wise thing to do.
    
    In case of a later support of a rebootable Dom0 this flag will allow to
    recognize a xenstore domain already being present to connect to.
    
    Signed-off-by: Juergen Gross <jgross@suse.com>
    Acked-by: Daniel De Graaf <dgdegra@tycho.nsa.gov>
    Reviewed-by: Andrew Cooper <andrew.cooper3@citirx.com>

commit cfacce340608be5f94ce0c8f424487b63c3d5399
Author: Haozhong Zhang <haozhong.zhang@intel.com>
Date:   Tue Jan 12 11:29:25 2016 +0100

    x86/hvm: add support for pcommit instruction
    
    Pass PCOMMIT CPU feature into HVM domain. Currently, we do not intercept
    pcommit instruction for L1 guest, and allow L1 to intercept pcommit
    instruction for L2 guest.
    
    The specification of pcommit instruction can be found in
    https://software.intel.com/sites/default/files/managed/0d/53/319433-022.pdf
    
    Signed-off-by: Haozhong Zhang <haozhong.zhang@intel.com>
    Reviewed-by: Andrew Cooper <andrew.cooper3@citrix.com>
    Acked-by: Kevin Tian <kevin.tian@intel.com>
    Acked-by: Wei Liu <wei.liu2@citrix.com> for tools bits

commit 3cb82a561382466208db50d41d6401e2cc4819dd
Author: Haozhong Zhang <haozhong.zhang@intel.com>
Date:   Tue Jan 12 11:28:58 2016 +0100

    x86/hvm: allow guest to use clflushopt and clwb
    
    Pass CPU features CLFLUSHOPT and CLWB into HVM domain so that those two
    instructions can be used by guest.
    
    The specification of above two instructions can be found in
    https://software.intel.com/sites/default/files/managed/0d/53/319433-022.pdf
    
    Signed-off-by: Haozhong Zhang <haozhong.zhang@intel.com>
    Reviewed-by: Andrew Cooper <andrew.cooper3@citrix.com>
    Reviewed-by: Kevin Tian <kevin.tian@intel.com>
    Acked-by: Wei Liu <wei.liu2@citrix.com> for tools bits

commit 165f36d5fa60ade72f691fbb81aad0a2cadaca37
Author: Doug Goldstein <cardoe@cardoe.com>
Date:   Tue Jan 12 11:27:49 2016 +0100

    x86: convert bigmem to Kconfig
    
    Convert the bigmem build option to Kconfig.
    
    Signed-off-by: Doug Goldstein <cardoe@cardoe.com>
(qemu changes not included)

         reply	other threads:[~2016-01-13 19:30 UTC|newest]

Thread overview: 37+ messages / expand[flat|nested]  mbox.gz  Atom feed  top
2016-01-14 14:58 [OSSTEST PATCH] enable FLASK_ENABLE when using it for testing Doug Goldstein
2016-01-14 14:28 ` [OSSTEST PATCH] pass --{enable, disable}-xsmpolicy based on XSM state Doug Goldstein
2016-01-13 19:30   ` osstest service owner [this message]
2016-01-14  9:30     ` [xen-unstable test] 77945: regressions - FAIL Jan Beulich
2016-01-14 11:42       ` Ian Campbell
2016-01-14 12:50         ` Jan Beulich
2016-01-14 13:57           ` Ian Campbell
2016-01-14 14:07             ` Doug Goldstein
2016-01-14 14:44               ` Ian Campbell
2016-01-14 14:54                 ` Doug Goldstein
2016-01-14 14:48               ` Jan Beulich
2016-01-14 15:04                 ` Doug Goldstein
2016-01-14 16:27             ` [xen-unstable test] 77945: regressions - FAIL [and 2 more messages] Ian Jackson
2016-01-14 17:07               ` Doug Goldstein
2016-01-14 17:18                 ` Ian Jackson
2016-01-14 17:25                   ` Ian Campbell
2016-01-14 19:10                   ` Doug Goldstein
2016-01-15 16:06               ` Jan Beulich
2016-01-15 17:06               ` Ian Campbell
2016-01-15 17:10                 ` Ian Jackson
2016-01-15 17:15                 ` Jan Beulich
2016-01-15 17:24                   ` Andrew Cooper
2016-01-15 17:42                     ` Ian Campbell
2016-01-18  7:49                       ` Jan Beulich
2016-01-18  8:55                         ` Andrew Cooper
2016-01-18  9:41                         ` Ian Campbell
2016-01-18  9:47                           ` Jan Beulich
2016-01-18 11:22                             ` Ian Campbell
2016-01-18 11:28                               ` Ian Jackson
2016-01-18 11:36                                 ` Ian Campbell
2016-01-18 12:09                                   ` Ian Campbell
2016-01-15 17:21                 ` Doug Goldstein
2016-01-14 21:40   ` [OSSTEST PATCH] pass --{enable, disable}-xsmpolicy based on XSM state Doug Goldstein
2016-01-16 20:50   ` Doug Goldstein
2016-01-14 16:22 ` [OSSTEST PATCH] enable FLASK_ENABLE when using it for testing Ian Campbell
2016-01-14 16:34   ` Doug Goldstein
2016-01-16 20:54 ` Doug Goldstein

Reply instructions:

You may reply publicly to this message via plain-text email
using any one of the following methods:

* Save the following mbox file, import it into your mail client,
  and reply-to-all from there: mbox

  Avoid top-posting and favor interleaved quoting:
  https://en.wikipedia.org/wiki/Posting_style#Interleaved_style

* Reply using the --to, --cc, and --in-reply-to
  switches of git-send-email(1):

  git send-email \
    --in-reply-to=osstest-77945-mainreport@xen.org \
    --to=osstest-admin@xenproject.org \
    --cc=xen-devel@lists.xensource.com \
    /path/to/YOUR_REPLY

  https://kernel.org/pub/software/scm/git/docs/git-send-email.html

* If your mail client supports setting the In-Reply-To header
  via mailto: links, try the mailto: link
Be sure your reply has a Subject: header at the top and a blank line before the message body.
This is a public inbox, see mirroring instructions
for how to clone and mirror all data and code used for this inbox;
as well as URLs for NNTP newsgroup(s).