xen-devel.lists.xenproject.org archive mirror
 help / color / mirror / Atom feed
* [linux-linus test] 78054: regressions - FAIL
@ 2016-01-14 14:44 osstest service owner
  2016-01-14 15:07 ` Ian Campbell
  0 siblings, 1 reply; 2+ messages in thread
From: osstest service owner @ 2016-01-14 14:44 UTC (permalink / raw)
  To: xen-devel, osstest-admin

flight 78054 linux-linus real [real]
http://logs.test-lab.xenproject.org/osstest/logs/78054/

Regressions :-(

Tests which did not succeed and are blocking,
including tests which could not be run:
 test-amd64-amd64-xl-credit2  19 guest-start/debian.repeat fail REGR. vs. 59254
 test-armhf-armhf-xl-cubietruck  6 xen-boot                fail REGR. vs. 59254
 test-armhf-armhf-xl-multivcpu  6 xen-boot                 fail REGR. vs. 59254
 test-amd64-i386-xl-qemut-stubdom-debianhvm-amd64-xsm 9 debian-hvm-install fail REGR. vs. 59254
 test-amd64-i386-rumpuserxen-i386 10 guest-start           fail REGR. vs. 59254

Regressions which are regarded as allowable (not blocking):
 test-amd64-amd64-libvirt-vhd  9 debian-di-install       fail baseline untested
 test-amd64-amd64-xl-qemuu-win7-amd64 16 guest-stop             fail like 59254
 test-amd64-i386-xl-qemut-win7-amd64 16 guest-stop              fail like 59254
 test-armhf-armhf-xl-rtds     15 guest-start/debian.repeat    fail   like 59254
 test-amd64-i386-xl-qemuu-win7-amd64 16 guest-stop              fail like 59254

Tests which did not succeed, but are not blocking:
 test-amd64-amd64-xl-pvh-amd  11 guest-start                  fail   never pass
 test-amd64-amd64-xl-pvh-intel 14 guest-saverestore            fail  never pass
 test-amd64-i386-libvirt-xsm  12 migrate-support-check        fail   never pass
 test-armhf-armhf-libvirt-raw 13 guest-saverestore            fail   never pass
 test-armhf-armhf-libvirt-raw 11 migrate-support-check        fail   never pass
 test-armhf-armhf-libvirt-qcow2 11 migrate-support-check        fail never pass
 test-armhf-armhf-libvirt-qcow2 13 guest-saverestore            fail never pass
 test-armhf-armhf-libvirt-xsm 12 migrate-support-check        fail   never pass
 test-armhf-armhf-libvirt-xsm 14 guest-saverestore            fail   never pass
 test-armhf-armhf-xl-credit2  13 saverestore-support-check    fail   never pass
 test-armhf-armhf-xl-credit2  12 migrate-support-check        fail   never pass
 test-armhf-armhf-xl-arndale  12 migrate-support-check        fail   never pass
 test-armhf-armhf-xl-arndale  13 saverestore-support-check    fail   never pass
 test-armhf-armhf-xl          12 migrate-support-check        fail   never pass
 test-armhf-armhf-xl          13 saverestore-support-check    fail   never pass
 test-amd64-i386-libvirt      12 migrate-support-check        fail   never pass
 test-amd64-amd64-libvirt-xsm 12 migrate-support-check        fail   never pass
 test-amd64-i386-libvirt-qemuu-debianhvm-amd64-xsm 10 migrate-support-check fail never pass
 test-amd64-amd64-qemuu-nested-intel 13 xen-boot/l1             fail never pass
 test-amd64-amd64-libvirt     12 migrate-support-check        fail   never pass
 test-amd64-amd64-libvirt-qemuu-debianhvm-amd64-xsm 10 migrate-support-check fail never pass
 test-amd64-amd64-qemuu-nested-amd 13 xen-boot/l1               fail never pass
 test-amd64-amd64-xl-qemut-win7-amd64 16 guest-stop             fail never pass
 test-armhf-armhf-xl-xsm      13 saverestore-support-check    fail   never pass
 test-armhf-armhf-xl-xsm      12 migrate-support-check        fail   never pass
 test-armhf-armhf-xl-rtds     13 saverestore-support-check    fail   never pass
 test-armhf-armhf-xl-rtds     12 migrate-support-check        fail   never pass
 test-armhf-armhf-libvirt     14 guest-saverestore            fail   never pass
 test-armhf-armhf-libvirt     12 migrate-support-check        fail   never pass
 test-armhf-armhf-xl-vhd       9 debian-di-install            fail   never pass

version targeted for testing:
 linux                1289ace5b4f70f1e68ce785735b82c7e483de863
baseline version:
 linux                45820c294fe1b1a9df495d57f40585ef2d069a39

Last test of basis    59254  2015-07-09 04:20:48 Z  189 days
Failing since         59348  2015-07-10 04:24:05 Z  188 days  123 attempts
Testing same since    78054  2016-01-14 04:25:07 Z    0 days    1 attempts

------------------------------------------------------------
3722 people touched revisions under test,
not listing them all

jobs:
 build-amd64-xsm                                              pass    
 build-armhf-xsm                                              pass    
 build-i386-xsm                                               pass    
 build-amd64                                                  pass    
 build-armhf                                                  pass    
 build-i386                                                   pass    
 build-amd64-libvirt                                          pass    
 build-armhf-libvirt                                          pass    
 build-i386-libvirt                                           pass    
 build-amd64-pvops                                            pass    
 build-armhf-pvops                                            pass    
 build-i386-pvops                                             pass    
 build-amd64-rumpuserxen                                      pass    
 build-i386-rumpuserxen                                       pass    
 test-amd64-amd64-xl                                          pass    
 test-armhf-armhf-xl                                          pass    
 test-amd64-i386-xl                                           pass    
 test-amd64-amd64-xl-qemut-debianhvm-amd64-xsm                pass    
 test-amd64-i386-xl-qemut-debianhvm-amd64-xsm                 pass    
 test-amd64-amd64-libvirt-qemuu-debianhvm-amd64-xsm           pass    
 test-amd64-i386-libvirt-qemuu-debianhvm-amd64-xsm            pass    
 test-amd64-amd64-xl-qemuu-debianhvm-amd64-xsm                pass    
 test-amd64-i386-xl-qemuu-debianhvm-amd64-xsm                 pass    
 test-amd64-amd64-xl-qemut-stubdom-debianhvm-amd64-xsm        pass    
 test-amd64-i386-xl-qemut-stubdom-debianhvm-amd64-xsm         fail    
 test-amd64-amd64-libvirt-xsm                                 pass    
 test-armhf-armhf-libvirt-xsm                                 fail    
 test-amd64-i386-libvirt-xsm                                  pass    
 test-amd64-amd64-xl-xsm                                      pass    
 test-armhf-armhf-xl-xsm                                      pass    
 test-amd64-i386-xl-xsm                                       pass    
 test-amd64-amd64-qemuu-nested-amd                            fail    
 test-amd64-amd64-xl-pvh-amd                                  fail    
 test-amd64-i386-qemut-rhel6hvm-amd                           pass    
 test-amd64-i386-qemuu-rhel6hvm-amd                           pass    
 test-amd64-amd64-xl-qemut-debianhvm-amd64                    pass    
 test-amd64-i386-xl-qemut-debianhvm-amd64                     pass    
 test-amd64-amd64-xl-qemuu-debianhvm-amd64                    pass    
 test-amd64-i386-xl-qemuu-debianhvm-amd64                     pass    
 test-amd64-i386-freebsd10-amd64                              pass    
 test-amd64-amd64-xl-qemuu-ovmf-amd64                         pass    
 test-amd64-i386-xl-qemuu-ovmf-amd64                          pass    
 test-amd64-amd64-rumpuserxen-amd64                           pass    
 test-amd64-amd64-xl-qemut-win7-amd64                         fail    
 test-amd64-i386-xl-qemut-win7-amd64                          fail    
 test-amd64-amd64-xl-qemuu-win7-amd64                         fail    
 test-amd64-i386-xl-qemuu-win7-amd64                          fail    
 test-armhf-armhf-xl-arndale                                  pass    
 test-amd64-amd64-xl-credit2                                  fail    
 test-armhf-armhf-xl-credit2                                  pass    
 test-armhf-armhf-xl-cubietruck                               fail    
 test-amd64-i386-freebsd10-i386                               pass    
 test-amd64-i386-rumpuserxen-i386                             fail    
 test-amd64-amd64-qemuu-nested-intel                          fail    
 test-amd64-amd64-xl-pvh-intel                                fail    
 test-amd64-i386-qemut-rhel6hvm-intel                         pass    
 test-amd64-i386-qemuu-rhel6hvm-intel                         pass    
 test-amd64-amd64-libvirt                                     pass    
 test-armhf-armhf-libvirt                                     fail    
 test-amd64-i386-libvirt                                      pass    
 test-amd64-amd64-xl-multivcpu                                pass    
 test-armhf-armhf-xl-multivcpu                                fail    
 test-amd64-amd64-pair                                        pass    
 test-amd64-i386-pair                                         pass    
 test-amd64-amd64-libvirt-pair                                pass    
 test-amd64-i386-libvirt-pair                                 pass    
 test-amd64-amd64-amd64-pvgrub                                pass    
 test-amd64-amd64-i386-pvgrub                                 pass    
 test-amd64-amd64-pygrub                                      pass    
 test-armhf-armhf-libvirt-qcow2                               fail    
 test-amd64-amd64-xl-qcow2                                    pass    
 test-armhf-armhf-libvirt-raw                                 fail    
 test-amd64-i386-xl-raw                                       pass    
 test-amd64-amd64-xl-rtds                                     pass    
 test-armhf-armhf-xl-rtds                                     fail    
 test-amd64-i386-xl-qemut-winxpsp3-vcpus1                     pass    
 test-amd64-i386-xl-qemuu-winxpsp3-vcpus1                     pass    
 test-amd64-amd64-libvirt-vhd                                 fail    
 test-armhf-armhf-xl-vhd                                      fail    
 test-amd64-amd64-xl-qemut-winxpsp3                           pass    
 test-amd64-i386-xl-qemut-winxpsp3                            pass    
 test-amd64-amd64-xl-qemuu-winxpsp3                           pass    
 test-amd64-i386-xl-qemuu-winxpsp3                            pass    


------------------------------------------------------------
sg-report-flight on osstest.test-lab.xenproject.org
logs: /home/logs/logs
images: /home/logs/images

Logs, config files, etc. are available at
    http://logs.test-lab.xenproject.org/osstest/logs

Explanation of these reports, and of osstest in general, is at
    http://xenbits.xen.org/gitweb/?p=osstest.git;a=blob;f=README.email;hb=master
    http://xenbits.xen.org/gitweb/?p=osstest.git;a=blob;f=README;hb=master

Test harness code can be found at
    http://xenbits.xen.org/gitweb?p=osstest.git;a=summary


Not pushing.

(No revision log; it would be 648923 lines long.)

^ permalink raw reply	[flat|nested] 2+ messages in thread

* Re: [linux-linus test] 78054: regressions - FAIL
  2016-01-14 14:44 [linux-linus test] 78054: regressions - FAIL osstest service owner
@ 2016-01-14 15:07 ` Ian Campbell
  0 siblings, 0 replies; 2+ messages in thread
From: Ian Campbell @ 2016-01-14 15:07 UTC (permalink / raw)
  To: osstest service owner, xen-devel

On Thu, 2016-01-14 at 14:44 +0000, osstest service owner wrote:
> flight 78054 linux-linus real [real]
> http://logs.test-lab.xenproject.org/osstest/logs/78054/
> 
> Regressions :-(
> 
> Tests which did not succeed and are blocking,
> including tests which could not be run:
>  test-amd64-amd64-xl-credit2  19 guest-start/debian.repeat fail REGR. vs. 59254

http://logs.test-lab.xenproject.org/osstest/results/history/test-amd64-amd64-xl-credit2/linux-linus.html

looks to be a infrequent failure, unlucky on this occasion.

>  test-armhf-armhf-xl-cubietruck  6 xen-boot                fail REGR. vs. 59254

Jan 14 11:14:19.336263 [    6.683272] sun4i-ss 1c15000.crypto-engine: Die ID 0
Jan 14 11:14:19.341246 [    7.501227] Unable to handle kernel paging request at virtual address 000027e4
Jan 14 11:14:20.156925 [    7.501306] pgd = c0204000
Jan 14 11:14:20.159665 [    7.501325] [000027e4] *pgd=00000000
Jan 14 11:14:20.163296 [    7.501362] Internal error: Oops: 17 [#1] SMP ARM
Jan 14 11:14:20.168045 [    7.501401] Modules linked in: brcmfmac cfg80211 brcmutil axp20x_usb_power sun4i_ss des_generic
Jan 14 11:14:20.177078 [    7.501476] CPU: 0 PID: 4 Comm: kworker/0:0 Not tainted 4.4.0+ #1
Jan 14 11:14:20.183048 [    7.501504] Hardware name: Allwinner sun7i (A20) Family
Jan 14 11:14:20.188301 [    7.501588] Workqueue: events brcmf_driver_register [brcmfmac]
Jan 14 11:14:20.194178 [    7.501630] task: db060fc0 ti: db074000 task.ti: db074000
Jan 14 11:14:20.199672 [    7.501693] PC is at brcmf_ops_sdio_probe+0x290/0x428 [brcmfmac]
[...]

Looks to be a known issue:
http://www.spinics.net/lists/kernel/msg2162290.html

>  test-armhf-armhf-xl-multivcpu  6 xen-boot                 fail REGR. vs. 59254

Same as above.

>  test-amd64-i386-xl-qemut-stubdom-debianhvm-amd64-xsm 9 debian-hvm-install fail REGR. vs. 59254

Covered by <22165.11872.378852.10093@mariner.uk.xensource.com>

>  test-amd64-i386-rumpuserxen-i386 10 guest-start           fail REGR. vs. 59254

This is a known regression which we have been force pushing, but not in the
presence of all of the above.

Ian.

_______________________________________________
Xen-devel mailing list
Xen-devel@lists.xen.org
http://lists.xen.org/xen-devel

^ permalink raw reply	[flat|nested] 2+ messages in thread

end of thread, other threads:[~2016-01-14 15:07 UTC | newest]

Thread overview: 2+ messages (download: mbox.gz follow: Atom feed
-- links below jump to the message on this page --
2016-01-14 14:44 [linux-linus test] 78054: regressions - FAIL osstest service owner
2016-01-14 15:07 ` Ian Campbell

This is a public inbox, see mirroring instructions
for how to clone and mirror all data and code used for this inbox;
as well as URLs for NNTP newsgroup(s).