From mboxrd@z Thu Jan 1 00:00:00 1970 From: osstest service owner Subject: [ovmf test] 78063: regressions - FAIL Date: Thu, 14 Jan 2016 14:40:14 +0000 Message-ID: Mime-Version: 1.0 Content-Type: text/plain; charset="us-ascii" Content-Transfer-Encoding: 7bit Return-path: List-Unsubscribe: , List-Post: List-Help: List-Subscribe: , Sender: xen-devel-bounces@lists.xen.org Errors-To: xen-devel-bounces@lists.xen.org To: xen-devel@lists.xensource.com, osstest-admin@xenproject.org List-Id: xen-devel@lists.xenproject.org flight 78063 ovmf real [real] http://logs.test-lab.xenproject.org/osstest/logs/78063/ Regressions :-( Tests which did not succeed and are blocking, including tests which could not be run: test-amd64-amd64-xl-qemuu-ovmf-amd64 17 guest-start/debianhvm.repeat fail REGR. vs. 65543 test-amd64-i386-xl-qemuu-ovmf-amd64 17 guest-start/debianhvm.repeat fail in 77990 REGR. vs. 65543 Tests which are failing intermittently (not blocking): test-amd64-amd64-xl-qemuu-ovmf-amd64 15 guest-localmigrate/x10 fail in 77990 pass in 78063 test-amd64-i386-xl-qemuu-ovmf-amd64 15 guest-localmigrate/x10 fail pass in 77990 version targeted for testing: ovmf ef422fc53c4bc978767fcee35b284f61c02ea6d5 baseline version: ovmf 5ac96e3a28dd26eabee421919f67fa7c443a47f1 Last test of basis 65543 2015-12-08 08:45:15 Z 37 days Failing since 65593 2015-12-08 23:44:51 Z 36 days 24 attempts Testing same since 77886 2016-01-12 09:02:22 Z 2 days 4 attempts ------------------------------------------------------------ People who touched revisions under test: "Samer El-Haj-Mahmoud" "Yao, Jiewen" Andrew Fish Ard Biesheuvel Cecil Sheng Chao Zhang Dandan Bi Daocheng Bu Daryl McDaniel Eric Dong Eric Dong Eugene Cohen Feng Tian Fu Siyuan Hao Wu Hess Chen Heyi Guo Jaben Carsey Jeff Fan Jiaxin Wu Jim Dailey Jordan Justen Larry Hauch Laszlo Ersek Leekha Shaveta Liming Gao Mark Rutland Michael Kinney Michael Thomas Paulo Alcantara Qin Long Qiu Shumin Ruiyu Ni Samer El-Haj-Mahmoud Samer El-Haj-Mahmoud Star Zeng Tapan Shah Yao Jiewen Yao, Jiewen Ye Ting Yonghong Zhu Zhang Lubo jobs: build-amd64-xsm pass build-i386-xsm pass build-amd64 pass build-i386 pass build-amd64-libvirt pass build-i386-libvirt pass build-amd64-pvops pass build-i386-pvops pass test-amd64-amd64-xl-qemuu-ovmf-amd64 fail test-amd64-i386-xl-qemuu-ovmf-amd64 fail ------------------------------------------------------------ sg-report-flight on osstest.test-lab.xenproject.org logs: /home/logs/logs images: /home/logs/images Logs, config files, etc. are available at http://logs.test-lab.xenproject.org/osstest/logs Explanation of these reports, and of osstest in general, is at http://xenbits.xen.org/gitweb/?p=osstest.git;a=blob;f=README.email;hb=master http://xenbits.xen.org/gitweb/?p=osstest.git;a=blob;f=README;hb=master Test harness code can be found at http://xenbits.xen.org/gitweb?p=osstest.git;a=summary Not pushing. (No revision log; it would be 4925 lines long.)