* [linux-next test] 78164: regressions - FAIL
@ 2016-01-15 23:57 osstest service owner
  0 siblings, 0 replies; only message in thread
From: osstest service owner @ 2016-01-15 23:57 UTC (permalink / raw)
  To: xen-devel, osstest-admin
flight 78164 linux-next real [real]
http://logs.test-lab.xenproject.org/osstest/logs/78164/
Regressions :-(
Tests which did not succeed and are blocking,
including tests which could not be run:
 test-amd64-amd64-xl-credit2  15 guest-localmigrate        fail REGR. vs. 78054
 test-amd64-amd64-xl-xsm      15 guest-localmigrate        fail REGR. vs. 78054
 test-amd64-amd64-xl          15 guest-localmigrate        fail REGR. vs. 78054
 test-amd64-amd64-xl-multivcpu 15 guest-localmigrate       fail REGR. vs. 78054
 test-amd64-i386-xl-xsm       15 guest-localmigrate        fail REGR. vs. 78054
 test-amd64-i386-xl           15 guest-localmigrate        fail REGR. vs. 78054
 test-amd64-amd64-pair  22 guest-migrate/dst_host/src_host fail REGR. vs. 78054
 test-amd64-amd64-xl-qemut-stubdom-debianhvm-amd64-xsm 13 guest-localmigrate fail REGR. vs. 78054
 test-armhf-armhf-xl          18 leak-check/check          fail REGR. vs. 78054
 test-amd64-amd64-xl-qemut-debianhvm-amd64-xsm 14 guest-saverestore.2 fail REGR. vs. 78054
 test-amd64-amd64-xl-qemut-win7-amd64 12 guest-saverestore fail REGR. vs. 78054
 test-amd64-i386-pair   22 guest-migrate/dst_host/src_host fail REGR. vs. 78054
Regressions which are regarded as allowable (not blocking):
 test-amd64-i386-libvirt-xsm  15 guest-saverestore.2       fail REGR. vs. 78054
 test-amd64-amd64-libvirt-xsm 15 guest-saverestore.2       fail REGR. vs. 78054
 test-amd64-amd64-libvirt-pair 22 guest-migrate/dst_host/src_host fail REGR. vs. 78054
 test-amd64-i386-libvirt      15 guest-saverestore.2       fail REGR. vs. 78054
 test-armhf-armhf-libvirt-raw  6 xen-boot                  fail REGR. vs. 78054
 test-armhf-armhf-libvirt-xsm  6 xen-boot                  fail REGR. vs. 78054
 test-amd64-amd64-xl-rtds     15 guest-localmigrate        fail REGR. vs. 78054
 test-amd64-i386-libvirt-pair 22 guest-migrate/dst_host/src_host fail REGR. vs. 78054
 test-amd64-amd64-libvirt     15 guest-saverestore.2       fail REGR. vs. 78054
 test-amd64-i386-rumpuserxen-i386 10 guest-start                fail like 78054
 test-armhf-armhf-xl-rtds     15 guest-start/debian.repeat    fail   like 78054
 test-armhf-armhf-xl-cubietruck  6 xen-boot                     fail like 78054
 test-amd64-i386-xl-qemuu-win7-amd64 16 guest-stop              fail like 78054
 test-amd64-amd64-xl-qemuu-win7-amd64 16 guest-stop             fail like 78054
 test-amd64-i386-xl-qemut-win7-amd64 16 guest-stop              fail like 78054
 test-amd64-amd64-libvirt-vhd  9 debian-di-install            fail   like 78054
Tests which did not succeed, but are not blocking:
 test-amd64-amd64-xl-pvh-intel 14 guest-saverestore            fail  never pass
 test-amd64-amd64-xl-pvh-amd  11 guest-start                  fail   never pass
 test-amd64-i386-libvirt-xsm  12 migrate-support-check        fail   never pass
 test-amd64-amd64-libvirt-xsm 12 migrate-support-check        fail   never pass
 test-armhf-armhf-libvirt-qcow2 11 migrate-support-check        fail never pass
 test-armhf-armhf-libvirt-qcow2 13 guest-saverestore            fail never pass
 test-armhf-armhf-xl-arndale  12 migrate-support-check        fail   never pass
 test-armhf-armhf-xl-arndale  13 saverestore-support-check    fail   never pass
 test-amd64-amd64-libvirt-qemuu-debianhvm-amd64-xsm 10 migrate-support-check fail never pass
 test-armhf-armhf-xl          12 migrate-support-check        fail   never pass
 test-armhf-armhf-xl          13 saverestore-support-check    fail   never pass
 test-amd64-i386-libvirt      12 migrate-support-check        fail   never pass
 test-amd64-amd64-qemuu-nested-intel 13 xen-boot/l1             fail never pass
 test-armhf-armhf-xl-rtds     13 saverestore-support-check    fail   never pass
 test-armhf-armhf-xl-rtds     12 migrate-support-check        fail   never pass
 test-armhf-armhf-libvirt     14 guest-saverestore            fail   never pass
 test-armhf-armhf-libvirt     12 migrate-support-check        fail   never pass
 test-armhf-armhf-xl-credit2  13 saverestore-support-check    fail   never pass
 test-armhf-armhf-xl-credit2  12 migrate-support-check        fail   never pass
 test-armhf-armhf-xl-xsm      13 saverestore-support-check    fail   never pass
 test-armhf-armhf-xl-xsm      12 migrate-support-check        fail   never pass
 test-amd64-amd64-qemuu-nested-amd 13 xen-boot/l1               fail never pass
 test-amd64-i386-libvirt-qemuu-debianhvm-amd64-xsm 10 migrate-support-check fail never pass
 test-amd64-amd64-libvirt     12 migrate-support-check        fail   never pass
 test-armhf-armhf-xl-multivcpu 13 saverestore-support-check    fail  never pass
 test-armhf-armhf-xl-multivcpu 12 migrate-support-check        fail  never pass
 test-armhf-armhf-xl-vhd       9 debian-di-install            fail   never pass
version targeted for testing:
 linux                39750fe2d360d6f1ccdc6b33d0a5cb624c97a5fd
baseline version:
 linux                1289ace5b4f70f1e68ce785735b82c7e483de863
Last test of basis                          (not found)     
Failing since             0  1970-01-01 00:00:00 Z 16815 days
Testing same since    78164  2016-01-15 09:22:31 Z    0 days    1 attempts
jobs:
 build-amd64-xsm                                              pass    
 build-armhf-xsm                                              pass    
 build-i386-xsm                                               pass    
 build-amd64                                                  pass    
 build-armhf                                                  pass    
 build-i386                                                   pass    
 build-amd64-libvirt                                          pass    
 build-armhf-libvirt                                          pass    
 build-i386-libvirt                                           pass    
 build-amd64-pvops                                            pass    
 build-armhf-pvops                                            pass    
 build-i386-pvops                                             pass    
 build-amd64-rumpuserxen                                      pass    
 build-i386-rumpuserxen                                       pass    
 test-amd64-amd64-xl                                          fail    
 test-armhf-armhf-xl                                          fail    
 test-amd64-i386-xl                                           fail    
 test-amd64-amd64-xl-qemut-debianhvm-amd64-xsm                fail    
 test-amd64-i386-xl-qemut-debianhvm-amd64-xsm                 pass    
 test-amd64-amd64-libvirt-qemuu-debianhvm-amd64-xsm           pass    
 test-amd64-i386-libvirt-qemuu-debianhvm-amd64-xsm            pass    
 test-amd64-amd64-xl-qemuu-debianhvm-amd64-xsm                pass    
 test-amd64-i386-xl-qemuu-debianhvm-amd64-xsm                 pass    
 test-amd64-amd64-xl-qemut-stubdom-debianhvm-amd64-xsm        fail    
 test-amd64-i386-xl-qemut-stubdom-debianhvm-amd64-xsm         pass    
 test-amd64-amd64-libvirt-xsm                                 fail    
 test-armhf-armhf-libvirt-xsm                                 fail    
 test-amd64-i386-libvirt-xsm                                  fail    
 test-amd64-amd64-xl-xsm                                      fail    
 test-armhf-armhf-xl-xsm                                      pass    
 test-amd64-i386-xl-xsm                                       fail    
 test-amd64-amd64-qemuu-nested-amd                            fail    
 test-amd64-amd64-xl-pvh-amd                                  fail    
 test-amd64-i386-qemut-rhel6hvm-amd                           pass    
 test-amd64-i386-qemuu-rhel6hvm-amd                           pass    
 test-amd64-amd64-xl-qemut-debianhvm-amd64                    pass    
 test-amd64-i386-xl-qemut-debianhvm-amd64                     pass    
 test-amd64-amd64-xl-qemuu-debianhvm-amd64                    pass    
 test-amd64-i386-xl-qemuu-debianhvm-amd64                     pass    
 test-amd64-i386-freebsd10-amd64                              pass    
 test-amd64-amd64-xl-qemuu-ovmf-amd64                         pass    
 test-amd64-i386-xl-qemuu-ovmf-amd64                          pass    
 test-amd64-amd64-rumpuserxen-amd64                           pass    
 test-amd64-amd64-xl-qemut-win7-amd64                         fail    
 test-amd64-i386-xl-qemut-win7-amd64                          fail    
 test-amd64-amd64-xl-qemuu-win7-amd64                         fail    
 test-amd64-i386-xl-qemuu-win7-amd64                          fail    
 test-armhf-armhf-xl-arndale                                  pass    
 test-amd64-amd64-xl-credit2                                  fail    
 test-armhf-armhf-xl-credit2                                  pass    
 test-armhf-armhf-xl-cubietruck                               fail    
 test-amd64-i386-freebsd10-i386                               pass    
 test-amd64-i386-rumpuserxen-i386                             fail    
 test-amd64-amd64-qemuu-nested-intel                          fail    
 test-amd64-amd64-xl-pvh-intel                                fail    
 test-amd64-i386-qemut-rhel6hvm-intel                         pass    
 test-amd64-i386-qemuu-rhel6hvm-intel                         pass    
 test-amd64-amd64-libvirt                                     fail    
 test-armhf-armhf-libvirt                                     fail    
 test-amd64-i386-libvirt                                      fail    
 test-amd64-amd64-xl-multivcpu                                fail    
 test-armhf-armhf-xl-multivcpu                                pass    
 test-amd64-amd64-pair                                        fail    
 test-amd64-i386-pair                                         fail    
 test-amd64-amd64-libvirt-pair                                fail    
 test-amd64-i386-libvirt-pair                                 fail    
 test-amd64-amd64-amd64-pvgrub                                pass    
 test-amd64-amd64-i386-pvgrub                                 pass    
 test-amd64-amd64-pygrub                                      pass    
 test-armhf-armhf-libvirt-qcow2                               fail    
 test-amd64-amd64-xl-qcow2                                    pass    
 test-armhf-armhf-libvirt-raw                                 fail    
 test-amd64-i386-xl-raw                                       pass    
 test-amd64-amd64-xl-rtds                                     fail    
 test-armhf-armhf-xl-rtds                                     fail    
 test-amd64-i386-xl-qemut-winxpsp3-vcpus1                     pass    
 test-amd64-i386-xl-qemuu-winxpsp3-vcpus1                     pass    
 test-amd64-amd64-libvirt-vhd                                 fail    
 test-armhf-armhf-xl-vhd                                      fail    
 test-amd64-amd64-xl-qemut-winxpsp3                           pass    
 test-amd64-i386-xl-qemut-winxpsp3                            pass    
 test-amd64-amd64-xl-qemuu-winxpsp3                           pass    
 test-amd64-i386-xl-qemuu-winxpsp3                            pass    
------------------------------------------------------------
sg-report-flight on osstest.test-lab.xenproject.org
logs: /home/logs/logs
images: /home/logs/images
Logs, config files, etc. are available at
    http://logs.test-lab.xenproject.org/osstest/logs
Explanation of these reports, and of osstest in general, is at
    http://xenbits.xen.org/gitweb/?p=osstest.git;a=blob;f=README.email;hb=master
    http://xenbits.xen.org/gitweb/?p=osstest.git;a=blob;f=README;hb=master
Test harness code can be found at
    http://xenbits.xen.org/gitweb?p=osstest.git;a=summary
Push not applicable.
^ permalink raw reply	[flat|nested] only message in thread
only message in thread, other threads:[~2016-01-15 23:57 UTC | newest]
Thread overview: (only message) (download: mbox.gz follow: Atom feed
-- links below jump to the message on this page --
2016-01-15 23:57 [linux-next test] 78164: regressions - FAIL osstest service owner
This is a public inbox, see mirroring instructions
for how to clone and mirror all data and code used for this inbox;
as well as URLs for NNTP newsgroup(s).