xen-devel.lists.xenproject.org archive mirror
 help / color / mirror / Atom feed
* [xen-unstable-smoke test] 78436: tolerable FAIL - PUSHED
@ 2016-01-18 15:44 osstest service owner
  2016-01-18 16:06 ` [PATCH OSSTEST] stop allowing libvirt failures (Was: Re: [xen-unstable-smoke test] 78436: tolerable FAIL - PUSHED) Ian Campbell
  0 siblings, 1 reply; 4+ messages in thread
From: osstest service owner @ 2016-01-18 15:44 UTC (permalink / raw)
  To: xen-devel, osstest-admin

flight 78436 xen-unstable-smoke real [real]
http://logs.test-lab.xenproject.org/osstest/logs/78436/

Failures :-/ but no regressions.

Regressions which are regarded as allowable (not blocking):
 test-amd64-amd64-libvirt      6 xen-boot                  fail REGR. vs. 78183

Tests which did not succeed, but are not blocking:
 test-armhf-armhf-xl          12 migrate-support-check        fail   never pass
 test-armhf-armhf-xl          13 saverestore-support-check    fail   never pass

version targeted for testing:
 xen                  a942a6f4ca64c023bec072f1d8d4e1d637815eb1
baseline version:
 xen                  7a1d1becf020f1fa511692bd97d50402588ef28d

Last test of basis    78183  2016-01-15 16:01:54 Z    2 days
Testing same since    78436  2016-01-18 13:01:53 Z    0 days    1 attempts

------------------------------------------------------------
People who touched revisions under test:
  Doug Goldstein <cardoe@cardoe.com>
  Ian Campbell <ian.campbell@citrix.com>
  Ian Jackson <ian.jackson@eu.citrix.com>

jobs:
 build-amd64                                                  pass    
 build-armhf                                                  pass    
 build-amd64-libvirt                                          pass    
 test-armhf-armhf-xl                                          pass    
 test-amd64-amd64-xl-qemuu-debianhvm-i386                     pass    
 test-amd64-amd64-libvirt                                     fail    


------------------------------------------------------------
sg-report-flight on osstest.test-lab.xenproject.org
logs: /home/logs/logs
images: /home/logs/images

Logs, config files, etc. are available at
    http://logs.test-lab.xenproject.org/osstest/logs

Explanation of these reports, and of osstest in general, is at
    http://xenbits.xen.org/gitweb/?p=osstest.git;a=blob;f=README.email;hb=master
    http://xenbits.xen.org/gitweb/?p=osstest.git;a=blob;f=README;hb=master

Test harness code can be found at
    http://xenbits.xen.org/gitweb?p=osstest.git;a=summary


Pushing revision :

+ branch=xen-unstable-smoke
+ revision=a942a6f4ca64c023bec072f1d8d4e1d637815eb1
+ . ./cri-lock-repos
++ . ./cri-common
+++ . ./cri-getconfig
+++ umask 002
+++ getrepos
++++ getconfig Repos
++++ perl -e '
                use Osstest;
                readglobalconfig();
                print $c{"Repos"} or die $!;
        '
+++ local repos=/home/osstest/repos
+++ '[' -z /home/osstest/repos ']'
+++ '[' '!' -d /home/osstest/repos ']'
+++ echo /home/osstest/repos
++ repos=/home/osstest/repos
++ repos_lock=/home/osstest/repos/lock
++ '[' x '!=' x/home/osstest/repos/lock ']'
++ OSSTEST_REPOS_LOCK_LOCKED=/home/osstest/repos/lock
++ exec with-lock-ex -w /home/osstest/repos/lock ./ap-push xen-unstable-smoke a942a6f4ca64c023bec072f1d8d4e1d637815eb1
+ branch=xen-unstable-smoke
+ revision=a942a6f4ca64c023bec072f1d8d4e1d637815eb1
+ . ./cri-lock-repos
++ . ./cri-common
+++ . ./cri-getconfig
+++ umask 002
+++ getrepos
++++ getconfig Repos
++++ perl -e '
                use Osstest;
                readglobalconfig();
                print $c{"Repos"} or die $!;
        '
+++ local repos=/home/osstest/repos
+++ '[' -z /home/osstest/repos ']'
+++ '[' '!' -d /home/osstest/repos ']'
+++ echo /home/osstest/repos
++ repos=/home/osstest/repos
++ repos_lock=/home/osstest/repos/lock
++ '[' x/home/osstest/repos/lock '!=' x/home/osstest/repos/lock ']'
+ . ./cri-common
++ . ./cri-getconfig
++ umask 002
+ select_xenbranch
+ case "$branch" in
+ tree=xen
+ xenbranch=xen-unstable-smoke
+ qemuubranch=qemu-upstream-unstable
+ '[' xxen = xlinux ']'
+ linuxbranch=
+ '[' xqemu-upstream-unstable = x ']'
+ select_prevxenbranch
++ ./cri-getprevxenbranch xen-unstable-smoke
+ prevxenbranch=xen-unstable
+ '[' xa942a6f4ca64c023bec072f1d8d4e1d637815eb1 = x ']'
+ : tested/2.6.39.x
+ . ./ap-common
++ : osstest@xenbits.xen.org
+++ getconfig OsstestUpstream
+++ perl -e '
                use Osstest;
                readglobalconfig();
                print $c{"OsstestUpstream"} or die $!;
        '
++ :
++ : git://xenbits.xen.org/xen.git
++ : osstest@xenbits.xen.org:/home/xen/git/xen.git
++ : git://xenbits.xen.org/qemu-xen-traditional.git
++ : git://git.kernel.org
++ : git://git.kernel.org/pub/scm/linux/kernel/git
++ : git
++ : git://xenbits.xen.org/libvirt.git
++ : osstest@xenbits.xen.org:/home/xen/git/libvirt.git
++ : git://xenbits.xen.org/libvirt.git
++ : git://xenbits.xen.org/rumpuser-xen.git
++ : git
++ : git://xenbits.xen.org/rumpuser-xen.git
++ : osstest@xenbits.xen.org:/home/xen/git/rumpuser-xen.git
+++ besteffort_repo https://github.com/rumpkernel/rumpkernel-netbsd-src
+++ local repo=https://github.com/rumpkernel/rumpkernel-netbsd-src
+++ cached_repo https://github.com/rumpkernel/rumpkernel-netbsd-src '[fetch=try]'
+++ local repo=https://github.com/rumpkernel/rumpkernel-netbsd-src
+++ local 'options=[fetch=try]'
++++ getconfig GitCacheProxy
++++ perl -e '
                use Osstest;
                readglobalconfig();
                print $c{"GitCacheProxy"} or die $!;
        '
+++ local cache=git://cache:9419/
+++ '[' xgit://cache:9419/ '!=' x ']'
+++ echo 'git://cache:9419/https://github.com/rumpkernel/rumpkernel-netbsd-src%20[fetch=try]'
++ : 'git://cache:9419/https://github.com/rumpkernel/rumpkernel-netbsd-src%20[fetch=try]'
++ : git
++ : git://git.seabios.org/seabios.git
++ : osstest@xenbits.xen.org:/home/xen/git/osstest/seabios.git
++ : git://xenbits.xen.org/osstest/seabios.git
++ : https://github.com/tianocore/edk2.git
++ : osstest@xenbits.xen.org:/home/xen/git/osstest/ovmf.git
++ : git://xenbits.xen.org/osstest/ovmf.git
++ : git://xenbits.xen.org/osstest/linux-firmware.git
++ : osstest@xenbits.xen.org:/home/osstest/ext/linux-firmware.git
++ : git://git.kernel.org/pub/scm/linux/kernel/git/firmware/linux-firmware.git
++ : osstest@xenbits.xen.org:/home/xen/git/linux-pvops.git
++ : git://xenbits.xen.org/linux-pvops.git
++ : tested/linux-3.14
++ : tested/linux-arm-xen
++ '[' xgit://xenbits.xen.org/linux-pvops.git = x ']'
++ '[' x = x ']'
++ : git://xenbits.xen.org/linux-pvops.git
++ : tested/linux-arm-xen
++ : git://git.kernel.org/pub/scm/linux/kernel/git/konrad/xen.git
++ : tested/2.6.39.x
++ : daily-cron.xen-unstable-smoke
++ : daily-cron.xen-unstable-smoke
++ : daily-cron.xen-unstable-smoke
++ : daily-cron.xen-unstable-smoke
++ : daily-cron.xen-unstable-smoke
++ : daily-cron.xen-unstable-smoke
++ : http://hg.uk.xensource.com/carbon/trunk/linux-2.6.27
++ : git://xenbits.xen.org/qemu-xen.git
++ : osstest@xenbits.xen.org:/home/xen/git/qemu-xen.git
++ : daily-cron.xen-unstable-smoke
++ : git://xenbits.xen.org/qemu-xen.git
++ : git://git.qemu.org/qemu.git
+ TREE_LINUX=osstest@xenbits.xen.org:/home/xen/git/linux-pvops.git
+ TREE_QEMU_UPSTREAM=osstest@xenbits.xen.org:/home/xen/git/qemu-xen.git
+ TREE_XEN=osstest@xenbits.xen.org:/home/xen/git/xen.git
+ TREE_LIBVIRT=osstest@xenbits.xen.org:/home/xen/git/libvirt.git
+ TREE_RUMPUSERXEN=osstest@xenbits.xen.org:/home/xen/git/rumpuser-xen.git
+ TREE_SEABIOS=osstest@xenbits.xen.org:/home/xen/git/osstest/seabios.git
+ TREE_OVMF=osstest@xenbits.xen.org:/home/xen/git/osstest/ovmf.git
+ info_linux_tree xen-unstable-smoke
+ case $1 in
+ return 1
+ case "$branch" in
+ cd /home/osstest/repos/xen
+ git push osstest@xenbits.xen.org:/home/xen/git/xen.git a942a6f4ca64c023bec072f1d8d4e1d637815eb1:refs/heads/smoke
To osstest@xenbits.xen.org:/home/xen/git/xen.git
   7a1d1be..a942a6f  a942a6f4ca64c023bec072f1d8d4e1d637815eb1 -> smoke

^ permalink raw reply	[flat|nested] 4+ messages in thread

* [PATCH OSSTEST] stop allowing libvirt failures (Was: Re: [xen-unstable-smoke test] 78436: tolerable FAIL - PUSHED)
  2016-01-18 15:44 [xen-unstable-smoke test] 78436: tolerable FAIL - PUSHED osstest service owner
@ 2016-01-18 16:06 ` Ian Campbell
  2016-01-18 16:13   ` Ian Campbell
  2016-01-19 13:44   ` Ian Jackson
  0 siblings, 2 replies; 4+ messages in thread
From: Ian Campbell @ 2016-01-18 16:06 UTC (permalink / raw)
  To: Ian Jackson; +Cc: xen-devel, osstest service owner

On Mon, 2016-01-18 at 15:44 +0000, osstest service owner wrote:
> flight 78436 xen-unstable-smoke real [real]
> http://logs.test-lab.xenproject.org/osstest/logs/78436/
> 
> Failures :-/ but no regressions.
> 
> Regressions which are regarded as allowable (not blocking):
>  test-amd64-amd64-libvirt      6 xen-boot                  fail REGR. vs. 78183

Well that ain't right...

8<---------

From 13e31f297f9f5e95d510fe7d88dc1c7088fe8c63 Mon Sep 17 00:00:00 2001
From: Ian Campbell <ian.campbell@citrix.com>
Date: Mon, 18 Jan 2016 15:54:15 +0000
Subject: [PATCH] stop allowing libvirt failures

In Feb/Mar 2015 (not long after adding the libvirt tests) we appear to
have added test-@@-libvirt@@ to the set of allowed failures in
response to some issues with libvirtd crashing.

However looking at the history of test-@@-libvirt@@ on all branches
both in the COLO and in Cambridge (which was the production instance
back then) I don't see any evidence that this issue is still ongoing
(which matches my recollection of it having been fixed).

Therefore remove the entries allowing libvirt failures.

This effectively reverts:

00023a5af6ff allow files: Allow all libvirt test failures on other branches
83b8c8eafb18 allow.all: Do not regard libvirt guest start failures as regressions

Signed-off-by: Ian Campbell <ian.campbell@citrix.com>
---
 allow.all     | 1 -
 allow.libvirt | 1 -
 2 files changed, 2 deletions(-)
 delete mode 100644 allow.libvirt

diff --git a/allow.all b/allow.all
index 8060595..785d0b2 100644
--- a/allow.all
+++ b/allow.all
@@ -2,7 +2,6 @@ test-@@-rtds@@
 build-@@                        logs-capture@@
 test-@@-pcipt@@
 test-@@-qemuu-@@		guest-localmigrate
-test-@@-libvirt@@
 test-@@-rumpuserxen@@		rumpuserxen-demo-xenstorels/xenstorels
 test-@@-win7-@@			guest-stop
 test-@@-rumpuserxen-@@		rumpuserxen-demo-xenstorels/xenstorels.repeat
diff --git a/allow.libvirt b/allow.libvirt
deleted file mode 100644
index abc7669..0000000
--- a/allow.libvirt
+++ /dev/null
@@ -1 +0,0 @@
-!test-@@-libvirt@@
-- 
2.6.1


_______________________________________________
Xen-devel mailing list
Xen-devel@lists.xen.org
http://lists.xen.org/xen-devel

^ permalink raw reply related	[flat|nested] 4+ messages in thread

* Re: [PATCH OSSTEST] stop allowing libvirt failures (Was: Re: [xen-unstable-smoke test] 78436: tolerable FAIL - PUSHED)
  2016-01-18 16:06 ` [PATCH OSSTEST] stop allowing libvirt failures (Was: Re: [xen-unstable-smoke test] 78436: tolerable FAIL - PUSHED) Ian Campbell
@ 2016-01-18 16:13   ` Ian Campbell
  2016-01-19 13:44   ` Ian Jackson
  1 sibling, 0 replies; 4+ messages in thread
From: Ian Campbell @ 2016-01-18 16:13 UTC (permalink / raw)
  To: Ian Jackson; +Cc: xen-devel, osstest service owner

On Mon, 2016-01-18 at 16:06 +0000, Ian Campbell wrote:
> On Mon, 2016-01-18 at 15:44 +0000, osstest service owner wrote:
> > flight 78436 xen-unstable-smoke real [real]
> > http://logs.test-lab.xenproject.org/osstest/logs/78436/
> > 
> > Failures :-/ but no regressions.
> > 
> > Regressions which are regarded as allowable (not blocking):
> >  test-amd64-amd64-libvirt      6 xen-boot                  fail REGR.
> > vs. 78183
> 
> Well that ain't right...

WRT the failure of godello1 here http://logs.test-lab.xenproject.org/osstes
t/results/host/godello1.html looks fine, just that one boot failure which
from the serial looks like a stall during boot:

Jan 18 13:49:54.637028 (XEN) TSC deadline timer enabled
Jan 18 13:49:54.853035 (XEN) Platform timer is 14.318MHz HPET
Jan 18 13:49:55.013014 Jan 18 13:55:41.658594 <client 0x1c1b400 connected - now 1 clients>
(XEN) Allocated console ring of 32
Jan 18 13:55:41.673404 <client 0x1c1b400 disconnected - now 0 clients>
 KiB.
Jan 18 13:55:41.681035 (XEN) *** Serial input -> DOM0 (type 'CTRL-x' three times to switch input to Xen)
Jan 18 13:55:41.689042 (XEN) microcode: CPU0 updated from revision 0x17 to 0x1c, date = 2014-07-03 
Jan 18 13:55:41.697012 (XEN) mwait-idle: MWAIT substates: 0x42120
Jan 18 13:55:41.705006 (XEN) mwait-idle: v0.4 model 0x3c

Ian.


_______________________________________________
Xen-devel mailing list
Xen-devel@lists.xen.org
http://lists.xen.org/xen-devel

^ permalink raw reply	[flat|nested] 4+ messages in thread

* Re: [PATCH OSSTEST] stop allowing libvirt failures (Was: Re: [xen-unstable-smoke test] 78436: tolerable FAIL - PUSHED)
  2016-01-18 16:06 ` [PATCH OSSTEST] stop allowing libvirt failures (Was: Re: [xen-unstable-smoke test] 78436: tolerable FAIL - PUSHED) Ian Campbell
  2016-01-18 16:13   ` Ian Campbell
@ 2016-01-19 13:44   ` Ian Jackson
  1 sibling, 0 replies; 4+ messages in thread
From: Ian Jackson @ 2016-01-19 13:44 UTC (permalink / raw)
  To: Ian Campbell; +Cc: xen-devel, osstest service owner

Ian Campbell writes ("[PATCH OSSTEST] stop allowing libvirt failures (Was: Re: [xen-unstable-smoke test] 78436: tolerable FAIL - PUSHED)"):
> On Mon, 2016-01-18 at 15:44 +0000, osstest service owner wrote:
> > flight 78436 xen-unstable-smoke real [real]
> > http://logs.test-lab.xenproject.org/osstest/logs/78436/
> > 
> > Failures :-/ but no regressions.
> > 
> > Regressions which are regarded as allowable (not blocking):
> >  test-amd64-amd64-libvirt      6 xen-boot                  fail REGR. vs. 78183
> 
> Well that ain't right...

Acked-by: Ian Jackson <ian.jackson@eu.citrix.com>

^ permalink raw reply	[flat|nested] 4+ messages in thread

end of thread, other threads:[~2016-01-19 13:44 UTC | newest]

Thread overview: 4+ messages (download: mbox.gz follow: Atom feed
-- links below jump to the message on this page --
2016-01-18 15:44 [xen-unstable-smoke test] 78436: tolerable FAIL - PUSHED osstest service owner
2016-01-18 16:06 ` [PATCH OSSTEST] stop allowing libvirt failures (Was: Re: [xen-unstable-smoke test] 78436: tolerable FAIL - PUSHED) Ian Campbell
2016-01-18 16:13   ` Ian Campbell
2016-01-19 13:44   ` Ian Jackson

This is a public inbox, see mirroring instructions
for how to clone and mirror all data and code used for this inbox;
as well as URLs for NNTP newsgroup(s).