* [xen-4.5-testing test] 78640: regressions - FAIL
@ 2016-01-21 20:49 osstest service owner
0 siblings, 0 replies; only message in thread
From: osstest service owner @ 2016-01-21 20:49 UTC (permalink / raw)
To: xen-devel, osstest-admin
flight 78640 xen-4.5-testing real [real]
http://logs.test-lab.xenproject.org/osstest/logs/78640/
Regressions :-(
Tests which did not succeed and are blocking,
including tests which could not be run:
test-amd64-amd64-xl-qemuu-ovmf-amd64 15 guest-localmigrate/x10 fail REGR. vs. 78529
test-amd64-amd64-xl-qemuu-winxpsp3 15 guest-localmigrate/x10 fail REGR. vs. 78529
test-amd64-amd64-xl-qemuu-win7-amd64 15 guest-localmigrate/x10 fail REGR. vs. 78529
Regressions which are regarded as allowable (not blocking):
test-amd64-amd64-rumpuserxen-amd64 15 rumpuserxen-demo-xenstorels/xenstorels.repeat fail REGR. vs. 78529
test-amd64-amd64-xl-rtds 6 xen-boot fail like 78529
test-amd64-i386-xl-qemut-win7-amd64 16 guest-stop fail like 78529
test-armhf-armhf-xl-rtds 11 guest-start fail like 78529
Tests which did not succeed, but are not blocking:
test-amd64-amd64-xl-pvh-amd 11 guest-start fail never pass
test-amd64-amd64-xl-pvh-intel 11 guest-start fail never pass
test-amd64-amd64-libvirt 12 migrate-support-check fail never pass
test-amd64-i386-libvirt 12 migrate-support-check fail never pass
test-armhf-armhf-xl-arndale 12 migrate-support-check fail never pass
test-armhf-armhf-xl-arndale 13 saverestore-support-check fail never pass
test-armhf-armhf-xl 13 saverestore-support-check fail never pass
test-armhf-armhf-xl 12 migrate-support-check fail never pass
test-armhf-armhf-libvirt 14 guest-saverestore fail never pass
test-armhf-armhf-libvirt 12 migrate-support-check fail never pass
test-amd64-amd64-qemuu-nested-amd 16 debian-hvm-install/l1/l2 fail never pass
test-amd64-amd64-libvirt-vhd 11 migrate-support-check fail never pass
test-armhf-armhf-xl-multivcpu 13 saverestore-support-check fail never pass
test-armhf-armhf-xl-multivcpu 12 migrate-support-check fail never pass
test-armhf-armhf-xl-cubietruck 12 migrate-support-check fail never pass
test-armhf-armhf-xl-cubietruck 13 saverestore-support-check fail never pass
test-armhf-armhf-libvirt-qcow2 10 guest-start fail never pass
test-armhf-armhf-xl-credit2 12 migrate-support-check fail never pass
test-armhf-armhf-xl-credit2 13 saverestore-support-check fail never pass
test-armhf-armhf-libvirt-raw 10 guest-start fail never pass
test-armhf-armhf-xl-vhd 10 guest-start fail never pass
version targeted for testing:
xen 7afddd3b945b11a7f5162d1355283b6b9ae7aba3
baseline version:
xen a34fbcf30bbe5a9aa8b57d21e7afcfa7b78c520a
Last test of basis 78529 2016-01-19 14:11:11 Z 2 days
Testing same since 78640 2016-01-20 22:36:08 Z 0 days 1 attempts
------------------------------------------------------------
People who touched revisions under test:
Andrew Cooper <andrew.cooper3@citrix.com>
Ian Campbell <ian.campbell@citrix.com>
Jan Beulich <jbeulich@suse.com>
Kevin Tian <kevin.tian@intel.com>
jobs:
build-amd64 pass
build-armhf pass
build-i386 pass
build-amd64-libvirt pass
build-armhf-libvirt pass
build-i386-libvirt pass
build-amd64-prev pass
build-i386-prev pass
build-amd64-pvops pass
build-armhf-pvops pass
build-i386-pvops pass
build-amd64-rumpuserxen pass
build-i386-rumpuserxen pass
test-amd64-amd64-xl pass
test-armhf-armhf-xl pass
test-amd64-i386-xl pass
test-amd64-amd64-qemuu-nested-amd fail
test-amd64-amd64-xl-pvh-amd fail
test-amd64-i386-qemut-rhel6hvm-amd pass
test-amd64-i386-qemuu-rhel6hvm-amd pass
test-amd64-amd64-xl-qemut-debianhvm-amd64 pass
test-amd64-i386-xl-qemut-debianhvm-amd64 pass
test-amd64-amd64-xl-qemuu-debianhvm-amd64 pass
test-amd64-i386-xl-qemuu-debianhvm-amd64 pass
test-amd64-i386-freebsd10-amd64 pass
test-amd64-amd64-xl-qemuu-ovmf-amd64 fail
test-amd64-i386-xl-qemuu-ovmf-amd64 pass
test-amd64-amd64-rumpuserxen-amd64 fail
test-amd64-amd64-xl-qemut-win7-amd64 pass
test-amd64-i386-xl-qemut-win7-amd64 fail
test-amd64-amd64-xl-qemuu-win7-amd64 fail
test-amd64-i386-xl-qemuu-win7-amd64 pass
test-armhf-armhf-xl-arndale pass
test-amd64-amd64-xl-credit2 pass
test-armhf-armhf-xl-credit2 pass
test-armhf-armhf-xl-cubietruck pass
test-amd64-i386-freebsd10-i386 pass
test-amd64-i386-rumpuserxen-i386 pass
test-amd64-amd64-qemuu-nested-intel pass
test-amd64-amd64-xl-pvh-intel fail
test-amd64-i386-qemut-rhel6hvm-intel pass
test-amd64-i386-qemuu-rhel6hvm-intel pass
test-amd64-amd64-libvirt pass
test-armhf-armhf-libvirt fail
test-amd64-i386-libvirt pass
test-amd64-amd64-migrupgrade pass
test-amd64-i386-migrupgrade pass
test-amd64-amd64-xl-multivcpu pass
test-armhf-armhf-xl-multivcpu pass
test-amd64-amd64-pair pass
test-amd64-i386-pair pass
test-amd64-amd64-libvirt-pair pass
test-amd64-i386-libvirt-pair pass
test-amd64-amd64-amd64-pvgrub pass
test-amd64-amd64-i386-pvgrub pass
test-amd64-amd64-pygrub pass
test-armhf-armhf-libvirt-qcow2 fail
test-amd64-amd64-xl-qcow2 pass
test-armhf-armhf-libvirt-raw fail
test-amd64-i386-xl-raw pass
test-amd64-amd64-xl-rtds fail
test-armhf-armhf-xl-rtds fail
test-amd64-i386-xl-qemut-winxpsp3-vcpus1 pass
test-amd64-i386-xl-qemuu-winxpsp3-vcpus1 pass
test-amd64-amd64-libvirt-vhd pass
test-armhf-armhf-xl-vhd fail
test-amd64-amd64-xl-qemut-winxpsp3 pass
test-amd64-i386-xl-qemut-winxpsp3 pass
test-amd64-amd64-xl-qemuu-winxpsp3 fail
test-amd64-i386-xl-qemuu-winxpsp3 pass
------------------------------------------------------------
sg-report-flight on osstest.test-lab.xenproject.org
logs: /home/logs/logs
images: /home/logs/images
Logs, config files, etc. are available at
http://logs.test-lab.xenproject.org/osstest/logs
Explanation of these reports, and of osstest in general, is at
http://xenbits.xen.org/gitweb/?p=osstest.git;a=blob;f=README.email;hb=master
http://xenbits.xen.org/gitweb/?p=osstest.git;a=blob;f=README;hb=master
Test harness code can be found at
http://xenbits.xen.org/gitweb?p=osstest.git;a=summary
Not pushing.
------------------------------------------------------------
commit 7afddd3b945b11a7f5162d1355283b6b9ae7aba3
Author: Ian Campbell <ian.campbell@citrix.com>
Date: Wed Jan 20 14:06:22 2016 +0100
docs: correct descriptions of gnttab_max_{, maptrack}_frames
gnttab_max_frames incorrectly referred to numbers of grant tab
operations and gnttab_max_maptrack_frames was confusingly worded.
Add the default for gnttab_max_frames while here (it's currently the
same on all arches since no arch uses the available arch override) and
adjust the default for gnttab_max_maptrack_frames to match the normal
form.
Signed-off-by: Ian Campbell <ian.campbell@citrix.com>
Acked-by: Jan Beulich <jbeulich@suse.com>
Reviewed-by: Andrew Cooper <andrew.cooper3@citrix.com>
master commit: ef17887d848dae0ca46231b47bf30d3c1d4aa87d
master date: 2016-01-19 16:24:44 +0000
commit 5a1acb6a9e76a96ce7c63d230884ba9fb3265504
Author: Andrew Cooper <andrew.cooper3@citrix.com>
Date: Wed Jan 20 14:05:48 2016 +0100
x86/vmx: Fix injection of #DB traps following XSA-156
Most #DB exceptions are traps rather than faults, meaning that the instruction
pointer in the exception frame points after the instruction rather than at it.
However, VMX intercepts all have fault semantics, even when intercepting a
trap. Re-injecting an intercepted trap as a fault causes an infinite loop in
the guest, by re-executing the same trapping instruction repeatedly. This
breaks debugging inside the guest.
Introduce a helper which copies VM_EXIT_INTR_INTO to VM_ENTRY_INTR_INFO, and
use it to mirror the intercepted interrupt back to the guest.
Signed-off-by: Andrew Cooper <andrew.cooper3@citrix.com>
Acked-by: Kevin Tian <kevin.tian@intel.com>
master commit: 0747bc8b4d85f3fc0ee1e58418418fa0229e8ff8
master date: 2016-01-05 11:28:56 +0000
commit 934e86f1d9ba94bc7d50f4fa30cab495ef79bbdc
Author: Jan Beulich <jbeulich@suse.com>
Date: Wed Jan 20 14:03:02 2016 +0100
x86/VMX: prevent INVVPID failure due to non-canonical guest address
While INVLPG (and on SVM INVLPGA) don't fault on non-canonical
addresses, INVVPID fails (in the "individual address" case) when passed
such an address.
Since such intercepted INVLPG are effectively no-ops anyway, don't fix
this in vmx_invlpg_intercept(), but instead have paging_invlpg() never
return true in such a case.
This is CVE-2016-1571 / XSA-168.
Signed-off-by: Jan Beulich <jbeulich@suse.com>
Reviewed-by: Andrew Cooper <andrew.cooper3@citrix.com>
Acked-by: Ian Campbell <ian.campbell@citrix.com>
master commit: bf05e88ed7342a91cceba050b6c622accb809842
master date: 2016-01-20 13:50:10 +0100
commit 642943d1614d25a035e9923b916e46e9b446ee81
Author: Jan Beulich <jbeulich@suse.com>
Date: Wed Jan 20 14:02:17 2016 +0100
x86/mm: PV superpage handling lacks sanity checks
MMUEXT_{,UN}MARK_SUPER fail to check the input MFN for validity before
dereferencing pointers into the superpage frame table.
Reported-by: Qinghao Tang <luodalongde@gmail.com>
get_superpage() has a similar issue.
This is CVE-2016-1570 / XSA-167.
Signed-off-by: Jan Beulich <jbeulich@suse.com>
Acked-by: Ian Campbell <ian.campbell@citrix.com>
master commit: 47abf29a9255b2e7b94e56d66b455d0a584b68b8
master date: 2016-01-20 13:49:23 +0100
(qemu changes not included)
^ permalink raw reply [flat|nested] only message in thread
only message in thread, other threads:[~2016-01-21 20:49 UTC | newest]
Thread overview: (only message) (download: mbox.gz follow: Atom feed
-- links below jump to the message on this page --
2016-01-21 20:49 [xen-4.5-testing test] 78640: regressions - FAIL osstest service owner
This is a public inbox, see mirroring instructions
for how to clone and mirror all data and code used for this inbox;
as well as URLs for NNTP newsgroup(s).