From mboxrd@z Thu Jan 1 00:00:00 1970 From: osstest service owner Subject: [linux-4.1 test] 79329: regressions - trouble: blocked/broken/fail/pass Date: Fri, 29 Jan 2016 04:11:26 +0000 Message-ID: Mime-Version: 1.0 Content-Type: multipart/mixed; boundary="===============4984295455143880501==" Return-path: List-Unsubscribe: , List-Post: List-Help: List-Subscribe: , Sender: xen-devel-bounces@lists.xen.org Errors-To: xen-devel-bounces@lists.xen.org To: xen-devel@lists.xensource.com, osstest-admin@xenproject.org List-Id: xen-devel@lists.xenproject.org --===============4984295455143880501== Content-Length: 14462 Content-Transfer-Encoding: quoted-printable flight 79329 linux-4.1 real [real] http://logs.test-lab.xenproject.org/osstest/logs/79329/ Regressions :-( Tests which did not succeed and are blocking, including tests which could not be run: build-amd64-rumpuserxen 6 xen-build fail REGR. vs. 66399 build-i386-rumpuserxen 6 xen-build fail REGR. vs. 66399 test-armhf-armhf-xl-cubietruck 15 guest-start/debian.repeat fail REGR. vs. 66399 test-armhf-armhf-xl-credit2 15 guest-start/debian.repeat fail REGR. vs. 66399 test-armhf-armhf-xl-xsm 15 guest-start/debian.repeat fail in 79008 REGR. vs. 66399 test-amd64-i386-xl-qemut-win7-amd64 16 guest-stop running in 79090 Tests which are failing intermittently (not blocking): test-armhf-armhf-xl-rtds 3 host-install(3) broken pass in 79162 test-amd64-amd64-xl-qemut-debianhvm-amd64-xsm 9 debian-hvm-install fail in 79090 pass in 79329 test-armhf-armhf-xl-arndale 6 xen-boot fail in 79090 pass in 79329 test-armhf-armhf-xl-cubietruck 11 guest-start fail in 79090 pass in 79329 test-armhf-armhf-xl-credit2 11 guest-start fail in 79090 pass in 79329 test-amd64-i386-xl-qemut-stubdom-debianhvm-amd64-xsm 9 debian-hvm-install fail in 79090 pass in 79329 test-amd64-amd64-xl-qemuu-winxpsp3 6 xen-boot fail in 79162 pass in 79329 test-armhf-armhf-xl-xsm 11 guest-start fail pass in 79008 test-armhf-armhf-xl 15 guest-start/debian.repeat fail pass in 79090 Regressions which are regarded as allowable (not blocking): test-amd64-i386-xl-qemut-win7-amd64 16 guest-stop fail in 79008 like 66399 test-amd64-i386-rumpuserxen-i386 10 guest-start fail in 79090 like 66399 test-amd64-amd64-xl-qemut-win7-amd64 16 guest-stop fail in 79090 like 66399 test-amd64-i386-xl-qemuu-win7-amd64 16 guest-stop fail in 79090 like 66399 test-armhf-armhf-xl-rtds 15 guest-start/debian.repeat fail in 79090 like 66399 test-amd64-amd64-xl-qemuu-win7-amd64 16 guest-stop fail like 66399 test-armhf-armhf-xl-vhd 9 debian-di-install fail like 66399 Tests which did not succeed, but are not blocking: test-amd64-i386-rumpuserxen-i386 1 build-check(1) blocked n/a test-amd64-amd64-rumpuserxen-amd64 1 build-check(1) blocked n/a test-armhf-armhf-xl-xsm 13 saverestore-support-check fail in 79008 never pass test-armhf-armhf-xl-xsm 12 migrate-support-check fail in 79008 never pass test-armhf-armhf-xl-vhd 11 migrate-support-check fail in 79008 never pass test-armhf-armhf-xl-vhd 12 saverestore-support-check fail in 79008 never pass test-armhf-armhf-xl-rtds 13 saverestore-support-check fail in 79090 never pass test-armhf-armhf-xl-rtds 12 migrate-support-check fail in 79090 never pass test-amd64-amd64-xl-pvh-amd 11 guest-start fail never pass test-amd64-amd64-xl-pvh-intel 14 guest-saverestore fail never pass test-armhf-armhf-libvirt-xsm 12 migrate-support-check fail never pass test-armhf-armhf-libvirt-xsm 14 guest-saverestore fail never pass test-amd64-amd64-libvirt 12 migrate-support-check fail never pass test-amd64-amd64-libvirt-xsm 12 migrate-support-check fail never pass test-armhf-armhf-libvirt 14 guest-saverestore fail never pass test-armhf-armhf-libvirt 12 migrate-support-check fail never pass test-armhf-armhf-libvirt-qcow2 11 migrate-support-check fail never pass test-armhf-armhf-libvirt-qcow2 13 guest-saverestore fail never pass test-amd64-i386-libvirt-xsm 12 migrate-support-check fail never pass test-amd64-amd64-qemuu-nested-amd 16 debian-hvm-install/l1/l2 fail never pass test-armhf-armhf-xl-arndale 12 migrate-support-check fail never pass test-armhf-armhf-xl-arndale 13 saverestore-support-check fail never pass test-amd64-amd64-libvirt-qemuu-debianhvm-amd64-xsm 10 migrate-support-check fail never pass test-armhf-armhf-xl 12 migrate-support-check fail never pass test-armhf-armhf-xl 13 saverestore-support-check fail never pass test-amd64-i386-libvirt 12 migrate-support-check fail never pass test-amd64-amd64-libvirt-vhd 11 migrate-support-check fail never pass test-armhf-armhf-xl-cubietruck 12 migrate-support-check fail never pass test-armhf-armhf-xl-cubietruck 13 saverestore-support-check fail never pass test-armhf-armhf-xl-credit2 13 saverestore-support-check fail never pass test-armhf-armhf-xl-credit2 12 migrate-support-check fail never pass test-amd64-i386-libvirt-qemuu-debianhvm-amd64-xsm 10 migrate-support-check fail never pass test-armhf-armhf-xl-multivcpu 13 saverestore-support-check fail never pass test-armhf-armhf-xl-multivcpu 12 migrate-support-check fail never pass test-armhf-armhf-libvirt-raw 9 debian-di-install fail never pass version targeted for testing: linux 99c5a856dcee7658ec7e250aa477a9afaab8cfc6 baseline version: linux 07cc49f66973f49a391c91bf4b158fa0f2562ca8 Last test of basis 66399 2015-12-15 18:20:39 Z 44 days Testing same since 78925 2016-01-24 13:50:39 Z 4 days 6 attempts ------------------------------------------------------------ People who touched revisions under test: Alan Stern Alexey Khoroshilov Arnd Bergmann Azael Avalos Ben Hutchings Bj=C3=B8rn Mork Cong Wang Daniele Palmas Darren Hart David Howells David J. Wilder David S. Miller Dmitry Katsubo Dmitry Vyukov Don Zickus Eric Dumazet Felipe Balbi Greg Kroah-Hartman Guillaume Nault Hannes Frederic Sowa Hans Yang Hayes Wang Herbert Xu James Morris Jarkko Sakkinen Jarod Wilson Jiri Benc Johan Hovold Jonas Jonsson Konstantin Shkolnyy Marcelo Ricardo Leitner Michael Marley Michal Hocko Mimi Zohar (on TPM 1.2) Nicolas Dichtel Pavel Machek Peter Huewe Peter Wu Prarit Bhargava Rainer Weikusat Robert Jarzmik Sergei Shtylyov Stas Nichiporovich Stefan Wahren Tadeusz Struk tadeusz.struk@intel.com Tom Herbert Vlad Yasevich Vladislav Yasevich Vladislav Yasevich WANG Cong Willem de Bruijn Yevgeny Pats Yuchung Cheng jobs: build-amd64-xsm pass build-armhf-xsm pass build-i386-xsm pass build-amd64 pass build-armhf pass build-i386 pass build-amd64-libvirt pass build-armhf-libvirt pass build-i386-libvirt pass build-amd64-pvops pass build-armhf-pvops pass build-i386-pvops pass build-amd64-rumpuserxen fail build-i386-rumpuserxen fail test-amd64-amd64-xl pass test-armhf-armhf-xl fail test-amd64-i386-xl pass test-amd64-amd64-xl-qemut-debianhvm-amd64-xsm pass test-amd64-i386-xl-qemut-debianhvm-amd64-xsm pass test-amd64-amd64-libvirt-qemuu-debianhvm-amd64-xsm pass test-amd64-i386-libvirt-qemuu-debianhvm-amd64-xsm pass test-amd64-amd64-xl-qemuu-debianhvm-amd64-xsm pass test-amd64-i386-xl-qemuu-debianhvm-amd64-xsm pass test-amd64-amd64-xl-qemut-stubdom-debianhvm-amd64-xsm pass test-amd64-i386-xl-qemut-stubdom-debianhvm-amd64-xsm pass test-amd64-amd64-libvirt-xsm pass test-armhf-armhf-libvirt-xsm fail test-amd64-i386-libvirt-xsm pass test-amd64-amd64-xl-xsm pass test-armhf-armhf-xl-xsm fail test-amd64-i386-xl-xsm pass test-amd64-amd64-qemuu-nested-amd fail test-amd64-amd64-xl-pvh-amd fail test-amd64-i386-qemut-rhel6hvm-amd pass test-amd64-i386-qemuu-rhel6hvm-amd pass test-amd64-amd64-xl-qemut-debianhvm-amd64 pass test-amd64-i386-xl-qemut-debianhvm-amd64 pass test-amd64-amd64-xl-qemuu-debianhvm-amd64 pass test-amd64-i386-xl-qemuu-debianhvm-amd64 pass test-amd64-i386-freebsd10-amd64 pass test-amd64-amd64-xl-qemuu-ovmf-amd64 pass test-amd64-i386-xl-qemuu-ovmf-amd64 pass test-amd64-amd64-rumpuserxen-amd64 blocked test-amd64-amd64-xl-qemut-win7-amd64 pass test-amd64-i386-xl-qemut-win7-amd64 pass test-amd64-amd64-xl-qemuu-win7-amd64 fail test-amd64-i386-xl-qemuu-win7-amd64 pass test-armhf-armhf-xl-arndale pass test-amd64-amd64-xl-credit2 pass test-armhf-armhf-xl-credit2 fail test-armhf-armhf-xl-cubietruck fail test-amd64-i386-freebsd10-i386 pass test-amd64-i386-rumpuserxen-i386 blocked test-amd64-amd64-qemuu-nested-intel pass test-amd64-amd64-xl-pvh-intel fail test-amd64-i386-qemut-rhel6hvm-intel pass test-amd64-i386-qemuu-rhel6hvm-intel pass test-amd64-amd64-libvirt pass test-armhf-armhf-libvirt fail test-amd64-i386-libvirt pass test-amd64-amd64-xl-multivcpu pass test-armhf-armhf-xl-multivcpu pass test-amd64-amd64-pair pass test-amd64-i386-pair pass test-amd64-amd64-libvirt-pair pass test-amd64-i386-libvirt-pair pass test-amd64-amd64-amd64-pvgrub pass test-amd64-amd64-i386-pvgrub pass test-amd64-amd64-pygrub pass test-armhf-armhf-libvirt-qcow2 fail test-amd64-amd64-xl-qcow2 pass test-armhf-armhf-libvirt-raw fail test-amd64-i386-xl-raw pass test-amd64-amd64-xl-rtds pass test-armhf-armhf-xl-rtds broken test-amd64-i386-xl-qemut-winxpsp3-vcpus1 pass test-amd64-i386-xl-qemuu-winxpsp3-vcpus1 pass test-amd64-amd64-libvirt-vhd pass test-armhf-armhf-xl-vhd fail test-amd64-amd64-xl-qemut-winxpsp3 pass test-amd64-i386-xl-qemut-winxpsp3 pass test-amd64-amd64-xl-qemuu-winxpsp3 pass test-amd64-i386-xl-qemuu-winxpsp3 pass ------------------------------------------------------------ sg-report-flight on osstest.test-lab.xenproject.org logs: /home/logs/logs images: /home/logs/images Logs, config files, etc. are available at http://logs.test-lab.xenproject.org/osstest/logs Explanation of these reports, and of osstest in general, is at http://xenbits.xen.org/gitweb/=3Fp=3Dosstest.git;a=3Dblob;f=3DREADME.email;hb=3Dmaster http://xenbits.xen.org/gitweb/=3Fp=3Dosstest.git;a=3Dblob;f=3DREADME;hb=3Dmaster Test harness code can be found at http://xenbits.xen.org/gitweb=3Fp=3Dosstest.git;a=3Dsummary broken-step test-armhf-armhf-xl-rtds host-install(3) Not pushing. (No revision log; it would be 1259 lines long.) --===============4984295455143880501== Content-Type: text/plain; charset="us-ascii" MIME-Version: 1.0 Content-Transfer-Encoding: 7bit Content-Disposition: inline _______________________________________________ Xen-devel mailing list Xen-devel@lists.xen.org http://lists.xen.org/xen-devel --===============4984295455143880501==--