* [linux-next test] 80179: regressions - trouble: blocked/broken/fail/pass
@ 2016-02-04 7:32 osstest service owner
0 siblings, 0 replies; only message in thread
From: osstest service owner @ 2016-02-04 7:32 UTC (permalink / raw)
To: xen-devel, osstest-admin
flight 80179 linux-next real [real]
http://logs.test-lab.xenproject.org/osstest/logs/80179/
Regressions :-(
Tests which did not succeed and are blocking,
including tests which could not be run:
build-amd64-pvops 5 kernel-build fail REGR. vs. 80122
test-armhf-armhf-xl 11 guest-start fail REGR. vs. 80122
test-armhf-armhf-xl-xsm 8 leak-check/basis(8) fail REGR. vs. 80122
test-amd64-i386-xl-qemuu-winxpsp3-vcpus1 6 xen-boot fail REGR. vs. 80122
test-armhf-armhf-libvirt-raw 9 debian-di-install fail REGR. vs. 80122
Regressions which are regarded as allowable (not blocking):
test-armhf-armhf-xl-vhd 9 debian-di-install fail blocked in 80122
build-amd64-rumpuserxen 6 xen-build fail like 80122
test-amd64-i386-libvirt-xsm 15 guest-saverestore.2 fail like 80122
build-i386-rumpuserxen 6 xen-build fail like 80122
test-amd64-i386-xl 15 guest-localmigrate fail like 80122
test-amd64-i386-xl-xsm 15 guest-localmigrate fail like 80122
test-armhf-armhf-xl-cubietruck 8 leak-check/basis(8) fail like 80122
test-armhf-armhf-xl-rtds 11 guest-start fail like 80122
test-amd64-i386-pair 22 guest-migrate/dst_host/src_host fail like 80122
test-amd64-i386-libvirt 15 guest-saverestore.2 fail like 80122
test-amd64-i386-libvirt-pair 22 guest-migrate/dst_host/src_host fail like 80122
test-amd64-i386-xl-qemut-win7-amd64 16 guest-stop fail like 80122
Tests which did not succeed, but are not blocking:
test-amd64-i386-rumpuserxen-i386 1 build-check(1) blocked n/a
test-amd64-amd64-xl 1 build-check(1) blocked n/a
test-amd64-amd64-xl-multivcpu 1 build-check(1) blocked n/a
test-amd64-amd64-libvirt 1 build-check(1) blocked n/a
test-amd64-amd64-rumpuserxen-amd64 1 build-check(1) blocked n/a
test-amd64-amd64-xl-pvh-intel 1 build-check(1) blocked n/a
test-amd64-amd64-xl-xsm 1 build-check(1) blocked n/a
test-amd64-amd64-xl-credit2 1 build-check(1) blocked n/a
test-amd64-amd64-xl-pvh-amd 1 build-check(1) blocked n/a
test-amd64-amd64-libvirt-xsm 1 build-check(1) blocked n/a
test-amd64-amd64-xl-rtds 1 build-check(1) blocked n/a
test-amd64-amd64-libvirt-pair 1 build-check(1) blocked n/a
test-amd64-amd64-pygrub 1 build-check(1) blocked n/a
test-amd64-amd64-i386-pvgrub 1 build-check(1) blocked n/a
test-amd64-amd64-amd64-pvgrub 1 build-check(1) blocked n/a
test-amd64-amd64-xl-qemut-debianhvm-amd64 1 build-check(1) blocked n/a
test-amd64-amd64-xl-qemut-debianhvm-amd64-xsm 1 build-check(1) blocked n/a
test-amd64-amd64-pair 1 build-check(1) blocked n/a
test-amd64-amd64-qemuu-nested-intel 1 build-check(1) blocked n/a
test-amd64-amd64-xl-qemuu-win7-amd64 1 build-check(1) blocked n/a
test-amd64-amd64-xl-qcow2 1 build-check(1) blocked n/a
test-amd64-amd64-xl-qemuu-debianhvm-amd64-xsm 1 build-check(1) blocked n/a
test-amd64-amd64-xl-qemut-stubdom-debianhvm-amd64-xsm 1 build-check(1) blocked n/a
test-amd64-amd64-libvirt-qemuu-debianhvm-amd64-xsm 1 build-check(1) blocked n/a
test-amd64-amd64-qemuu-nested-amd 1 build-check(1) blocked n/a
test-amd64-amd64-libvirt-vhd 1 build-check(1) blocked n/a
test-amd64-amd64-xl-qemut-win7-amd64 1 build-check(1) blocked n/a
test-amd64-amd64-xl-qemuu-ovmf-amd64 1 build-check(1) blocked n/a
test-amd64-amd64-xl-qemuu-debianhvm-amd64 1 build-check(1) blocked n/a
test-amd64-amd64-xl-qemuu-winxpsp3 1 build-check(1) blocked n/a
test-amd64-amd64-xl-qemut-winxpsp3 1 build-check(1) blocked n/a
test-amd64-i386-libvirt-xsm 12 migrate-support-check fail never pass
test-armhf-armhf-libvirt-qcow2 11 migrate-support-check fail never pass
test-armhf-armhf-libvirt-qcow2 13 guest-saverestore fail never pass
test-armhf-armhf-libvirt-xsm 12 migrate-support-check fail never pass
test-armhf-armhf-libvirt-xsm 14 guest-saverestore fail never pass
test-armhf-armhf-xl-multivcpu 13 saverestore-support-check fail never pass
test-armhf-armhf-xl-multivcpu 12 migrate-support-check fail never pass
test-armhf-armhf-xl-arndale 12 migrate-support-check fail never pass
test-armhf-armhf-xl-arndale 13 saverestore-support-check fail never pass
test-armhf-armhf-libvirt 14 guest-saverestore fail never pass
test-armhf-armhf-libvirt 12 migrate-support-check fail never pass
test-armhf-armhf-xl-credit2 13 saverestore-support-check fail never pass
test-armhf-armhf-xl-credit2 12 migrate-support-check fail never pass
test-amd64-i386-libvirt 12 migrate-support-check fail never pass
test-amd64-i386-libvirt-qemuu-debianhvm-amd64-xsm 10 migrate-support-check fail never pass
version targeted for testing:
linux 8babd99a86f51315697523470924eeb7435b9c34
baseline version:
linux 34229b277480f46c1e9a19f027f30b074512e68b
Last test of basis (not found)
Failing since 0 1970-01-01 00:00:00 Z 16835 days
Testing same since 80179 2016-02-03 09:44:29 Z 0 days 1 attempts
jobs:
build-amd64-xsm pass
build-armhf-xsm pass
build-i386-xsm pass
build-amd64 pass
build-armhf pass
build-i386 pass
build-amd64-libvirt pass
build-armhf-libvirt pass
build-i386-libvirt pass
build-amd64-pvops fail
build-armhf-pvops pass
build-i386-pvops pass
build-amd64-rumpuserxen fail
build-i386-rumpuserxen fail
test-amd64-amd64-xl blocked
test-armhf-armhf-xl fail
test-amd64-i386-xl fail
test-amd64-amd64-xl-qemut-debianhvm-amd64-xsm blocked
test-amd64-i386-xl-qemut-debianhvm-amd64-xsm pass
test-amd64-amd64-libvirt-qemuu-debianhvm-amd64-xsm blocked
test-amd64-i386-libvirt-qemuu-debianhvm-amd64-xsm pass
test-amd64-amd64-xl-qemuu-debianhvm-amd64-xsm blocked
test-amd64-i386-xl-qemuu-debianhvm-amd64-xsm pass
test-amd64-amd64-xl-qemut-stubdom-debianhvm-amd64-xsm blocked
test-amd64-i386-xl-qemut-stubdom-debianhvm-amd64-xsm pass
test-amd64-amd64-libvirt-xsm blocked
test-armhf-armhf-libvirt-xsm fail
test-amd64-i386-libvirt-xsm fail
test-amd64-amd64-xl-xsm blocked
test-armhf-armhf-xl-xsm broken
test-amd64-i386-xl-xsm fail
test-amd64-amd64-qemuu-nested-amd blocked
test-amd64-amd64-xl-pvh-amd blocked
test-amd64-i386-qemut-rhel6hvm-amd pass
test-amd64-i386-qemuu-rhel6hvm-amd pass
test-amd64-amd64-xl-qemut-debianhvm-amd64 blocked
test-amd64-i386-xl-qemut-debianhvm-amd64 pass
test-amd64-amd64-xl-qemuu-debianhvm-amd64 blocked
test-amd64-i386-xl-qemuu-debianhvm-amd64 pass
test-amd64-i386-freebsd10-amd64 pass
test-amd64-amd64-xl-qemuu-ovmf-amd64 blocked
test-amd64-i386-xl-qemuu-ovmf-amd64 pass
test-amd64-amd64-rumpuserxen-amd64 blocked
test-amd64-amd64-xl-qemut-win7-amd64 blocked
test-amd64-i386-xl-qemut-win7-amd64 fail
test-amd64-amd64-xl-qemuu-win7-amd64 blocked
test-amd64-i386-xl-qemuu-win7-amd64 pass
test-armhf-armhf-xl-arndale pass
test-amd64-amd64-xl-credit2 blocked
test-armhf-armhf-xl-credit2 pass
test-armhf-armhf-xl-cubietruck broken
test-amd64-i386-freebsd10-i386 pass
test-amd64-i386-rumpuserxen-i386 blocked
test-amd64-amd64-qemuu-nested-intel blocked
test-amd64-amd64-xl-pvh-intel blocked
test-amd64-i386-qemut-rhel6hvm-intel pass
test-amd64-i386-qemuu-rhel6hvm-intel pass
test-amd64-amd64-libvirt blocked
test-armhf-armhf-libvirt fail
test-amd64-i386-libvirt fail
test-amd64-amd64-xl-multivcpu blocked
test-armhf-armhf-xl-multivcpu pass
test-amd64-amd64-pair blocked
test-amd64-i386-pair fail
test-amd64-amd64-libvirt-pair blocked
test-amd64-i386-libvirt-pair fail
test-amd64-amd64-amd64-pvgrub blocked
test-amd64-amd64-i386-pvgrub blocked
test-amd64-amd64-pygrub blocked
test-armhf-armhf-libvirt-qcow2 fail
test-amd64-amd64-xl-qcow2 blocked
test-armhf-armhf-libvirt-raw fail
test-amd64-i386-xl-raw pass
test-amd64-amd64-xl-rtds blocked
test-armhf-armhf-xl-rtds fail
test-amd64-i386-xl-qemut-winxpsp3-vcpus1 pass
test-amd64-i386-xl-qemuu-winxpsp3-vcpus1 fail
test-amd64-amd64-libvirt-vhd blocked
test-armhf-armhf-xl-vhd fail
test-amd64-amd64-xl-qemut-winxpsp3 blocked
test-amd64-i386-xl-qemut-winxpsp3 pass
test-amd64-amd64-xl-qemuu-winxpsp3 blocked
test-amd64-i386-xl-qemuu-winxpsp3 pass
------------------------------------------------------------
sg-report-flight on osstest.test-lab.xenproject.org
logs: /home/logs/logs
images: /home/logs/images
Logs, config files, etc. are available at
http://logs.test-lab.xenproject.org/osstest/logs
Explanation of these reports, and of osstest in general, is at
http://xenbits.xen.org/gitweb/?p=osstest.git;a=blob;f=README.email;hb=master
http://xenbits.xen.org/gitweb/?p=osstest.git;a=blob;f=README;hb=master
Test harness code can be found at
http://xenbits.xen.org/gitweb?p=osstest.git;a=summary
Push not applicable.
^ permalink raw reply [flat|nested] only message in thread
only message in thread, other threads:[~2016-02-04 7:32 UTC | newest]
Thread overview: (only message) (download: mbox.gz follow: Atom feed
-- links below jump to the message on this page --
2016-02-04 7:32 [linux-next test] 80179: regressions - trouble: blocked/broken/fail/pass osstest service owner
This is a public inbox, see mirroring instructions
for how to clone and mirror all data and code used for this inbox;
as well as URLs for NNTP newsgroup(s).