xen-devel.lists.xenproject.org archive mirror
 help / color / mirror / Atom feed
* [linux-4.1 test] 80533: regressions - trouble: blocked/broken/fail/pass
@ 2016-02-05 16:30 osstest service owner
  0 siblings, 0 replies; only message in thread
From: osstest service owner @ 2016-02-05 16:30 UTC (permalink / raw)
  To: xen-devel, osstest-admin

[-- Warning: decoded text below may be mangled, UTF-8 assumed --]
[-- Attachment #1: Type: text/plain, Size: 18326 bytes --]

flight 80533 linux-4.1 real [real]
http://logs.test-lab.xenproject.org/osstest/logs/80533/

Regressions :-(

Tests which did not succeed and are blocking,
including tests which could not be run:
 build-amd64-rumpuserxen       6 xen-build                 fail REGR. vs. 66399
 build-i386-rumpuserxen        6 xen-build                 fail REGR. vs. 66399
 test-armhf-armhf-xl-cubietruck 15 guest-start/debian.repeat fail REGR. vs. 66399
 test-armhf-armhf-xl          15 guest-start/debian.repeat fail REGR. vs. 66399
 test-armhf-armhf-xl-xsm      16 guest-start.2    fail in 80172 REGR. vs. 66399
 test-armhf-armhf-xl-credit2 15 guest-start/debian.repeat fail in 80370 REGR. vs. 66399

Tests which are failing intermittently (not blocking):
 test-armhf-armhf-xl          11 guest-start        fail in 80172 pass in 80533
 test-armhf-armhf-xl-xsm      11 guest-start        fail in 80370 pass in 80533
 test-armhf-armhf-xl-rtds     11 guest-start        fail in 80370 pass in 80533
 test-armhf-armhf-xl-xsm      15 guest-start/debian.repeat   fail pass in 80172
 test-armhf-armhf-xl-credit2   8 leak-check/basis(8)         fail pass in 80370
 test-armhf-armhf-xl-multivcpu 15 guest-start/debian.repeat  fail pass in 80370

Regressions which are regarded as allowable (not blocking):
 test-amd64-amd64-xl-qemuu-win7-amd64 16 guest-stop             fail like 66399
 test-amd64-i386-xl-qemuu-win7-amd64 16 guest-stop              fail like 66399
 test-armhf-armhf-xl-rtds     15 guest-start/debian.repeat    fail   like 66399
 test-armhf-armhf-xl-vhd       9 debian-di-install            fail   like 66399

Tests which did not succeed, but are not blocking:
 test-amd64-i386-rumpuserxen-i386  1 build-check(1)               blocked  n/a
 test-amd64-amd64-rumpuserxen-amd64  1 build-check(1)               blocked n/a
 test-armhf-armhf-xl-credit2 13 saverestore-support-check fail in 80370 never pass
 test-armhf-armhf-xl-credit2  12 migrate-support-check fail in 80370 never pass
 test-amd64-amd64-xl-pvh-amd  11 guest-start                  fail   never pass
 test-amd64-amd64-xl-pvh-intel 14 guest-saverestore            fail  never pass
 test-armhf-armhf-libvirt-xsm 12 migrate-support-check        fail   never pass
 test-armhf-armhf-libvirt-xsm 14 guest-saverestore            fail   never pass
 test-amd64-amd64-libvirt-xsm 12 migrate-support-check        fail   never pass
 test-armhf-armhf-libvirt-qcow2 11 migrate-support-check        fail never pass
 test-armhf-armhf-libvirt-qcow2 13 guest-saverestore            fail never pass
 test-amd64-i386-libvirt-xsm  12 migrate-support-check        fail   never pass
 test-amd64-amd64-qemuu-nested-amd 16 debian-hvm-install/l1/l2  fail never pass
 test-armhf-armhf-xl-arndale  12 migrate-support-check        fail   never pass
 test-armhf-armhf-xl-arndale  13 saverestore-support-check    fail   never pass
 test-amd64-amd64-libvirt-qemuu-debianhvm-amd64-xsm 10 migrate-support-check fail never pass
 test-amd64-i386-libvirt      12 migrate-support-check        fail   never pass
 test-amd64-amd64-libvirt     12 migrate-support-check        fail   never pass
 test-armhf-armhf-xl-cubietruck 12 migrate-support-check        fail never pass
 test-armhf-armhf-xl-cubietruck 13 saverestore-support-check    fail never pass
 test-armhf-armhf-xl          12 migrate-support-check        fail   never pass
 test-armhf-armhf-xl          13 saverestore-support-check    fail   never pass
 test-armhf-armhf-xl-xsm      13 saverestore-support-check    fail   never pass
 test-armhf-armhf-xl-xsm      12 migrate-support-check        fail   never pass
 test-amd64-i386-libvirt-qemuu-debianhvm-amd64-xsm 10 migrate-support-check fail never pass
 test-armhf-armhf-xl-multivcpu 13 saverestore-support-check    fail  never pass
 test-armhf-armhf-xl-multivcpu 12 migrate-support-check        fail  never pass
 test-amd64-amd64-libvirt-vhd 11 migrate-support-check        fail   never pass
 test-armhf-armhf-libvirt     14 guest-saverestore            fail   never pass
 test-armhf-armhf-libvirt     12 migrate-support-check        fail   never pass
 test-armhf-armhf-xl-rtds     13 saverestore-support-check    fail   never pass
 test-armhf-armhf-xl-rtds     12 migrate-support-check        fail   never pass
 test-armhf-armhf-libvirt-raw  9 debian-di-install            fail   never pass

version targeted for testing:
 linux                2d5f6b0413359df065fd02d695c08bbc7d998bbd
baseline version:
 linux                07cc49f66973f49a391c91bf4b158fa0f2562ca8

Last test of basis    66399  2015-12-15 18:20:39 Z   51 days
Failing since         78925  2016-01-24 13:50:39 Z   12 days   15 attempts
Testing same since    79642  2016-01-31 21:28:16 Z    4 days    6 attempts

------------------------------------------------------------
People who touched revisions under test:
  Acked-by: David Howells <dhowells@redhat.com>
  Al Viro <viro@zeniv.linux.org.uk>
  Alan Stern <stern@rowland.harvard.edu>
  Alexandra Yates <alexandra.yates@linux.intel.com>
  Alexandru Cornea <alexandru.cornea@intel.com>
  Alexei Starovoitov <ast@kernel.org>
  Alexey Khoroshilov <khoroshilov@ispras.ru>
  Andrey Ryabinin <aryabinin@virtuozzo.com>
  Andy Gospodarek <gospo@cumulusnetworks.com>
  Andy Lutomirski <luto@kernel.org>
  Anssi Hannula <anssi.hannula@iki.fi>
  Antonio Quartulli <a@unstable.cc>
  Antti Palosaari <crope@iki.fi>
  Ard Biesheuvel <ard.biesheuvel@linaro.org>
  Arnd Bergmann <arnd@arndb.de>
  Ashish Panwar <ashish.panwar@intel.com>
  Azael Avalos <coproscefalo@gmail.com>
  Ben Hutchings <ben@decadent.org.uk>
  Bjørn Mork <bjorn@mork.no>
  Boqun Feng <boqun.feng@gmail.com>
  Boris Ostrovsky <boris.ostrovsky@oracle.com>
  Catalin Marinas <catalin.marinas@arm.com>
  Charles Keepax <ckeepax@opensource.wolfsonmicro.com>
  Charles Ouyang <ouyangzhaowei@huawei.com>
  Christoffer Dall <christoffer.dall@linaro.org>
  Chunfeng Yun <chunfeng.yun@mediatek.com>
  Cong Wang <cwang@twopensource.com>
  Cong Wang <xiyou.wangcong@gmail.com>
  Corey Minyard <cminyard@mvista.com>
  Dan Carpenter <dan.carpenter@oracle.com>
  Dan Streetman <dan.streetman@canonical.com>
  Dan Streetman <ddstreet@ieee.org>
  Daniel Borkmann <daniel@iogearbox.net>
  Daniele Palmas <dnlplm@gmail.com>
  Darren Hart <dvhart@linux.intel.com>
  Dave Hansen <dave.hansen@linux.intel.com>
  David Henningsson <david.henningsson@canonical.com>
  David Howells <dhowells@redhat.com>
  David J. Wilder <dwilder@us.ibm.com>
  David S. Miller <davem@davemloft.net>
  David Vrabel <david.vrabel@citrix.com>
  David Woodhouse <David.Woodhouse@intel.com>
  Dmitry Katsubo <dmitry.katsubo@gmail.com>
  Dmitry V. Levin <ldv@altlinux.org>
  Dmitry Vyukov <dvyukov@google.com>
  Don Zickus <dzickus@redhat.com>
  Eric Dumazet <edumazet@google.com>
  Eric W. Biederman <ebiederm@xmission.com>
  Evan Jones <ej@evanjones.ca>
  Felipe Balbi <balbi@ti.com>
  Florian Westphal <fw@strlen.de>
  Francesco Ruggeri <fruggeri@arista.com>
  Francesco Ruggeri <fruggeri@aristanetworks.com>
  Gouji, Masayuki <gouji.masayuki@jp.fujitsu.com>
  Greg Kroah-Hartman <gregkh@linuxfoundation.org>
  Guenter Roeck <linux@roeck-us.net>
  Guillaume Nault <g.nault@alphalink.fr>
  H. Peter Anvin <hpa@zytor.com>
  H.J. Lu <hjl.tools@gmail.com>
  Hannes Frederic Sowa <hannes@stressinduktion.org>
  Hans Verkuil <hans.verkuil@cisco.com>
  Hans Yang <hansy@nvidia.com>
  Hayes Wang <hayeswang@realtek.com>
  Helge Deller <deller@gmx.de>
  Herbert Xu <herbert@gondor.apana.org.au>
  Hui Wang <hui.wang@canonical.com>
  Ian Campbell <ian.campbell@citrix.com>
  Ido Schimmel <idosch@mellanox.com>
  Ingo Molnar <mingo@kernel.org>
  Ivaylo Dimitrov <ivo.g.dimitrov.75@gmail.com>
  James Morris <james.l.morris@oracle.com>
  Jan Kara <jack@suse.cz>
  Jan Stancek <jstancek@redhat.com>
  Jarkko Sakkinen <jarkko.sakkinen@linux.intel.com>
  Jarod Wilson <jarod@redhat.com>
  Jay Vosburgh <jay.vosburgh@canonical.com>
  Jens Axboe <axboe@fb.com>
  Jiri Benc <jbenc@redhat.com>
  Jiri Kosina <jkosina@suse.cz>
  Jiri Pirko <jiri@mellanox.com>
  Joe Jin <joe.jin@oracle.com>
  Johan Hovold <johan@kernel.org>
  John Blackwood <john.blackwood@ccur.com>
  John Fastabend <john.fastabend@gmail.com>
  John Fastabend <john.r.fastabend@intel.com>
  John Keeping <john@metanate.com>
  Jonas Jonsson <jonas@ludd.ltu.se>
  Jurgen Kramer <gtmkramer@xs4all.nl>
  Karl Heiss <kheiss@gmail.com>
  Konstantin Khlebnikov <koct9i@gmail.com>
  Konstantin Shkolnyy <konstantin.shkolnyy@gmail.com>
  Kuninori Morimoto <kuninori.morimoto.gx@renesas.com>
  Li Bin <huawei.libin@huawei.com>
  libin <huawei.libin@huawei.com>
  Lorenzo Pieralisi <lorenzo.pieralisi@arm.com>
  Mans Rullgard <mans@mansr.com>
  Marc Zyngier <marc.zyngier@arm.com>
  Marcelo Ricardo Leitner <marcelo.leitner@gmail.com>
  Marek Lindner <mareklindner@neomailbox.ch>
  Mario Kleiner <mario.kleiner.de@gmail.com>
  Mark Brown <broonie@kernel.org>
  Mathias Nyman <mathias.nyman@linux.intel.com>
  Mauro Carvalho Chehab <mchehab@osg.samsung.com>
  Michael Ellerman <mpe@ellerman.id.au>
  Michael Marley <michael@michaelmarley.com>
  Michael Neuling <mikey@neuling.org>
  Michal Hocko <mhocko@suse.com>
  Michal Kubecek <mkubecek@suse.cz>
  Michal Kubeček <mkubecek@suse.cz>
  Mikulas Patocka <mpatocka@redhat.com>
  Mimi Zohar <zohar@linux.vnet.ibm.com> (on TPM 1.2)
  Neal Cardwell <ncardwell@google.com>
  Nicolas Boichat <drinkcat@chromium.org>
  Nicolas Dichtel <nicolas.dichtel@6wind.com>
  Nikesh Oswal <Nikesh.Oswal@cirrus.com>
  Nikolay Aleksandrov <nikolay@cumulusnetworks.com>
  Oliver Freyermuth <o.freyermuth@googlemail.com>
  Oliver Neukum <oneukum@suse.com>
  Ouyang Zhaowei (Charles) <ouyangzhaowei@huawei.com>
  Paolo Bonzini <pbonzini@redhat.com>
  Paul Mackerras <paulus@ozlabs.org>
  Paul Mackerras <paulus@samba.org>
  Pavel Fedin <p.fedin@samsung.com>
  Pavel Machek <pavel@ucw.cz>
  Peter Huewe <peterhuewe@gmx.de>
  Peter Ujfalusi <peter.ujfalusi@ti.com>
  Peter Wu <peter@lekensteyn.nl>
  Peter Zijlstra (Intel) <peterz@infradead.org>
  Prarit Bhargava <prarit@redhat.com>
  Raanan Avargil <raanan.avargil@intel.com>
  Rabin Vincent <rabin@rab.in>
  Radim Krčmář <rkrcmar@redhat.com>
  Rainer Weikusat <rweikusat@mobileactivedefense.com>
  Richard Purdie <richard.purdie@linuxfoundation.org>
  Robert Jarzmik <robert.jarzmik@free.fr>
  Sachin Pandhare <sachinpandhare@gmail.com>
  Salva Peiró <speirofr@gmail.com>
  Sasha Levin <sasha.levin@oracle.com>
  Sergei Shtylyov <sergei.shtylyov@cogentembedded.com>
  Shannon Nelson <shannon.nelson@intel.com>
  Simon Wunderlich <sw@simonwunderlich.de>
  Stas Nichiporovich <stasn77@gmail.com>
  Stefan Wahren <stefan.wahren@i2se.com>
  Steffen Klassert <steffen.klassert@secunet.com>
  Steven Rostedt <rostedt@goodmis.org>
  Stewart Smith <stewart@linux.vnet.ibm.com>
  Sven Eckelmann <sven@narfation.org>
  Tadeusz Struk <tadeusz.struk@intel.com>
  tadeusz.struk@intel.com <tadeusz.struk@intel.com>
  Takashi Iwai <tiwai@suse.de>
  Takashi Sakamoto <o-takashi@sakamocchi.jp>
  Thomas Gleixner <tglx@linutronix.de>
  Tom Herbert <tom@herbertland.com>
  Tony Camuso <tcamuso@redhat.com>
  Ulrich Weigand <ulrich.weigand@de.ibm.com>
  Vijay Pandurangan <vijayp@vijayp.ca>
  Vinod Koul <vinod.koul@intel.com>
  Vlad Yasevich <vyasevich@gmail.com>
  Vladislav Yasevich <vyasevic@redhat.com>
  Vladislav Yasevich <vyasevich@gmail.com>
  WANG Cong <xiyou.wangcong@gmail.com>
  Wei Liu <wei.liu2@citrix.com>
  Will Deacon <will.deacon@arm.com>
  Willem de Bruijn <willemb@google.com>
  Willy Tarreau <w@1wt.eu>
  Xin Long <lucien.xin@gmail.com>
  Xiong Zhang <xiong.y.zhang@intel.com>
  Yang Shi <yang.shi@linaro.org>
  Yevgeny Pats <yevgeny@perception-point.io>
  YOSHIFUJI Hideaki <yoshfuji@linux-ipv6.org>
  Yuchung Cheng <ycheng@google.com>
  Zi Shen Lim <zlim.lnx@gmail.com>

jobs:
 build-amd64-xsm                                              pass
 build-armhf-xsm                                              pass
 build-i386-xsm                                               pass
 build-amd64                                                  pass
 build-armhf                                                  pass
 build-i386                                                   pass
 build-amd64-libvirt                                          pass
 build-armhf-libvirt                                          pass
 build-i386-libvirt                                           pass
 build-amd64-pvops                                            pass
 build-armhf-pvops                                            pass
 build-i386-pvops                                             pass
 build-amd64-rumpuserxen                                      fail
 build-i386-rumpuserxen                                       fail
 test-amd64-amd64-xl                                          pass
 test-armhf-armhf-xl                                          fail
 test-amd64-i386-xl                                           pass
 test-amd64-amd64-xl-qemut-debianhvm-amd64-xsm                pass
 test-amd64-i386-xl-qemut-debianhvm-amd64-xsm                 pass
 test-amd64-amd64-libvirt-qemuu-debianhvm-amd64-xsm           pass
 test-amd64-i386-libvirt-qemuu-debianhvm-amd64-xsm            pass
 test-amd64-amd64-xl-qemuu-debianhvm-amd64-xsm                pass
 test-amd64-i386-xl-qemuu-debianhvm-amd64-xsm                 pass
 test-amd64-amd64-xl-qemut-stubdom-debianhvm-amd64-xsm        pass
 test-amd64-i386-xl-qemut-stubdom-debianhvm-amd64-xsm         pass
 test-amd64-amd64-libvirt-xsm                                 pass
 test-armhf-armhf-libvirt-xsm                                 fail
 test-amd64-i386-libvirt-xsm                                  pass
 test-amd64-amd64-xl-xsm                                      pass
 test-armhf-armhf-xl-xsm                                      fail
 test-amd64-i386-xl-xsm                                       pass
 test-amd64-amd64-qemuu-nested-amd                            fail
 test-amd64-amd64-xl-pvh-amd                                  fail
 test-amd64-i386-qemut-rhel6hvm-amd                           pass
 test-amd64-i386-qemuu-rhel6hvm-amd                           pass
 test-amd64-amd64-xl-qemut-debianhvm-amd64                    pass
 test-amd64-i386-xl-qemut-debianhvm-amd64                     pass
 test-amd64-amd64-xl-qemuu-debianhvm-amd64                    pass
 test-amd64-i386-xl-qemuu-debianhvm-amd64                     pass
 test-amd64-i386-freebsd10-amd64                              pass
 test-amd64-amd64-xl-qemuu-ovmf-amd64                         pass
 test-amd64-i386-xl-qemuu-ovmf-amd64                          pass
 test-amd64-amd64-rumpuserxen-amd64                           blocked
 test-amd64-amd64-xl-qemut-win7-amd64                         pass
 test-amd64-i386-xl-qemut-win7-amd64                          pass
 test-amd64-amd64-xl-qemuu-win7-amd64                         fail
 test-amd64-i386-xl-qemuu-win7-amd64                          fail
 test-armhf-armhf-xl-arndale                                  pass
 test-amd64-amd64-xl-credit2                                  pass
 test-armhf-armhf-xl-credit2                                  broken
 test-armhf-armhf-xl-cubietruck                               fail
 test-amd64-i386-freebsd10-i386                               pass
 test-amd64-i386-rumpuserxen-i386                             blocked
 test-amd64-amd64-qemuu-nested-intel                          pass
 test-amd64-amd64-xl-pvh-intel                                fail
 test-amd64-i386-qemut-rhel6hvm-intel                         pass
 test-amd64-i386-qemuu-rhel6hvm-intel                         pass
 test-amd64-amd64-libvirt                                     pass
 test-armhf-armhf-libvirt                                     fail
 test-amd64-i386-libvirt                                      pass
 test-amd64-amd64-xl-multivcpu                                pass
 test-armhf-armhf-xl-multivcpu                                fail
 test-amd64-amd64-pair                                        pass
 test-amd64-i386-pair                                         pass
 test-amd64-amd64-libvirt-pair                                pass
 test-amd64-i386-libvirt-pair                                 pass
 test-amd64-amd64-amd64-pvgrub                                pass
 test-amd64-amd64-i386-pvgrub                                 pass
 test-amd64-amd64-pygrub                                      pass
 test-armhf-armhf-libvirt-qcow2                               fail
 test-amd64-amd64-xl-qcow2                                    pass
 test-armhf-armhf-libvirt-raw                                 fail
 test-amd64-i386-xl-raw                                       pass
 test-amd64-amd64-xl-rtds                                     pass
 test-armhf-armhf-xl-rtds                                     fail
 test-amd64-i386-xl-qemut-winxpsp3-vcpus1                     pass
 test-amd64-i386-xl-qemuu-winxpsp3-vcpus1                     pass
 test-amd64-amd64-libvirt-vhd                                 pass
 test-armhf-armhf-xl-vhd                                      fail
 test-amd64-amd64-xl-qemut-winxpsp3                           pass
 test-amd64-i386-xl-qemut-winxpsp3                            pass
 test-amd64-amd64-xl-qemuu-winxpsp3                           pass
 test-amd64-i386-xl-qemuu-winxpsp3                            pass


------------------------------------------------------------
sg-report-flight on osstest.test-lab.xenproject.org
logs: /home/logs/logs
images: /home/logs/images

Logs, config files, etc. are available at
    http://logs.test-lab.xenproject.org/osstest/logs

Explanation of these reports, and of osstest in general, is at
    http://xenbits.xen.org/gitweb/?p=osstest.git;a=blob;f=README.email;hb=master
    http://xenbits.xen.org/gitweb/?p=osstest.git;a=blob;f=README;hb=master

Test harness code can be found at
    http://xenbits.xen.org/gitweb?p=osstest.git;a=summary


Not pushing.

(No revision log; it would be 4494 lines long.)


[-- Attachment #2: Type: text/plain, Size: 126 bytes --]

_______________________________________________
Xen-devel mailing list
Xen-devel@lists.xen.org
http://lists.xen.org/xen-devel

^ permalink raw reply	[flat|nested] only message in thread

only message in thread, other threads:[~2016-02-05 16:30 UTC | newest]

Thread overview: (only message) (download: mbox.gz follow: Atom feed
-- links below jump to the message on this page --
2016-02-05 16:30 [linux-4.1 test] 80533: regressions - trouble: blocked/broken/fail/pass osstest service owner

This is a public inbox, see mirroring instructions
for how to clone and mirror all data and code used for this inbox;
as well as URLs for NNTP newsgroup(s).