* [libvirt test] 80615: regressions - FAIL
@ 2016-02-05 17:59 osstest service owner
2016-02-05 18:44 ` Joao Martins
0 siblings, 1 reply; 2+ messages in thread
From: osstest service owner @ 2016-02-05 17:59 UTC (permalink / raw)
To: xen-devel, osstest-admin
[-- Warning: decoded text below may be mangled, UTF-8 assumed --]
[-- Attachment #1: Type: text/plain, Size: 4918 bytes --]
flight 80615 libvirt real [real]
http://logs.test-lab.xenproject.org/osstest/logs/80615/
Regressions :-(
Tests which did not succeed and are blocking,
including tests which could not be run:
test-armhf-armhf-libvirt-raw 9 debian-di-install fail REGR. vs. 80121
test-amd64-i386-libvirt-pair 21 guest-migrate/src_host/dst_host fail REGR. vs. 80121
test-amd64-amd64-libvirt-pair 21 guest-migrate/src_host/dst_host fail REGR. vs. 80121
Tests which did not succeed, but are not blocking:
test-armhf-armhf-libvirt-qcow2 11 migrate-support-check fail never pass
test-armhf-armhf-libvirt-qcow2 13 guest-saverestore fail never pass
test-armhf-armhf-libvirt 14 guest-saverestore fail never pass
test-armhf-armhf-libvirt 12 migrate-support-check fail never pass
test-armhf-armhf-libvirt-xsm 12 migrate-support-check fail never pass
test-armhf-armhf-libvirt-xsm 14 guest-saverestore fail never pass
test-amd64-amd64-libvirt-vhd 11 migrate-support-check fail never pass
test-amd64-amd64-libvirt 12 migrate-support-check fail never pass
test-amd64-i386-libvirt 12 migrate-support-check fail never pass
test-amd64-amd64-libvirt-qemuu-debianhvm-amd64-xsm 10 migrate-support-check fail never pass
test-amd64-i386-libvirt-xsm 12 migrate-support-check fail never pass
test-amd64-i386-libvirt-qemuu-debianhvm-amd64-xsm 10 migrate-support-check fail never pass
test-amd64-amd64-libvirt-xsm 12 migrate-support-check fail never pass
version targeted for testing:
libvirt 02a34d2af4d38d64ec9096296061fea7badc61fe
baseline version:
libvirt 6ec319b84f67d72bf59fe7e0fd41d88ee9c393c7
Last test of basis 80121 2016-02-03 04:26:28 Z 2 days
Failing since 80382 2016-02-04 04:29:24 Z 1 days 2 attempts
Testing same since 80615 2016-02-05 04:38:19 Z 0 days 1 attempts
------------------------------------------------------------
People who touched revisions under test:
Daniel P. Berrange <berrange@redhat.com>
Dmitry Andreev <dandreev@virtuozzo.com>
Erik Skultety <eskultet@redhat.com>
Joao Martins <joao.m.martins@oracle.com>
John Ferlan <jferlan@redhat.com>
Ján Tomko <jtomko@redhat.com>
Martin Kletzander <mkletzan@redhat.com>
Michal Privoznik <mprivozn@redhat.com>
Nikolay Shirokovskiy <nshirokovskiy@virtuozzo.com>
Peter Krempa <pkrempa@redhat.com>
Roman Bogorodskiy <bogorodskiy@gmail.com>
jobs:
build-amd64-xsm pass
build-armhf-xsm pass
build-i386-xsm pass
build-amd64 pass
build-armhf pass
build-i386 pass
build-amd64-libvirt pass
build-armhf-libvirt pass
build-i386-libvirt pass
build-amd64-pvops pass
build-armhf-pvops pass
build-i386-pvops pass
test-amd64-amd64-libvirt-qemuu-debianhvm-amd64-xsm pass
test-amd64-i386-libvirt-qemuu-debianhvm-amd64-xsm pass
test-amd64-amd64-libvirt-xsm pass
test-armhf-armhf-libvirt-xsm fail
test-amd64-i386-libvirt-xsm pass
test-amd64-amd64-libvirt pass
test-armhf-armhf-libvirt fail
test-amd64-i386-libvirt pass
test-amd64-amd64-libvirt-pair fail
test-amd64-i386-libvirt-pair fail
test-armhf-armhf-libvirt-qcow2 fail
test-armhf-armhf-libvirt-raw fail
test-amd64-amd64-libvirt-vhd pass
------------------------------------------------------------
sg-report-flight on osstest.test-lab.xenproject.org
logs: /home/logs/logs
images: /home/logs/images
Logs, config files, etc. are available at
http://logs.test-lab.xenproject.org/osstest/logs
Explanation of these reports, and of osstest in general, is at
http://xenbits.xen.org/gitweb/?p=osstest.git;a=blob;f=README.email;hb=master
http://xenbits.xen.org/gitweb/?p=osstest.git;a=blob;f=README;hb=master
Test harness code can be found at
http://xenbits.xen.org/gitweb?p=osstest.git;a=summary
Not pushing.
(No revision log; it would be 393 lines long.)
[-- Attachment #2: Type: text/plain, Size: 126 bytes --]
_______________________________________________
Xen-devel mailing list
Xen-devel@lists.xen.org
http://lists.xen.org/xen-devel
^ permalink raw reply [flat|nested] 2+ messages in thread* Re: [libvirt test] 80615: regressions - FAIL
2016-02-05 17:59 [libvirt test] 80615: regressions - FAIL osstest service owner
@ 2016-02-05 18:44 ` Joao Martins
0 siblings, 0 replies; 2+ messages in thread
From: Joao Martins @ 2016-02-05 18:44 UTC (permalink / raw)
To: xen-devel
On 02/05/2016 05:59 PM, osstest service owner wrote:
> flight 80615 libvirt real [real]
> http://logs.test-lab.xenproject.org/osstest/logs/80615/
>
> Regressions :-(
>
FYI, already bisected this a while ago and it's introduced by commit
8cd1d54 ("util: Export remoteSerializeTypedParameters internally via util") and
I'm about to propose a fix to the author of the patch.
> Tests which did not succeed and are blocking,
> including tests which could not be run:
> test-armhf-armhf-libvirt-raw 9 debian-di-install fail REGR. vs. 80121
> test-amd64-i386-libvirt-pair 21 guest-migrate/src_host/dst_host fail REGR. vs. 80121
> test-amd64-amd64-libvirt-pair 21 guest-migrate/src_host/dst_host fail REGR. vs. 80121
>
> Tests which did not succeed, but are not blocking:
> test-armhf-armhf-libvirt-qcow2 11 migrate-support-check fail never pass
> test-armhf-armhf-libvirt-qcow2 13 guest-saverestore fail never pass
> test-armhf-armhf-libvirt 14 guest-saverestore fail never pass
> test-armhf-armhf-libvirt 12 migrate-support-check fail never pass
> test-armhf-armhf-libvirt-xsm 12 migrate-support-check fail never pass
> test-armhf-armhf-libvirt-xsm 14 guest-saverestore fail never pass
> test-amd64-amd64-libvirt-vhd 11 migrate-support-check fail never pass
> test-amd64-amd64-libvirt 12 migrate-support-check fail never pass
> test-amd64-i386-libvirt 12 migrate-support-check fail never pass
> test-amd64-amd64-libvirt-qemuu-debianhvm-amd64-xsm 10 migrate-support-check fail never pass
> test-amd64-i386-libvirt-xsm 12 migrate-support-check fail never pass
> test-amd64-i386-libvirt-qemuu-debianhvm-amd64-xsm 10 migrate-support-check fail never pass
> test-amd64-amd64-libvirt-xsm 12 migrate-support-check fail never pass
>
> version targeted for testing:
> libvirt 02a34d2af4d38d64ec9096296061fea7badc61fe
> baseline version:
> libvirt 6ec319b84f67d72bf59fe7e0fd41d88ee9c393c7
>
> Last test of basis 80121 2016-02-03 04:26:28 Z 2 days
> Failing since 80382 2016-02-04 04:29:24 Z 1 days 2 attempts
> Testing same since 80615 2016-02-05 04:38:19 Z 0 days 1 attempts
>
> ------------------------------------------------------------
> People who touched revisions under test:
> Daniel P. Berrange <berrange@redhat.com>
> Dmitry Andreev <dandreev@virtuozzo.com>
> Erik Skultety <eskultet@redhat.com>
> Joao Martins <joao.m.martins@oracle.com>
> John Ferlan <jferlan@redhat.com>
> Ján Tomko <jtomko@redhat.com>
> Martin Kletzander <mkletzan@redhat.com>
> Michal Privoznik <mprivozn@redhat.com>
> Nikolay Shirokovskiy <nshirokovskiy@virtuozzo.com>
> Peter Krempa <pkrempa@redhat.com>
> Roman Bogorodskiy <bogorodskiy@gmail.com>
>
> jobs:
> build-amd64-xsm pass
> build-armhf-xsm pass
> build-i386-xsm pass
> build-amd64 pass
> build-armhf pass
> build-i386 pass
> build-amd64-libvirt pass
> build-armhf-libvirt pass
> build-i386-libvirt pass
> build-amd64-pvops pass
> build-armhf-pvops pass
> build-i386-pvops pass
> test-amd64-amd64-libvirt-qemuu-debianhvm-amd64-xsm pass
> test-amd64-i386-libvirt-qemuu-debianhvm-amd64-xsm pass
> test-amd64-amd64-libvirt-xsm pass
> test-armhf-armhf-libvirt-xsm fail
> test-amd64-i386-libvirt-xsm pass
> test-amd64-amd64-libvirt pass
> test-armhf-armhf-libvirt fail
> test-amd64-i386-libvirt pass
> test-amd64-amd64-libvirt-pair fail
> test-amd64-i386-libvirt-pair fail
> test-armhf-armhf-libvirt-qcow2 fail
> test-armhf-armhf-libvirt-raw fail
> test-amd64-amd64-libvirt-vhd pass
>
>
> ------------------------------------------------------------
> sg-report-flight on osstest.test-lab.xenproject.org
> logs: /home/logs/logs
> images: /home/logs/images
>
> Logs, config files, etc. are available at
> http://logs.test-lab.xenproject.org/osstest/logs
>
> Explanation of these reports, and of osstest in general, is at
> http://xenbits.xen.org/gitweb/?p=osstest.git;a=blob;f=README.email;hb=master
> http://xenbits.xen.org/gitweb/?p=osstest.git;a=blob;f=README;hb=master
>
> Test harness code can be found at
> http://xenbits.xen.org/gitweb?p=osstest.git;a=summary
>
>
> Not pushing.
>
> (No revision log; it would be 393 lines long.)
>
>
>
> _______________________________________________
> Xen-devel mailing list
> Xen-devel@lists.xen.org
> http://lists.xen.org/xen-devel
>
^ permalink raw reply [flat|nested] 2+ messages in thread
end of thread, other threads:[~2016-02-05 18:44 UTC | newest]
Thread overview: 2+ messages (download: mbox.gz follow: Atom feed
-- links below jump to the message on this page --
2016-02-05 17:59 [libvirt test] 80615: regressions - FAIL osstest service owner
2016-02-05 18:44 ` Joao Martins
This is a public inbox, see mirroring instructions
for how to clone and mirror all data and code used for this inbox;
as well as URLs for NNTP newsgroup(s).