From mboxrd@z Thu Jan 1 00:00:00 1970 From: osstest service owner Subject: [libvirt test] 81092: regressions - FAIL Date: Mon, 08 Feb 2016 09:02:34 +0000 Message-ID: Mime-Version: 1.0 Content-Type: multipart/mixed; boundary="===============8032232756326529389==" Return-path: List-Unsubscribe: , List-Post: List-Help: List-Subscribe: , Sender: xen-devel-bounces@lists.xen.org Errors-To: xen-devel-bounces@lists.xen.org To: xen-devel@lists.xensource.com, osstest-admin@xenproject.org List-Id: xen-devel@lists.xenproject.org --===============8032232756326529389== Content-Length: 5208 Content-Transfer-Encoding: quoted-printable flight 81092 libvirt real [real] http://logs.test-lab.xenproject.org/osstest/logs/81092/ Regressions :-( Tests which did not succeed and are blocking, including tests which could not be run: test-amd64-amd64-libvirt-pair 21 guest-migrate/src_host/dst_host fail REGR. vs. 80121 test-amd64-i386-libvirt-pair 21 guest-migrate/src_host/dst_host fail REGR. vs. 80121 Tests which did not succeed, but are not blocking: test-amd64-amd64-libvirt 12 migrate-support-check fail never pass test-armhf-armhf-libvirt 14 guest-saverestore fail never pass test-armhf-armhf-libvirt 12 migrate-support-check fail never pass test-amd64-amd64-libvirt-xsm 12 migrate-support-check fail never pass test-amd64-i386-libvirt-xsm 12 migrate-support-check fail never pass test-armhf-armhf-libvirt-qcow2 11 migrate-support-check fail never pass test-armhf-armhf-libvirt-qcow2 13 guest-saverestore fail never pass test-amd64-i386-libvirt 12 migrate-support-check fail never pass test-amd64-amd64-libvirt-qemuu-debianhvm-amd64-xsm 10 migrate-support-check fail never pass test-amd64-amd64-libvirt-vhd 11 migrate-support-check fail never pass test-amd64-i386-libvirt-qemuu-debianhvm-amd64-xsm 10 migrate-support-check fail never pass test-armhf-armhf-libvirt-xsm 12 migrate-support-check fail never pass test-armhf-armhf-libvirt-xsm 14 guest-saverestore fail never pass test-armhf-armhf-libvirt-raw 13 guest-saverestore fail never pass test-armhf-armhf-libvirt-raw 11 migrate-support-check fail never pass version targeted for testing: libvirt 6450c9e4cf3fd92fd9d74e3ed808d869af8598d4 baseline version: libvirt 6ec319b84f67d72bf59fe7e0fd41d88ee9c393c7 Last test of basis 80121 2016-02-03 04:26:28 Z 5 days Failing since 80382 2016-02-04 04:29:24 Z 4 days 4 attempts Testing same since 81092 2016-02-07 04:20:25 Z 1 days 1 attempts ------------------------------------------------------------ People who touched revisions under test: Cole Robinson Daniel P. Berrange Dmitry Andreev Erik Skultety Joao Martins John Ferlan J=C3=A1n Tomko Martin Kletzander Michal Privoznik Nikolay Shirokovskiy Peter Krempa Roman Bogorodskiy Wido den Hollander jobs: build-amd64-xsm pass build-armhf-xsm pass build-i386-xsm pass build-amd64 pass build-armhf pass build-i386 pass build-amd64-libvirt pass build-armhf-libvirt pass build-i386-libvirt pass build-amd64-pvops pass build-armhf-pvops pass build-i386-pvops pass test-amd64-amd64-libvirt-qemuu-debianhvm-amd64-xsm pass test-amd64-i386-libvirt-qemuu-debianhvm-amd64-xsm pass test-amd64-amd64-libvirt-xsm pass test-armhf-armhf-libvirt-xsm fail test-amd64-i386-libvirt-xsm pass test-amd64-amd64-libvirt pass test-armhf-armhf-libvirt fail test-amd64-i386-libvirt pass test-amd64-amd64-libvirt-pair fail test-amd64-i386-libvirt-pair fail test-armhf-armhf-libvirt-qcow2 fail test-armhf-armhf-libvirt-raw fail test-amd64-amd64-libvirt-vhd pass ------------------------------------------------------------ sg-report-flight on osstest.test-lab.xenproject.org logs: /home/logs/logs images: /home/logs/images Logs, config files, etc. are available at http://logs.test-lab.xenproject.org/osstest/logs Explanation of these reports, and of osstest in general, is at http://xenbits.xen.org/gitweb/=3Fp=3Dosstest.git;a=3Dblob;f=3DREADME.email;hb=3Dmaster http://xenbits.xen.org/gitweb/=3Fp=3Dosstest.git;a=3Dblob;f=3DREADME;hb=3Dmaster Test harness code can be found at http://xenbits.xen.org/gitweb=3Fp=3Dosstest.git;a=3Dsummary Not pushing. (No revision log; it would be 627 lines long.) --===============8032232756326529389== Content-Type: text/plain; charset="us-ascii" MIME-Version: 1.0 Content-Transfer-Encoding: 7bit Content-Disposition: inline _______________________________________________ Xen-devel mailing list Xen-devel@lists.xen.org http://lists.xen.org/xen-devel --===============8032232756326529389==--