From mboxrd@z Thu Jan 1 00:00:00 1970 From: osstest service owner Subject: [linux-4.1 test] 81339: regressions - trouble: blocked/broken/fail/pass Date: Tue, 09 Feb 2016 16:14:39 +0000 Message-ID: Mime-Version: 1.0 Content-Type: multipart/mixed; boundary="===============4283754938788967582==" Return-path: List-Unsubscribe: , List-Post: List-Help: List-Subscribe: , Sender: xen-devel-bounces@lists.xen.org Errors-To: xen-devel-bounces@lists.xen.org To: xen-devel@lists.xensource.com, osstest-admin@xenproject.org List-Id: xen-devel@lists.xenproject.org --===============4283754938788967582== Content-Length: 17083 Content-Transfer-Encoding: quoted-printable flight 81339 linux-4.1 real [real] http://logs.test-lab.xenproject.org/osstest/logs/81339/ Regressions :-( Tests which did not succeed and are blocking, including tests which could not be run: build-armhf-pvops 3 host-install(3) broken REGR. vs. 66399 build-amd64-rumpuserxen 6 xen-build fail REGR. vs. 66399 build-i386-rumpuserxen 6 xen-build fail REGR. vs. 66399 Regressions which are regarded as allowable (not blocking): test-amd64-amd64-xl-qemuu-win7-amd64 16 guest-stop fail like 66399 test-amd64-i386-xl-qemuu-win7-amd64 16 guest-stop fail like 66399 test-amd64-i386-xl-qemut-win7-amd64 16 guest-stop fail like 66399 Tests which did not succeed, but are not blocking: test-amd64-amd64-rumpuserxen-amd64 1 build-check(1) blocked n/a test-amd64-i386-rumpuserxen-i386 1 build-check(1) blocked n/a test-armhf-armhf-libvirt-xsm 1 build-check(1) blocked n/a test-armhf-armhf-libvirt-qcow2 1 build-check(1) blocked n/a test-armhf-armhf-xl-arndale 1 build-check(1) blocked n/a test-armhf-armhf-xl-cubietruck 1 build-check(1) blocked n/a test-armhf-armhf-xl-credit2 1 build-check(1) blocked n/a test-armhf-armhf-xl 1 build-check(1) blocked n/a test-armhf-armhf-xl-xsm 1 build-check(1) blocked n/a test-armhf-armhf-xl-multivcpu 1 build-check(1) blocked n/a test-armhf-armhf-libvirt 1 build-check(1) blocked n/a test-armhf-armhf-xl-rtds 1 build-check(1) blocked n/a test-armhf-armhf-xl-vhd 1 build-check(1) blocked n/a test-armhf-armhf-libvirt-raw 1 build-check(1) blocked n/a test-amd64-amd64-xl-pvh-intel 14 guest-saverestore fail never pass test-amd64-amd64-xl-pvh-amd 11 guest-start fail never pass test-amd64-amd64-libvirt-xsm 12 migrate-support-check fail never pass test-amd64-i386-libvirt-xsm 12 migrate-support-check fail never pass test-amd64-i386-libvirt 12 migrate-support-check fail never pass test-amd64-amd64-qemuu-nested-amd 16 debian-hvm-install/l1/l2 fail never pass test-amd64-amd64-libvirt 12 migrate-support-check fail never pass test-amd64-amd64-libvirt-qemuu-debianhvm-amd64-xsm 10 migrate-support-check fail never pass test-amd64-i386-libvirt-qemuu-debianhvm-amd64-xsm 10 migrate-support-check fail never pass test-amd64-amd64-libvirt-vhd 11 migrate-support-check fail never pass version targeted for testing: linux 2d5f6b0413359df065fd02d695c08bbc7d998bbd baseline version: linux 07cc49f66973f49a391c91bf4b158fa0f2562ca8 Last test of basis 66399 2015-12-15 18:20:39 Z 55 days Failing since 78925 2016-01-24 13:50:39 Z 16 days 18 attempts Testing same since 79642 2016-01-31 21:28:16 Z 8 days 9 attempts ------------------------------------------------------------ People who touched revisions under test: Acked-by: David Howells Al Viro Alan Stern Alexandra Yates Alexandru Cornea Alexei Starovoitov Alexey Khoroshilov Andrey Ryabinin Andy Gospodarek Andy Lutomirski Anssi Hannula Antonio Quartulli Antti Palosaari Ard Biesheuvel Arnd Bergmann Ashish Panwar Azael Avalos Ben Hutchings Bj=C3=B8rn Mork Boqun Feng Boris Ostrovsky Catalin Marinas Charles Keepax Charles Ouyang Christoffer Dall Chunfeng Yun Cong Wang Cong Wang Corey Minyard Dan Carpenter Dan Streetman Dan Streetman Daniel Borkmann Daniele Palmas Darren Hart Dave Hansen David Henningsson David Howells David J. Wilder David S. Miller David Vrabel David Woodhouse Dmitry Katsubo Dmitry V. Levin Dmitry Vyukov Don Zickus Eric Dumazet Eric W. Biederman Evan Jones Felipe Balbi Florian Westphal Francesco Ruggeri Francesco Ruggeri Gouji, Masayuki Greg Kroah-Hartman Guenter Roeck Guillaume Nault H. Peter Anvin H.J. Lu Hannes Frederic Sowa Hans Verkuil Hans Yang Hayes Wang Helge Deller Herbert Xu Hui Wang Ian Campbell Ido Schimmel Ingo Molnar Ivaylo Dimitrov James Morris Jan Kara Jan Stancek Jarkko Sakkinen Jarod Wilson Jay Vosburgh Jens Axboe Jiri Benc Jiri Kosina Jiri Pirko Joe Jin Johan Hovold John Blackwood John Fastabend John Fastabend John Keeping Jonas Jonsson Jurgen Kramer Karl Heiss Konstantin Khlebnikov Konstantin Shkolnyy Kuninori Morimoto Li Bin libin Lorenzo Pieralisi Mans Rullgard Marc Zyngier Marcelo Ricardo Leitner Marek Lindner Mario Kleiner Mark Brown Mathias Nyman Mauro Carvalho Chehab Michael Ellerman Michael Marley Michael Neuling Michal Hocko Michal Kubecek Michal Kube=C4=8Dek Mikulas Patocka Mimi Zohar (on TPM 1.2) Neal Cardwell Nicolas Boichat Nicolas Dichtel Nikesh Oswal Nikolay Aleksandrov Oliver Freyermuth Oliver Neukum Ouyang Zhaowei (Charles) Paolo Bonzini Paul Mackerras Paul Mackerras Pavel Fedin Pavel Machek Peter Huewe Peter Ujfalusi Peter Wu Peter Zijlstra (Intel) Prarit Bhargava Raanan Avargil Rabin Vincent Radim Kr=C4=8Dm=C3=A1=C5=99 Rainer Weikusat Richard Purdie Robert Jarzmik Sachin Pandhare Salva Peir=C3=B3 Sasha Levin Sergei Shtylyov Shannon Nelson Simon Wunderlich Stas Nichiporovich Stefan Wahren Steffen Klassert Steven Rostedt Stewart Smith Sven Eckelmann Tadeusz Struk tadeusz.struk@intel.com Takashi Iwai Takashi Sakamoto Thomas Gleixner Tom Herbert Tony Camuso Ulrich Weigand Vijay Pandurangan Vinod Koul Vlad Yasevich Vladislav Yasevich Vladislav Yasevich WANG Cong Wei Liu Will Deacon Willem de Bruijn Willy Tarreau Xin Long Xiong Zhang Yang Shi Yevgeny Pats YOSHIFUJI Hideaki Yuchung Cheng Zi Shen Lim jobs: build-amd64-xsm pass build-armhf-xsm pass build-i386-xsm pass build-amd64 pass build-armhf pass build-i386 pass build-amd64-libvirt pass build-armhf-libvirt pass build-i386-libvirt pass build-amd64-pvops pass build-armhf-pvops broken build-i386-pvops pass build-amd64-rumpuserxen fail build-i386-rumpuserxen fail test-amd64-amd64-xl pass test-armhf-armhf-xl blocked test-amd64-i386-xl pass test-amd64-amd64-xl-qemut-debianhvm-amd64-xsm pass test-amd64-i386-xl-qemut-debianhvm-amd64-xsm pass test-amd64-amd64-libvirt-qemuu-debianhvm-amd64-xsm pass test-amd64-i386-libvirt-qemuu-debianhvm-amd64-xsm pass test-amd64-amd64-xl-qemuu-debianhvm-amd64-xsm pass test-amd64-i386-xl-qemuu-debianhvm-amd64-xsm pass test-amd64-amd64-xl-qemut-stubdom-debianhvm-amd64-xsm pass test-amd64-i386-xl-qemut-stubdom-debianhvm-amd64-xsm pass test-amd64-amd64-libvirt-xsm pass test-armhf-armhf-libvirt-xsm blocked test-amd64-i386-libvirt-xsm pass test-amd64-amd64-xl-xsm pass test-armhf-armhf-xl-xsm blocked test-amd64-i386-xl-xsm pass test-amd64-amd64-qemuu-nested-amd fail test-amd64-amd64-xl-pvh-amd fail test-amd64-i386-qemut-rhel6hvm-amd pass test-amd64-i386-qemuu-rhel6hvm-amd pass test-amd64-amd64-xl-qemut-debianhvm-amd64 pass test-amd64-i386-xl-qemut-debianhvm-amd64 pass test-amd64-amd64-xl-qemuu-debianhvm-amd64 pass test-amd64-i386-xl-qemuu-debianhvm-amd64 pass test-amd64-i386-freebsd10-amd64 pass test-amd64-amd64-xl-qemuu-ovmf-amd64 pass test-amd64-i386-xl-qemuu-ovmf-amd64 pass test-amd64-amd64-rumpuserxen-amd64 blocked test-amd64-amd64-xl-qemut-win7-amd64 pass test-amd64-i386-xl-qemut-win7-amd64 fail test-amd64-amd64-xl-qemuu-win7-amd64 fail test-amd64-i386-xl-qemuu-win7-amd64 fail test-armhf-armhf-xl-arndale blocked test-amd64-amd64-xl-credit2 pass test-armhf-armhf-xl-credit2 blocked test-armhf-armhf-xl-cubietruck blocked test-amd64-i386-freebsd10-i386 pass test-amd64-i386-rumpuserxen-i386 blocked test-amd64-amd64-qemuu-nested-intel pass test-amd64-amd64-xl-pvh-intel fail test-amd64-i386-qemut-rhel6hvm-intel pass test-amd64-i386-qemuu-rhel6hvm-intel pass test-amd64-amd64-libvirt pass test-armhf-armhf-libvirt blocked test-amd64-i386-libvirt pass test-amd64-amd64-xl-multivcpu pass test-armhf-armhf-xl-multivcpu blocked test-amd64-amd64-pair pass test-amd64-i386-pair pass test-amd64-amd64-libvirt-pair pass test-amd64-i386-libvirt-pair pass test-amd64-amd64-amd64-pvgrub pass test-amd64-amd64-i386-pvgrub pass test-amd64-amd64-pygrub pass test-armhf-armhf-libvirt-qcow2 blocked test-amd64-amd64-xl-qcow2 pass test-armhf-armhf-libvirt-raw blocked test-amd64-i386-xl-raw pass test-amd64-amd64-xl-rtds pass test-armhf-armhf-xl-rtds blocked test-amd64-i386-xl-qemut-winxpsp3-vcpus1 pass test-amd64-i386-xl-qemuu-winxpsp3-vcpus1 pass test-amd64-amd64-libvirt-vhd pass test-armhf-armhf-xl-vhd blocked test-amd64-amd64-xl-qemut-winxpsp3 pass test-amd64-i386-xl-qemut-winxpsp3 pass test-amd64-amd64-xl-qemuu-winxpsp3 pass test-amd64-i386-xl-qemuu-winxpsp3 pass ------------------------------------------------------------ sg-report-flight on osstest.test-lab.xenproject.org logs: /home/logs/logs images: /home/logs/images Logs, config files, etc. are available at http://logs.test-lab.xenproject.org/osstest/logs Explanation of these reports, and of osstest in general, is at http://xenbits.xen.org/gitweb/=3Fp=3Dosstest.git;a=3Dblob;f=3DREADME.email;hb=3Dmaster http://xenbits.xen.org/gitweb/=3Fp=3Dosstest.git;a=3Dblob;f=3DREADME;hb=3Dmaster Test harness code can be found at http://xenbits.xen.org/gitweb=3Fp=3Dosstest.git;a=3Dsummary broken-step build-armhf-pvops host-install(3) Not pushing. (No revision log; it would be 4494 lines long.) --===============4283754938788967582== Content-Type: text/plain; charset="us-ascii" MIME-Version: 1.0 Content-Transfer-Encoding: 7bit Content-Disposition: inline _______________________________________________ Xen-devel mailing list Xen-devel@lists.xen.org http://lists.xen.org/xen-devel --===============4283754938788967582==--