xen-devel.lists.xenproject.org archive mirror
 help / color / mirror / Atom feed
* [linux-3.16 test] 81614: tolerable trouble: blocked/broken/fail/pass - PUSHED
@ 2016-02-10 21:22 osstest service owner
  0 siblings, 0 replies; only message in thread
From: osstest service owner @ 2016-02-10 21:22 UTC (permalink / raw)
  To: xen-devel, osstest-admin

[-- Warning: decoded text below may be mangled, UTF-8 assumed --]
[-- Attachment #1: Type: text/plain, Size: 26060 bytes --]

flight 81614 linux-3.16 real [real]
http://logs.test-lab.xenproject.org/osstest/logs/81614/

Failures :-/ but no regressions.

Tests which are failing intermittently (not blocking):
 test-amd64-i386-libvirt-qemuu-debianhvm-amd64-xsm 3 host-install(3) broken pass in 81206
 test-armhf-armhf-xl-credit2  18 leak-check/check   fail in 81206 pass in 81614
 test-amd64-amd64-xl-qemut-win7-amd64 16 guest-stop fail in 81206 pass in 81614

Regressions which are regarded as allowable (not blocking):
 test-armhf-armhf-xl-rtds 15 guest-start/debian.repeat fail in 81206 like 79367
 test-amd64-i386-xl-qemut-win7-amd64 16 guest-stop              fail like 79322
 test-amd64-amd64-xl-qemuu-win7-amd64 16 guest-stop             fail like 79322
 build-i386-rumpuserxen        6 xen-build                    fail   like 79413
 test-amd64-amd64-xl-credit2  17 guest-localmigrate/x10       fail   like 79413
 build-amd64-rumpuserxen       6 xen-build                    fail   like 79413
 test-amd64-i386-qemut-rhel6hvm-intel 11 guest-start/redhat.repeat fail like 79413
 test-armhf-armhf-xl-rtds     11 guest-start                  fail   like 79413

Tests which did not succeed, but are not blocking:
 test-amd64-amd64-rumpuserxen-amd64  1 build-check(1)               blocked n/a
 test-amd64-i386-rumpuserxen-i386  1 build-check(1)               blocked  n/a
 test-armhf-armhf-xl-rtds 13 saverestore-support-check fail in 81206 never pass
 test-armhf-armhf-xl-rtds     12 migrate-support-check fail in 81206 never pass
 test-amd64-i386-libvirt-qemuu-debianhvm-amd64-xsm 10 migrate-support-check fail in 81206 never pass
 test-amd64-amd64-xl-pvh-intel 11 guest-start                  fail  never pass
 test-amd64-amd64-xl-pvh-amd  11 guest-start                  fail   never pass
 test-armhf-armhf-libvirt-xsm 12 migrate-support-check        fail   never pass
 test-armhf-armhf-libvirt-xsm 14 guest-saverestore            fail   never pass
 test-amd64-amd64-xl-multivcpu 17 guest-localmigrate/x10       fail  never pass
 test-armhf-armhf-libvirt     14 guest-saverestore            fail   never pass
 test-armhf-armhf-libvirt     12 migrate-support-check        fail   never pass
 test-armhf-armhf-libvirt-qcow2 11 migrate-support-check        fail never pass
 test-armhf-armhf-libvirt-qcow2 13 guest-saverestore            fail never pass
 test-amd64-amd64-xl-rtds     17 guest-localmigrate/x10       fail   never pass
 test-armhf-armhf-libvirt-raw 13 guest-saverestore            fail   never pass
 test-armhf-armhf-libvirt-raw 11 migrate-support-check        fail   never pass
 test-armhf-armhf-xl-arndale  12 migrate-support-check        fail   never pass
 test-armhf-armhf-xl-arndale  13 saverestore-support-check    fail   never pass
 test-amd64-amd64-libvirt-xsm 12 migrate-support-check        fail   never pass
 test-amd64-i386-libvirt-xsm  12 migrate-support-check        fail   never pass
 test-amd64-amd64-libvirt     12 migrate-support-check        fail   never pass
 test-amd64-i386-libvirt      12 migrate-support-check        fail   never pass
 test-amd64-amd64-libvirt-qemuu-debianhvm-amd64-xsm 10 migrate-support-check fail never pass
 test-amd64-i386-xl-qemuu-win7-amd64 16 guest-stop              fail never pass
 test-amd64-amd64-qemuu-nested-amd 16 debian-hvm-install/l1/l2  fail never pass
 test-armhf-armhf-xl          12 migrate-support-check        fail   never pass
 test-armhf-armhf-xl          13 saverestore-support-check    fail   never pass
 test-armhf-armhf-xl-credit2  13 saverestore-support-check    fail   never pass
 test-armhf-armhf-xl-credit2  12 migrate-support-check        fail   never pass
 test-amd64-amd64-libvirt-vhd 11 migrate-support-check        fail   never pass
 test-armhf-armhf-xl-multivcpu 13 saverestore-support-check    fail  never pass
 test-armhf-armhf-xl-multivcpu 12 migrate-support-check        fail  never pass
 test-armhf-armhf-xl-cubietruck 12 migrate-support-check        fail never pass
 test-armhf-armhf-xl-cubietruck 13 saverestore-support-check    fail never pass
 test-armhf-armhf-xl-xsm      13 saverestore-support-check    fail   never pass
 test-armhf-armhf-xl-xsm      12 migrate-support-check        fail   never pass
 test-armhf-armhf-xl-vhd      11 migrate-support-check        fail   never pass
 test-armhf-armhf-xl-vhd      12 saverestore-support-check    fail   never pass

version targeted for testing:
 linux                752289d006578baafcbf6dc5b2a0b0fc38c8b1c7
baseline version:
 linux                3c702e47ca83e03824e5dc0358438d3805161102

Last test of basis    79413  2016-01-29 10:13:51 Z   12 days
Testing same since    81206  2016-02-07 18:28:38 Z    3 days    2 attempts

------------------------------------------------------------
People who touched revisions under test:
  "J. Bruce Fields" <bfields@fieldses.org>
  <dinyar.rabady+spam@gmail.com>
  Aaron Conole <aconole@redhat.com>
  Acked-by: David Howells <dhowells@redhat.com>
  Adrian Hunter <adrian.hunter@intel.com>
  Al Viro <viro@zeniv.linux.org.uk>
  Alex Deucher <alexander.deucher@amd.com>
  Alexei Starovoitov <ast@kernel.org>
  Alexey Charkov <alchark@gmail.com>
  Alexey Khoroshilov <khoroshilov@ispras.ru>
  Andrew Elble <aweits@rit.edu>
  Andrew Gabbasov <andrew_gabbasov@mentor.com>
  Andrew Morton <akpm@linux-foundation.org>
  Andy Gospodarek <gospo@cumulusnetworks.com>
  Andy Lutomirski <luto@kernel.org>
  Andy Shevchenko <andriy.shevchenko@linux.intel.com>
  Ani Sinha <ani@arista.com>
  Anna Schumaker <Anna.Schumaker@Netapp.com>
  Antonio Ospite <ao2@ao2.it>
  Antonio Quartulli <a@unstable.cc>
  Antonio Quartulli <antonio@meshcoding.com>
  Ard Biesheuvel <ard.biesheuvel@linaro.org>
  Arnaldo Carvalho de Melo <acme@redhat.com>
  Arnd Bergmann <arnd@arndb.de>
  Ashish Panwar <ashish.panwar@intel.com>
  Aurélien Francillon <aurelien@francillon.net>
  Bart Van Assche <bart.vanassche@sandisk.com>
  Ben Skeggs <bskeggs@redhat.com>
  Benjamin Tissoires <benjamin.tissoires@redhat.com>
  Bjorn Helgaas <bhelgaas@google.com>
  Boqun Feng <boqun.feng@gmail.com>
  Boris Brezillon <boris.brezillon@free-electrons.com>
  Borislav Petkov <bp@suse.de>
  Brian Norris <computersforpeace@gmail.com>
  Bruno Bierbaumer <bruno@bierbaumer.net>
  Catalin Marinas <catalin.marinas@arm.com>
  Charles Ouyang <ouyangzhaowei@huawei.com>
  Christoph Biedl <linux-kernel.bfrz@manchmal.in-ulm.de>
  Chuanxiao Dong <chuanxiao.dong@intel.com>
  Cong Wang <cwang@twopensource.com>
  D. Jeff Dionne <jeff@uClinux.org>
  Dan Carpenter <dan.carpenter@oracle.com>
  Dan Streetman <dan.streetman@canonical.com>
  Dan Streetman <ddstreet@ieee.org>
  Daniel Borkmann <daniel@iogearbox.net>
  Daniel Lezcano <daniel.lezcano@linaro.org>
  Daniel Vetter <daniel.vetter@ffwll.ch>
  Darren Hart <dvhart@linux.intel.com>
  Darrick J. Wong <darrick.wong@oracle.com>
  Dave Chinner <david@fromorbit.com>
  Dave Chinner <dchinner@redhat.com>
  David Gibson <david@gibson.dropbear.id.au>
  David S. Miller <davem@davemloft.net>
  David Sterba <dsterba@suse.com>
  David Vrabel <david.vrabel@citrix.com>
  Dinh Nguyen <dinguyen@opensource.altera.com>
  Dmitry Torokhov <dmitry.torokhov@gmail.com>
  Dmitry Tunin <hanipouspilot@gmail.com>
  Dmitry V. Levin <ldv@altlinux.org>
  Dmitry Vyukov <dvyukov@google.com>
  Doug Ledford <dledford@redhat.com>
  Emmanuel Grumbach <emmanuel.grumbach@intel.com>
  Eric Dumazet <edumazet@google.com>
  Eric W. Biederman <ebiederm@xmission.com>
  Eric Wheeler <bcache@linux.ewheeler.net>
  Evan Jones <ej@evanjones.ca>
  Florian Westphal <fw@strlen.de>
  Gabriel de Perthuis <g2p.code@gmail.com>
  Gabriel Fernandez <gabriel.fernandez@linaro.org>
  Geert Uytterhoeven <geert+renesas@glider.be>
  Greg Kroah-Hartman <gregkh@linuxfoundation.org>
  Grygorii Strashko <grygorii.strashko@ti.com>
  Guenter Roeck <linux@roeck-us.net>
  H. Peter Anvin <hpa@zytor.com>
  H.J. Lu <hjl.tools@gmail.com>
  Hannes Frederic Sowa <hannes@stressinduktion.org>
  Hans de Goede <hdegoede@redhat.com>
  Hans Verkuil <hans.verkuil@cisco.com>
  Heiko Carstens <heiko.carstens@de.ibm.com>
  Helge Deller <deller@gmx.de>
  Herbert Xu <herbert@gondor.apana.org.au>
  Ian Campbell <ian.campbell@citrix.com>
  Ido Schimmel <idosch@mellanox.com>
  Igor Grinberg <grinberg@compulab.co.il>
  Ingo Molnar <mingo@kernel.org>
  Ioan-Adrian Ratiu <adi@adirat.com>
  Ivaylo Dimitrov <ivo.g.dimitrov.75@gmail.com>
  Jamie Bainbridge <jamie.bainbridge@gmail.com>
  Jan Beulich <jbeulich@suse.com>
  Jan Kara <jack@suse.com>
  Jan Kara <jack@suse.cz>
  Jani Nikula <jani.nikula@intel.com>
  Jay Vosburgh <jay.vosburgh@canonical.com>
  Jean Delvare <jdelvare@suse.de>
  Jeff Layton <jeff.layton@primarydata.com>
  Jens Axboe <axboe@fb.com>
  Jiri Kosina <jkosina@suse.cz>
  Jiri Pirko <jiri@mellanox.com>
  Jiufei Xue <xuejiufei@huawei.com>
  Joe Jin <joe.jin@oracle.com>
  Johan Hovold <johan@kernel.org>
  John Blackwood <john.blackwood@ccur.com>
  John Stultz <john.stultz@linaro.org>
  Josh Boyer <jwboyer@fedoraproject.org>
  Joshua Schmid <jschmid@suse.com>
  Junjie Mao <junjie.mao@hotmail.com>
  Kalle Valo <kvalo@codeaurora.org>
  Kamal Mostafa <kamal@canonical.com>
  Karl Heiss <kheiss@gmail.com>
  Kees Cook <keescook@chromium.org>
  Kent Overstreet <kent.overstreet@gmail.com>
  Kent Overstreet <kmo@daterainc.com>
  Kyeongdon Kim <kyeongdon.kim@lge.com>
  Larry Finger <Larry.Finger@lwfinger.net>
  Laura Abbott <labbott@fedoraproject.org>
  Laurent Vivier <lvivier@redhat.com>
  Linus Lüssing <linus.luessing@c0d3.blue>
  Linus Torvalds <torvalds@linux-foundation.org>
  Linus Walleij <linus.walleij@linaro.org>
  Loc Ho <lho@apm.com>
  Lorenzo Pieralisi <lorenzo.pieralisi@arm.com>
  Lucas Stach <l.stach@pengutronix.de> (for imx6)
  lucien <lucien.xin@gmail.com>
  Luis Henriques <luis.henriques@canonical.com>
  Lukas Wunner <lukas@wunner.de>
  Malcolm Priestley <tvboxspy@gmail.com>
  Mans Rullgard <mans@mansr.com>
  Marcel Holtmann <marcel@holtmann.org>
  Marcelo Ricardo Leitner <marcelo.leitner@gmail.com>
  Marek Lindner <mareklindner@neomailbox.ch>
  Mario Kleiner <mario.kleiner.de@gmail.com>
  Mark Brown <broonie@kernel.org>
  Martijn Coenen <maco@google.com>
  Martin K. Petersen <martin.petersen@oracle.com>
  Martin Schwidefsky <schwidefsky@de.ibm.com>
  Matan Barak <matanb@mellanox.com>
  Mauro Carvalho Chehab <mchehab@osg.samsung.com>
  Michael Ellerman <mpe@ellerman.id.au>
  Michael S. Tsirkin <mst@redhat.com>
  Michal Hocko <mhocko@suse.com>
  Michal Marek <mmarek@suse.com>
  Mickaël Salaün <mic@digikod.net>
  Mike Marciniszyn <mike.marciniszyn@intel.com>
  Mike Snitzer <snitzer@redhat.com>
  Mikulas Patocka <mpatocka@redhat.com>
  Minchan Kim <minchan@kernel.org>
  Ming Lei <ming.lei@canonical.com>
  Moni Shoua <monis@mellanox.com>
  Namhyung Kim <namhyung@kernel.org>
  Naoya Horiguchi <n-horiguchi@ah.jp.nec.com>
  Neal Cardwell <ncardwell@google.com>
  Nicholas Bellinger <nab@linux-iscsi.org>
  Nicolas Boichat <drinkcat@chromium.org>
  Nicolas Dichtel <nicolas.dichtel@6wind.com>
  Nikolay Aleksandrov <nikolay@cumulusnetworks.com>
  Nikolay Borisov <kernel@kyup.com>
  Oliver Freyermuth <o.freyermuth@googlemail.com>
  Oliver Neukum <oneukum@suse.com>
  Oren Givon <oren.givon@intel.com>
  Ouyang Zhaowei (Charles) <ouyangzhaowei@huawei.com>
  Paolo Bonzini <pbonzini@redhat.com>
  Paul E. McKenney <paulmck@linux.vnet.ibm.com>
  Paul Hordiienko <pvt.gord@gmail.com>
  Pawel Wodkowski <pawelx.wodkowski@intel.com>
  Peter Wu <peter@lekensteyn.nl>
  Peter Zijlstra (Intel) <peterz@infradead.org>
  Pierre Moreau <pierre.morrow@free.fr>
  Rabin Vincent <rabin.vincent@axis.com>
  Rabin Vincent <rabin@rab.in>
  Rafael Aquini <aquini@redhat.com>
  Rich Felker <dalias@libc.org>
  Richard Cochran <richardcochran@gmail.com>
  Richard Weinberger <richard@nod.at>
  Rob Landley <rob@landley.net>
  Roman Volkov <rvolkov@v1ros.org>
  Russell King <rmk+kernel@arm.linux.org.uk>
  Santosh Shilimkar <santosh.shilimkar@oracle.com>
  Sasha Levin <sasha.levin@oracle.com>
  Sebastian Reichel <sre@kernel.org>
  Sergey Senozhatsky <sergey.senozhatsky.work@gmail.com>
  Sergey Senozhatsky <sergey.senozhatsky@gmail.com>
  Shirish Pargaonkar <shirishpargaonkar@gmail.com>
  Shuah Khan <shuahkh@osg.samsung.com>
  Simon Horman <horms+renesas@verge.net.au>
  Simon Wunderlich <sw@simonwunderlich.de>
  Stefan Bader <stefan.bader@canonical.com>
  Stefan Wahren <stefan.wahren@i2se.com>
  Steffen Klassert <steffen.klassert@secunet.com>
  Stephane Eranian <eranian@google.com>
  Stephen Boyd <sboyd@codeaurora.org>
  Steve French <sfrench@localhost.localdomain>
  Steve French <smfrench@gmail.com>
  Steven Rostedt <rostedt@goodmis.org>
  Sudip Mukherjee <sudip@vectorindia.org>
  Sudip Mukherjee <sudipm.mukherjee@gmail.com>
  Sven Eckelmann <sven@narfation.org>
  Takashi Iwai <tiwai@suse.de>
  Tariq Saeed <tariq.x.saeed@oracle.com>
  Tejun Heo <tj@kernel.org>
  Thomas Gleixner <tglx@linutronix.de>
  Trond Myklebust <trond.myklebust@primarydata.com>
  Ulf Hansson <ulf.hansson@linaro.org>
  Ulrich Weigand <ulrich.weigand@de.ibm.com>
  Uri Mashiach <uri.mashiach@compulab.co.il>
  Vasily Averin <vvs@virtuozzo.com>
  Vegard Nossum <vegard.nossum@oracle.com>
  Vijay Pandurangan <vijayp@vijayp.ca>
  Vinit Agnihotri <vinit.abhay.agnihotri@intel.com>
  Vinod Koul <vinod.koul@intel.com>
  Vitaly Kuznetsov <vkuznets@redhat.com>
  Vlad Yasevich <vyasevich@gmail.com>
  Wei Liu <wei.liu2@citrix.com>
  Will Deacon <will.deacon@arm.com>
  William Brown <william@blackhats.net.au>
  Willy Tarreau <w@1wt.eu>
  Xin Long <lucien.xin@gmail.com>
  xuejiufei <xuejiufei@huawei.com>
  Yoshinori Sato <ysato@users.sourceforge.jp>
  Yuchung Cheng <ycheng@google.com>
  Zheng Liu <gnehzuil.liu@gmail.com>
  Zheng Liu <wenqing.lz@taobao.com>

jobs:
 build-amd64-xsm                                              pass
 build-armhf-xsm                                              pass
 build-i386-xsm                                               pass
 build-amd64                                                  pass
 build-armhf                                                  pass
 build-i386                                                   pass
 build-amd64-libvirt                                          pass
 build-armhf-libvirt                                          pass
 build-i386-libvirt                                           pass
 build-amd64-pvops                                            pass
 build-armhf-pvops                                            pass
 build-i386-pvops                                             pass
 build-amd64-rumpuserxen                                      fail
 build-i386-rumpuserxen                                       fail
 test-amd64-amd64-xl                                          pass
 test-armhf-armhf-xl                                          pass
 test-amd64-i386-xl                                           pass
 test-amd64-amd64-xl-qemut-debianhvm-amd64-xsm                pass
 test-amd64-i386-xl-qemut-debianhvm-amd64-xsm                 pass
 test-amd64-amd64-libvirt-qemuu-debianhvm-amd64-xsm           pass
 test-amd64-i386-libvirt-qemuu-debianhvm-amd64-xsm            broken
 test-amd64-amd64-xl-qemuu-debianhvm-amd64-xsm                pass
 test-amd64-i386-xl-qemuu-debianhvm-amd64-xsm                 pass
 test-amd64-amd64-xl-qemut-stubdom-debianhvm-amd64-xsm        pass
 test-amd64-i386-xl-qemut-stubdom-debianhvm-amd64-xsm         pass
 test-amd64-amd64-libvirt-xsm                                 pass
 test-armhf-armhf-libvirt-xsm                                 fail
 test-amd64-i386-libvirt-xsm                                  pass
 test-amd64-amd64-xl-xsm                                      pass
 test-armhf-armhf-xl-xsm                                      pass
 test-amd64-i386-xl-xsm                                       pass
 test-amd64-amd64-qemuu-nested-amd                            fail
 test-amd64-amd64-xl-pvh-amd                                  fail
 test-amd64-i386-qemut-rhel6hvm-amd                           pass
 test-amd64-i386-qemuu-rhel6hvm-amd                           pass
 test-amd64-amd64-xl-qemut-debianhvm-amd64                    pass
 test-amd64-i386-xl-qemut-debianhvm-amd64                     pass
 test-amd64-amd64-xl-qemuu-debianhvm-amd64                    pass
 test-amd64-i386-xl-qemuu-debianhvm-amd64                     pass
 test-amd64-i386-freebsd10-amd64                              pass
 test-amd64-amd64-xl-qemuu-ovmf-amd64                         pass
 test-amd64-i386-xl-qemuu-ovmf-amd64                          pass
 test-amd64-amd64-rumpuserxen-amd64                           blocked
 test-amd64-amd64-xl-qemut-win7-amd64                         pass
 test-amd64-i386-xl-qemut-win7-amd64                          fail
 test-amd64-amd64-xl-qemuu-win7-amd64                         fail
 test-amd64-i386-xl-qemuu-win7-amd64                          fail
 test-armhf-armhf-xl-arndale                                  pass
 test-amd64-amd64-xl-credit2                                  fail
 test-armhf-armhf-xl-credit2                                  pass
 test-armhf-armhf-xl-cubietruck                               pass
 test-amd64-i386-freebsd10-i386                               pass
 test-amd64-i386-rumpuserxen-i386                             blocked
 test-amd64-amd64-qemuu-nested-intel                          pass
 test-amd64-amd64-xl-pvh-intel                                fail
 test-amd64-i386-qemut-rhel6hvm-intel                         fail
 test-amd64-i386-qemuu-rhel6hvm-intel                         pass
 test-amd64-amd64-libvirt                                     pass
 test-armhf-armhf-libvirt                                     fail
 test-amd64-i386-libvirt                                      pass
 test-amd64-amd64-xl-multivcpu                                fail
 test-armhf-armhf-xl-multivcpu                                pass
 test-amd64-amd64-pair                                        pass
 test-amd64-i386-pair                                         pass
 test-amd64-amd64-libvirt-pair                                pass
 test-amd64-i386-libvirt-pair                                 pass
 test-amd64-amd64-amd64-pvgrub                                pass
 test-amd64-amd64-i386-pvgrub                                 pass
 test-amd64-amd64-pygrub                                      pass
 test-armhf-armhf-libvirt-qcow2                               fail
 test-amd64-amd64-xl-qcow2                                    pass
 test-armhf-armhf-libvirt-raw                                 fail
 test-amd64-i386-xl-raw                                       pass
 test-amd64-amd64-xl-rtds                                     fail
 test-armhf-armhf-xl-rtds                                     fail
 test-amd64-i386-xl-qemut-winxpsp3-vcpus1                     pass
 test-amd64-i386-xl-qemuu-winxpsp3-vcpus1                     pass
 test-amd64-amd64-libvirt-vhd                                 pass
 test-armhf-armhf-xl-vhd                                      pass
 test-amd64-amd64-xl-qemut-winxpsp3                           pass
 test-amd64-i386-xl-qemut-winxpsp3                            pass
 test-amd64-amd64-xl-qemuu-winxpsp3                           pass
 test-amd64-i386-xl-qemuu-winxpsp3                            pass


------------------------------------------------------------
sg-report-flight on osstest.test-lab.xenproject.org
logs: /home/logs/logs
images: /home/logs/images

Logs, config files, etc. are available at
    http://logs.test-lab.xenproject.org/osstest/logs

Explanation of these reports, and of osstest in general, is at
    http://xenbits.xen.org/gitweb/?p=osstest.git;a=blob;f=README.email;hb=master
    http://xenbits.xen.org/gitweb/?p=osstest.git;a=blob;f=README;hb=master

Test harness code can be found at
    http://xenbits.xen.org/gitweb?p=osstest.git;a=summary

broken-step test-amd64-i386-libvirt-qemuu-debianhvm-amd64-xsm host-install(3)

Pushing revision :

+ branch=linux-3.16
+ revision=752289d006578baafcbf6dc5b2a0b0fc38c8b1c7
+ . ./cri-lock-repos
++ . ./cri-common
+++ . ./cri-getconfig
+++ umask 002
+++ getrepos
++++ getconfig Repos
++++ perl -e '
                use Osstest;
                readglobalconfig();
                print $c{"Repos"} or die $!;
        '
+++ local repos=/home/osstest/repos
+++ '[' -z /home/osstest/repos ']'
+++ '[' '!' -d /home/osstest/repos ']'
+++ echo /home/osstest/repos
++ repos=/home/osstest/repos
++ repos_lock=/home/osstest/repos/lock
++ '[' x '!=' x/home/osstest/repos/lock ']'
++ OSSTEST_REPOS_LOCK_LOCKED=/home/osstest/repos/lock
++ exec with-lock-ex -w /home/osstest/repos/lock ./ap-push linux-3.16 752289d006578baafcbf6dc5b2a0b0fc38c8b1c7
+ branch=linux-3.16
+ revision=752289d006578baafcbf6dc5b2a0b0fc38c8b1c7
+ . ./cri-lock-repos
++ . ./cri-common
+++ . ./cri-getconfig
+++ umask 002
+++ getrepos
++++ getconfig Repos
++++ perl -e '
                use Osstest;
                readglobalconfig();
                print $c{"Repos"} or die $!;
        '
+++ local repos=/home/osstest/repos
+++ '[' -z /home/osstest/repos ']'
+++ '[' '!' -d /home/osstest/repos ']'
+++ echo /home/osstest/repos
++ repos=/home/osstest/repos
++ repos_lock=/home/osstest/repos/lock
++ '[' x/home/osstest/repos/lock '!=' x/home/osstest/repos/lock ']'
+ . ./cri-common
++ . ./cri-getconfig
++ umask 002
+ select_xenbranch
+ case "$branch" in
+ tree=linux
+ xenbranch=xen-unstable
+ '[' xlinux = xlinux ']'
+ linuxbranch=linux-3.16
+ '[' x = x ']'
+ qemuubranch=qemu-upstream-unstable
+ select_prevxenbranch
++ ./cri-getprevxenbranch xen-unstable
+ prevxenbranch=xen-4.6-testing
+ '[' x752289d006578baafcbf6dc5b2a0b0fc38c8b1c7 = x ']'
+ : tested/2.6.39.x
+ . ./ap-common
++ : osstest@xenbits.xen.org
+++ getconfig OsstestUpstream
+++ perl -e '
                use Osstest;
                readglobalconfig();
                print $c{"OsstestUpstream"} or die $!;
        '
++ :
++ : git://xenbits.xen.org/xen.git
++ : osstest@xenbits.xen.org:/home/xen/git/xen.git
++ : git://xenbits.xen.org/qemu-xen-traditional.git
++ : git://git.kernel.org
++ : git://git.kernel.org/pub/scm/linux/kernel/git
++ : git
++ : git://xenbits.xen.org/libvirt.git
++ : osstest@xenbits.xen.org:/home/xen/git/libvirt.git
++ : git://xenbits.xen.org/libvirt.git
++ : git://xenbits.xen.org/rumpuser-xen.git
++ : git
++ : git://xenbits.xen.org/rumpuser-xen.git
++ : osstest@xenbits.xen.org:/home/xen/git/rumpuser-xen.git
+++ besteffort_repo https://github.com/rumpkernel/rumpkernel-netbsd-src
+++ local repo=https://github.com/rumpkernel/rumpkernel-netbsd-src
+++ cached_repo https://github.com/rumpkernel/rumpkernel-netbsd-src '[fetch=try]'
+++ local repo=https://github.com/rumpkernel/rumpkernel-netbsd-src
+++ local 'options=[fetch=try]'
++++ getconfig GitCacheProxy
++++ perl -e '
                use Osstest;
                readglobalconfig();
                print $c{"GitCacheProxy"} or die $!;
        '
+++ local cache=git://cache:9419/
+++ '[' xgit://cache:9419/ '!=' x ']'
+++ echo 'git://cache:9419/https://github.com/rumpkernel/rumpkernel-netbsd-src%20[fetch=try]'
++ : 'git://cache:9419/https://github.com/rumpkernel/rumpkernel-netbsd-src%20[fetch=try]'
++ : git
++ : git://git.seabios.org/seabios.git
++ : osstest@xenbits.xen.org:/home/xen/git/osstest/seabios.git
++ : git://xenbits.xen.org/osstest/seabios.git
++ : https://github.com/tianocore/edk2.git
++ : osstest@xenbits.xen.org:/home/xen/git/osstest/ovmf.git
++ : git://xenbits.xen.org/osstest/ovmf.git
++ : git://xenbits.xen.org/osstest/linux-firmware.git
++ : osstest@xenbits.xen.org:/home/osstest/ext/linux-firmware.git
++ : git://git.kernel.org/pub/scm/linux/kernel/git/firmware/linux-firmware.git
++ : osstest@xenbits.xen.org:/home/xen/git/linux-pvops.git
++ : git://xenbits.xen.org/linux-pvops.git
++ : tested/linux-3.14
++ : tested/linux-arm-xen
++ '[' xgit://kernel.ubuntu.com/ubuntu/linux.git = x ']'
++ '[' xgit://kernel.ubuntu.com/ubuntu/linux.git = x ']'
++ : git://git.kernel.org/pub/scm/linux/kernel/git/konrad/xen.git
++ : tested/2.6.39.x
++ : daily-cron.linux-3.16
++ : daily-cron.linux-3.16
++ : daily-cron.linux-3.16
++ : daily-cron.linux-3.16
++ : daily-cron.linux-3.16
++ : daily-cron.linux-3.16
++ : http://hg.uk.xensource.com/carbon/trunk/linux-2.6.27
++ : git://xenbits.xen.org/qemu-xen.git
++ : osstest@xenbits.xen.org:/home/xen/git/qemu-xen.git
++ : daily-cron.linux-3.16
++ : git://xenbits.xen.org/qemu-xen.git
++ : git://git.qemu.org/qemu.git
+ TREE_LINUX=osstest@xenbits.xen.org:/home/xen/git/linux-pvops.git
+ TREE_QEMU_UPSTREAM=osstest@xenbits.xen.org:/home/xen/git/qemu-xen.git
+ TREE_XEN=osstest@xenbits.xen.org:/home/xen/git/xen.git
+ TREE_LIBVIRT=osstest@xenbits.xen.org:/home/xen/git/libvirt.git
+ TREE_RUMPUSERXEN=osstest@xenbits.xen.org:/home/xen/git/rumpuser-xen.git
+ TREE_SEABIOS=osstest@xenbits.xen.org:/home/xen/git/osstest/seabios.git
+ TREE_OVMF=osstest@xenbits.xen.org:/home/xen/git/osstest/ovmf.git
+ info_linux_tree linux-3.16
+ case $1 in
+ : git://kernel.ubuntu.com/ubuntu/linux.git
+ : linux-3.16.y
+ : linux-3.16.y
+ : git
+ : git
+ : git://xenbits.xen.org/linux-pvops.git
+ : osstest@xenbits.xen.org:/home/xen/git/linux-pvops.git
+ : tested/linux-3.16
+ : refs/heads/tested/linux-3.16
+ return 0
+ cd /home/osstest/repos/linux
+ git push osstest@xenbits.xen.org:/home/xen/git/linux-pvops.git 752289d006578baafcbf6dc5b2a0b0fc38c8b1c7:refs/heads/tested/linux-3.16
To osstest@xenbits.xen.org:/home/xen/git/linux-pvops.git
   3c702e4..752289d  752289d006578baafcbf6dc5b2a0b0fc38c8b1c7 -> tested/linux-3.16
+ exit 0


[-- Attachment #2: Type: text/plain, Size: 126 bytes --]

_______________________________________________
Xen-devel mailing list
Xen-devel@lists.xen.org
http://lists.xen.org/xen-devel

^ permalink raw reply	[flat|nested] only message in thread

only message in thread, other threads:[~2016-02-10 21:22 UTC | newest]

Thread overview: (only message) (download: mbox.gz follow: Atom feed
-- links below jump to the message on this page --
2016-02-10 21:22 [linux-3.16 test] 81614: tolerable trouble: blocked/broken/fail/pass - PUSHED osstest service owner

This is a public inbox, see mirroring instructions
for how to clone and mirror all data and code used for this inbox;
as well as URLs for NNTP newsgroup(s).