From mboxrd@z Thu Jan 1 00:00:00 1970 From: osstest service owner Subject: [qemu-upstream-4.5-testing test] 81790: regressions - FAIL Date: Fri, 12 Feb 2016 10:56:31 +0000 Message-ID: Mime-Version: 1.0 Content-Type: multipart/mixed; boundary="===============7473569116319794313==" Return-path: List-Unsubscribe: , List-Post: List-Help: List-Subscribe: , Sender: xen-devel-bounces@lists.xen.org Errors-To: xen-devel-bounces@lists.xen.org To: xen-devel@lists.xensource.com, osstest-admin@xenproject.org List-Id: xen-devel@lists.xenproject.org --===============7473569116319794313== Content-Length: 8755 Content-Transfer-Encoding: quoted-printable flight 81790 qemu-upstream-4.5-testing real [real] http://logs.test-lab.xenproject.org/osstest/logs/81790/ Regressions :-( Tests which did not succeed and are blocking, including tests which could not be run: test-amd64-i386-xl-qemuu-debianhvm-amd64 9 debian-hvm-install fail REGR. vs. 77858 test-amd64-amd64-qemuu-nested-amd 9 debian-hvm-install fail REGR. vs. 77858 test-amd64-amd64-xl-qemuu-debianhvm-amd64 9 debian-hvm-install fail REGR. vs. 77858 test-amd64-i386-qemuu-rhel6hvm-intel 9 redhat-install fail REGR. vs. 77858 test-amd64-i386-qemuu-rhel6hvm-amd 9 redhat-install fail REGR. vs. 77858 test-amd64-i386-xl-qemuu-winxpsp3-vcpus1 9 windows-install fail REGR. vs. 77858 test-amd64-amd64-xl-qemuu-winxpsp3 9 windows-install fail REGR. vs. 77858 test-amd64-i386-xl-qemuu-winxpsp3 9 windows-install fail REGR. vs. 77858 test-amd64-amd64-xl-qemuu-win7-amd64 9 windows-install fail REGR. vs. 77858 test-amd64-i386-xl-qemuu-win7-amd64 9 windows-install fail REGR. vs. 77858 Regressions which are regarded as allowable (not blocking): test-amd64-amd64-qemuu-nested-intel 9 debian-hvm-install fail like 77752 test-amd64-i386-xl-qemuu-ovmf-amd64 9 debian-hvm-install fail like 77752 test-amd64-amd64-xl-qemuu-ovmf-amd64 9 debian-hvm-install fail like 77752 test-armhf-armhf-xl-rtds 15 guest-start/debian.repeat fail like 77858 Tests which did not succeed, but are not blocking: test-amd64-amd64-xl-pvh-intel 11 guest-start fail never pass test-amd64-amd64-xl-pvh-amd 11 guest-start fail never pass test-amd64-amd64-libvirt 12 migrate-support-check fail never pass test-amd64-i386-libvirt 12 migrate-support-check fail never pass test-armhf-armhf-libvirt-qcow2 10 guest-start fail never pass test-armhf-armhf-libvirt-raw 10 guest-start fail never pass test-armhf-armhf-xl-multivcpu 13 saverestore-support-check fail never pass test-armhf-armhf-xl-multivcpu 12 migrate-support-check fail never pass test-armhf-armhf-xl-arndale 12 migrate-support-check fail never pass test-armhf-armhf-xl-arndale 13 saverestore-support-check fail never pass test-armhf-armhf-xl-vhd 10 guest-start fail never pass test-amd64-amd64-libvirt-vhd 11 migrate-support-check fail never pass test-armhf-armhf-xl-cubietruck 12 migrate-support-check fail never pass test-armhf-armhf-xl-cubietruck 13 saverestore-support-check fail never pass test-armhf-armhf-xl-credit2 13 saverestore-support-check fail never pass test-armhf-armhf-xl-credit2 12 migrate-support-check fail never pass test-armhf-armhf-xl-rtds 13 saverestore-support-check fail never pass test-armhf-armhf-xl-rtds 12 migrate-support-check fail never pass test-armhf-armhf-libvirt 14 guest-saverestore fail never pass test-armhf-armhf-libvirt 12 migrate-support-check fail never pass test-armhf-armhf-xl 12 migrate-support-check fail never pass test-armhf-armhf-xl 13 saverestore-support-check fail never pass version targeted for testing: qemuu df8471f739cc24211fd42964de4367e72ab433f5 baseline version: qemuu 32bba3499008c847e08858f310d65806e0bade36 Last test of basis 77858 2016-01-11 19:23:09 Z 31 days Failing since 80731 2016-02-05 15:18:36 Z 6 days 2 attempts Testing same since 81790 2016-02-10 12:35:30 Z 1 days 1 attempts ------------------------------------------------------------ People who touched revisions under test: Gerd Hoffmann Jason Wang John Snow Laszlo Ersek Michael S. Tsirkin P J P Paolo Bonzini Peter Maydell Prasad J Pandit Roger Pau Monne Roger Pau Monn=C3=A9 Stefano Stabellini jobs: build-amd64 pass build-armhf pass build-i386 pass build-amd64-libvirt pass build-armhf-libvirt pass build-i386-libvirt pass build-amd64-pvops pass build-armhf-pvops pass build-i386-pvops pass test-amd64-amd64-xl pass test-armhf-armhf-xl pass test-amd64-i386-xl pass test-amd64-amd64-qemuu-nested-amd fail test-amd64-amd64-xl-pvh-amd fail test-amd64-i386-qemuu-rhel6hvm-amd fail test-amd64-amd64-xl-qemuu-debianhvm-amd64 fail test-amd64-i386-xl-qemuu-debianhvm-amd64 fail test-amd64-i386-freebsd10-amd64 pass test-amd64-amd64-xl-qemuu-ovmf-amd64 fail test-amd64-i386-xl-qemuu-ovmf-amd64 fail test-amd64-amd64-xl-qemuu-win7-amd64 fail test-amd64-i386-xl-qemuu-win7-amd64 fail test-armhf-armhf-xl-arndale pass test-amd64-amd64-xl-credit2 pass test-armhf-armhf-xl-credit2 pass test-armhf-armhf-xl-cubietruck pass test-amd64-i386-freebsd10-i386 pass test-amd64-amd64-qemuu-nested-intel fail test-amd64-amd64-xl-pvh-intel fail test-amd64-i386-qemuu-rhel6hvm-intel fail test-amd64-amd64-libvirt pass test-armhf-armhf-libvirt fail test-amd64-i386-libvirt pass test-amd64-amd64-xl-multivcpu pass test-armhf-armhf-xl-multivcpu pass test-amd64-amd64-pair pass test-amd64-i386-pair pass test-amd64-amd64-libvirt-pair pass test-amd64-i386-libvirt-pair pass test-amd64-amd64-amd64-pvgrub pass test-amd64-amd64-i386-pvgrub pass test-amd64-amd64-pygrub pass test-armhf-armhf-libvirt-qcow2 fail test-amd64-amd64-xl-qcow2 pass test-armhf-armhf-libvirt-raw fail test-amd64-i386-xl-raw pass test-amd64-amd64-xl-rtds pass test-armhf-armhf-xl-rtds fail test-amd64-i386-xl-qemuu-winxpsp3-vcpus1 fail test-amd64-amd64-libvirt-vhd pass test-armhf-armhf-xl-vhd fail test-amd64-amd64-xl-qemuu-winxpsp3 fail test-amd64-i386-xl-qemuu-winxpsp3 fail ------------------------------------------------------------ sg-report-flight on osstest.test-lab.xenproject.org logs: /home/logs/logs images: /home/logs/images Logs, config files, etc. are available at http://logs.test-lab.xenproject.org/osstest/logs Explanation of these reports, and of osstest in general, is at http://xenbits.xen.org/gitweb/=3Fp=3Dosstest.git;a=3Dblob;f=3DREADME.email;hb=3Dmaster http://xenbits.xen.org/gitweb/=3Fp=3Dosstest.git;a=3Dblob;f=3DREADME;hb=3Dmaster Test harness code can be found at http://xenbits.xen.org/gitweb=3Fp=3Dosstest.git;a=3Dsummary Not pushing. (No revision log; it would be 314 lines long.) --===============7473569116319794313== Content-Type: text/plain; charset="us-ascii" MIME-Version: 1.0 Content-Transfer-Encoding: 7bit Content-Disposition: inline _______________________________________________ Xen-devel mailing list Xen-devel@lists.xen.org http://lists.xen.org/xen-devel --===============7473569116319794313==--