From mboxrd@z Thu Jan 1 00:00:00 1970 From: osstest service owner Subject: [qemu-upstream-4.4-testing test] 81918: regressions - FAIL Date: Sat, 13 Feb 2016 01:22:20 +0000 Message-ID: Mime-Version: 1.0 Content-Type: multipart/mixed; boundary="===============2507878998360052723==" Return-path: List-Unsubscribe: , List-Post: List-Help: List-Subscribe: , Sender: xen-devel-bounces@lists.xen.org Errors-To: xen-devel-bounces@lists.xen.org To: xen-devel@lists.xensource.com, osstest-admin@xenproject.org List-Id: xen-devel@lists.xenproject.org --===============2507878998360052723== Content-Length: 6280 Content-Transfer-Encoding: quoted-printable flight 81918 qemu-upstream-4.4-testing real [real] http://logs.test-lab.xenproject.org/osstest/logs/81918/ Regressions :-( Tests which did not succeed and are blocking, including tests which could not be run: test-amd64-amd64-qemuu-nested-intel 9 debian-hvm-install fail REGR. vs. 77834 test-amd64-amd64-xl-qemuu-debianhvm-amd64 9 debian-hvm-install fail REGR. vs. 77834 test-amd64-amd64-qemuu-nested-amd 9 debian-hvm-install fail REGR. vs. 77834 test-amd64-i386-freebsd10-i386 10 guest-start fail REGR. vs. 77834 test-amd64-i386-qemuu-rhel6hvm-intel 9 redhat-install fail REGR. vs. 77834 test-amd64-i386-freebsd10-amd64 10 guest-start fail REGR. vs. 77834 test-amd64-i386-qemuu-rhel6hvm-amd 9 redhat-install fail REGR. vs. 77834 test-amd64-i386-xl-qemuu-debianhvm-amd64 9 debian-hvm-install fail REGR. vs. 77834 test-amd64-i386-xl-qemuu-winxpsp3-vcpus1 9 windows-install fail REGR. vs. 77834 test-amd64-amd64-xl-qemuu-win7-amd64 9 windows-install fail REGR. vs. 77834 test-amd64-i386-xl-qemuu-win7-amd64 9 windows-install fail REGR. vs. 77834 test-amd64-amd64-xl-qemuu-winxpsp3 9 windows-install fail REGR. vs. 77834 Regressions which are regarded as allowable (not blocking): test-amd64-i386-xl-qemuu-ovmf-amd64 9 debian-hvm-install fail like 77618 test-amd64-amd64-xl-qemuu-ovmf-amd64 9 debian-hvm-install fail like 77618 Tests which did not succeed, but are not blocking: test-amd64-amd64-libvirt 12 migrate-support-check fail never pass test-amd64-i386-libvirt 12 migrate-support-check fail never pass test-amd64-amd64-libvirt-vhd 11 migrate-support-check fail never pass version targeted for testing: qemuu e2888602131248aae6bb49243a03ec811d6508a3 baseline version: qemuu 2264b0c66075cc34c252a1386f019f8be6240890 Last test of basis 77834 2016-01-11 13:28:00 Z 32 days Failing since 80734 2016-02-05 15:19:13 Z 7 days 5 attempts Testing same since 81625 2016-02-09 13:56:59 Z 3 days 2 attempts ------------------------------------------------------------ People who touched revisions under test: Gerd Hoffmann Jason Wang John Snow Laszlo Ersek Michael S. Tsirkin P J P Paolo Bonzini Peter Maydell Prasad J Pandit Roger Pau Monne Roger Pau Monn=C3=A9 Stefano Stabellini jobs: build-amd64-xend pass build-i386-xend pass build-amd64 pass build-i386 pass build-amd64-libvirt pass build-i386-libvirt pass build-amd64-pvops pass build-i386-pvops pass test-amd64-amd64-xl pass test-amd64-i386-xl pass test-amd64-amd64-qemuu-nested-amd fail test-amd64-i386-qemuu-rhel6hvm-amd fail test-amd64-amd64-xl-qemuu-debianhvm-amd64 fail test-amd64-i386-xl-qemuu-debianhvm-amd64 fail test-amd64-i386-freebsd10-amd64 fail test-amd64-amd64-xl-qemuu-ovmf-amd64 fail test-amd64-i386-xl-qemuu-ovmf-amd64 fail test-amd64-amd64-xl-qemuu-win7-amd64 fail test-amd64-i386-xl-qemuu-win7-amd64 fail test-amd64-amd64-xl-credit2 pass test-amd64-i386-freebsd10-i386 fail test-amd64-amd64-qemuu-nested-intel fail test-amd64-i386-qemuu-rhel6hvm-intel fail test-amd64-amd64-libvirt pass test-amd64-i386-libvirt pass test-amd64-amd64-xl-multivcpu pass test-amd64-amd64-pair pass test-amd64-i386-pair pass test-amd64-amd64-libvirt-pair pass test-amd64-i386-libvirt-pair pass test-amd64-amd64-pv pass test-amd64-i386-pv pass test-amd64-amd64-amd64-pvgrub pass test-amd64-amd64-i386-pvgrub pass test-amd64-amd64-pygrub pass test-amd64-amd64-xl-qcow2 pass test-amd64-i386-xl-raw pass test-amd64-i386-xl-qemuu-winxpsp3-vcpus1 fail test-amd64-amd64-libvirt-vhd pass test-amd64-amd64-xl-qemuu-winxpsp3 fail ------------------------------------------------------------ sg-report-flight on osstest.test-lab.xenproject.org logs: /home/logs/logs images: /home/logs/images Logs, config files, etc. are available at http://logs.test-lab.xenproject.org/osstest/logs Explanation of these reports, and of osstest in general, is at http://xenbits.xen.org/gitweb/=3Fp=3Dosstest.git;a=3Dblob;f=3DREADME.email;hb=3Dmaster http://xenbits.xen.org/gitweb/=3Fp=3Dosstest.git;a=3Dblob;f=3DREADME;hb=3Dmaster Test harness code can be found at http://xenbits.xen.org/gitweb=3Fp=3Dosstest.git;a=3Dsummary Not pushing. (No revision log; it would be 300 lines long.) --===============2507878998360052723== Content-Type: text/plain; charset="us-ascii" MIME-Version: 1.0 Content-Transfer-Encoding: 7bit Content-Disposition: inline _______________________________________________ Xen-devel mailing list Xen-devel@lists.xen.org http://lists.xen.org/xen-devel --===============2507878998360052723==--