From mboxrd@z Thu Jan 1 00:00:00 1970 From: osstest service owner Subject: [linux-4.1 test] 81983: regressions - trouble: blocked/broken/fail/pass Date: Sat, 13 Feb 2016 06:27:48 +0000 Message-ID: Mime-Version: 1.0 Content-Type: multipart/mixed; boundary="===============1314386190136954953==" Return-path: List-Unsubscribe: , List-Post: List-Help: List-Subscribe: , Sender: xen-devel-bounces@lists.xen.org Errors-To: xen-devel-bounces@lists.xen.org To: xen-devel@lists.xensource.com, osstest-admin@xenproject.org List-Id: xen-devel@lists.xenproject.org --===============1314386190136954953== Content-Length: 19001 Content-Transfer-Encoding: quoted-printable flight 81983 linux-4.1 real [real] http://logs.test-lab.xenproject.org/osstest/logs/81983/ Regressions :-( Tests which did not succeed and are blocking, including tests which could not be run: build-amd64-rumpuserxen 6 xen-build fail REGR. vs. 66399 build-i386-rumpuserxen 6 xen-build fail REGR. vs. 66399 test-armhf-armhf-xl-credit2 15 guest-start/debian.repeat fail REGR. vs. 66399 test-armhf-armhf-xl 15 guest-start/debian.repeat fail REGR. vs. 66399 test-armhf-armhf-xl-xsm 16 guest-start.2 fail in 80172 REGR. vs. 66399 Tests which are failing intermittently (not blocking): test-armhf-armhf-libvirt-xsm 3 host-install(3) broken pass in 81641 test-armhf-armhf-xl-xsm 11 guest-start fail in 80370 pass in 81983 test-armhf-armhf-xl 11 guest-start fail in 80752 pass in 81983 test-amd64-amd64-xl-qemut-debianhvm-amd64 9 debian-hvm-install fail in 81641 pass in 81983 test-armhf-armhf-xl-xsm 15 guest-start/debian.repeat fail pass in 80172 test-armhf-armhf-xl-multivcpu 15 guest-start/debian.repeat fail pass in 80370 test-armhf-armhf-xl-cubietruck 15 guest-start/debian.repeat fail pass in 80752 test-armhf-armhf-xl-rtds 11 guest-start fail pass in 80752 Regressions which are regarded as allowable (not blocking): test-armhf-armhf-xl-rtds 15 guest-start/debian.repeat fail in 80752 like 66399 test-amd64-amd64-xl-qemuu-win7-amd64 16 guest-stop fail like 66399 test-amd64-amd64-xl-qemut-win7-amd64 16 guest-stop fail like 66399 test-amd64-i386-xl-qemuu-win7-amd64 16 guest-stop fail like 66399 test-amd64-i386-xl-qemut-win7-amd64 16 guest-stop fail like 66399 test-armhf-armhf-xl-vhd 9 debian-di-install fail like 66399 Tests which did not succeed, but are not blocking: test-amd64-amd64-rumpuserxen-amd64 1 build-check(1) blocked n/a test-amd64-i386-rumpuserxen-i386 1 build-check(1) blocked n/a test-armhf-armhf-xl-rtds 13 saverestore-support-check fail in 80752 never pass test-armhf-armhf-xl-rtds 12 migrate-support-check fail in 80752 never pass test-armhf-armhf-libvirt-xsm 12 migrate-support-check fail in 81641 never pass test-armhf-armhf-libvirt-xsm 14 guest-saverestore fail in 81641 never pass test-amd64-amd64-xl-pvh-intel 14 guest-saverestore fail never pass test-amd64-amd64-xl-pvh-amd 11 guest-start fail never pass test-amd64-amd64-libvirt-xsm 12 migrate-support-check fail never pass test-armhf-armhf-libvirt-qcow2 11 migrate-support-check fail never pass test-armhf-armhf-libvirt-qcow2 13 guest-saverestore fail never pass test-amd64-i386-libvirt 12 migrate-support-check fail never pass test-amd64-i386-libvirt-xsm 12 migrate-support-check fail never pass test-amd64-amd64-qemuu-nested-amd 16 debian-hvm-install/l1/l2 fail never pass test-amd64-amd64-libvirt 12 migrate-support-check fail never pass test-armhf-armhf-xl-credit2 13 saverestore-support-check fail never pass test-armhf-armhf-xl-credit2 12 migrate-support-check fail never pass test-amd64-amd64-libvirt-qemuu-debianhvm-amd64-xsm 10 migrate-support-check fail never pass test-amd64-i386-libvirt-qemuu-debianhvm-amd64-xsm 10 migrate-support-check fail never pass test-armhf-armhf-xl-cubietruck 12 migrate-support-check fail never pass test-armhf-armhf-xl-cubietruck 13 saverestore-support-check fail never pass test-armhf-armhf-xl 12 migrate-support-check fail never pass test-armhf-armhf-xl 13 saverestore-support-check fail never pass test-armhf-armhf-xl-xsm 13 saverestore-support-check fail never pass test-armhf-armhf-xl-xsm 12 migrate-support-check fail never pass test-armhf-armhf-xl-multivcpu 13 saverestore-support-check fail never pass test-armhf-armhf-xl-multivcpu 12 migrate-support-check fail never pass test-amd64-amd64-libvirt-vhd 11 migrate-support-check fail never pass test-armhf-armhf-libvirt 14 guest-saverestore fail never pass test-armhf-armhf-libvirt 12 migrate-support-check fail never pass test-armhf-armhf-xl-arndale 12 migrate-support-check fail never pass test-armhf-armhf-xl-arndale 13 saverestore-support-check fail never pass test-armhf-armhf-libvirt-raw 9 debian-di-install fail never pass version targeted for testing: linux 2d5f6b0413359df065fd02d695c08bbc7d998bbd baseline version: linux 07cc49f66973f49a391c91bf4b158fa0f2562ca8 Last test of basis 66399 2015-12-15 18:20:39 Z 59 days Failing since 78925 2016-01-24 13:50:39 Z 19 days 20 attempts Testing same since 79642 2016-01-31 21:28:16 Z 12 days 11 attempts ------------------------------------------------------------ People who touched revisions under test: Acked-by: David Howells Al Viro Alan Stern Alexandra Yates Alexandru Cornea Alexei Starovoitov Alexey Khoroshilov Andrey Ryabinin Andy Gospodarek Andy Lutomirski Anssi Hannula Antonio Quartulli Antti Palosaari Ard Biesheuvel Arnd Bergmann Ashish Panwar Azael Avalos Ben Hutchings Bj=C3=B8rn Mork Boqun Feng Boris Ostrovsky Catalin Marinas Charles Keepax Charles Ouyang Christoffer Dall Chunfeng Yun Cong Wang Cong Wang Corey Minyard Dan Carpenter Dan Streetman Dan Streetman Daniel Borkmann Daniele Palmas Darren Hart Dave Hansen David Henningsson David Howells David J. Wilder David S. Miller David Vrabel David Woodhouse Dmitry Katsubo Dmitry V. Levin Dmitry Vyukov Don Zickus Eric Dumazet Eric W. Biederman Evan Jones Felipe Balbi Florian Westphal Francesco Ruggeri Francesco Ruggeri Gouji, Masayuki Greg Kroah-Hartman Guenter Roeck Guillaume Nault H. Peter Anvin H.J. Lu Hannes Frederic Sowa Hans Verkuil Hans Yang Hayes Wang Helge Deller Herbert Xu Hui Wang Ian Campbell Ido Schimmel Ingo Molnar Ivaylo Dimitrov James Morris Jan Kara Jan Stancek Jarkko Sakkinen Jarod Wilson Jay Vosburgh Jens Axboe Jiri Benc Jiri Kosina Jiri Pirko Joe Jin Johan Hovold John Blackwood John Fastabend John Fastabend John Keeping Jonas Jonsson Jurgen Kramer Karl Heiss Konstantin Khlebnikov Konstantin Shkolnyy Kuninori Morimoto Li Bin libin Lorenzo Pieralisi Mans Rullgard Marc Zyngier Marcelo Ricardo Leitner Marek Lindner Mario Kleiner Mark Brown Mathias Nyman Mauro Carvalho Chehab Michael Ellerman Michael Marley Michael Neuling Michal Hocko Michal Kubecek Michal Kube=C4=8Dek Mikulas Patocka Mimi Zohar (on TPM 1.2) Neal Cardwell Nicolas Boichat Nicolas Dichtel Nikesh Oswal Nikolay Aleksandrov Oliver Freyermuth Oliver Neukum Ouyang Zhaowei (Charles) Paolo Bonzini Paul Mackerras Paul Mackerras Pavel Fedin Pavel Machek Peter Huewe Peter Ujfalusi Peter Wu Peter Zijlstra (Intel) Prarit Bhargava Raanan Avargil Rabin Vincent Radim Kr=C4=8Dm=C3=A1=C5=99 Rainer Weikusat Richard Purdie Robert Jarzmik Sachin Pandhare Salva Peir=C3=B3 Sasha Levin Sergei Shtylyov Shannon Nelson Simon Wunderlich Stas Nichiporovich Stefan Wahren Steffen Klassert Steven Rostedt Stewart Smith Sven Eckelmann Tadeusz Struk tadeusz.struk@intel.com Takashi Iwai Takashi Sakamoto Thomas Gleixner Tom Herbert Tony Camuso Ulrich Weigand Vijay Pandurangan Vinod Koul Vlad Yasevich Vladislav Yasevich Vladislav Yasevich WANG Cong Wei Liu Will Deacon Willem de Bruijn Willy Tarreau Xin Long Xiong Zhang Yang Shi Yevgeny Pats YOSHIFUJI Hideaki Yuchung Cheng Zi Shen Lim jobs: build-amd64-xsm pass build-armhf-xsm pass build-i386-xsm pass build-amd64 pass build-armhf pass build-i386 pass build-amd64-libvirt pass build-armhf-libvirt pass build-i386-libvirt pass build-amd64-pvops pass build-armhf-pvops pass build-i386-pvops pass build-amd64-rumpuserxen fail build-i386-rumpuserxen fail test-amd64-amd64-xl pass test-armhf-armhf-xl fail test-amd64-i386-xl pass test-amd64-amd64-xl-qemut-debianhvm-amd64-xsm pass test-amd64-i386-xl-qemut-debianhvm-amd64-xsm pass test-amd64-amd64-libvirt-qemuu-debianhvm-amd64-xsm pass test-amd64-i386-libvirt-qemuu-debianhvm-amd64-xsm pass test-amd64-amd64-xl-qemuu-debianhvm-amd64-xsm pass test-amd64-i386-xl-qemuu-debianhvm-amd64-xsm pass test-amd64-amd64-xl-qemut-stubdom-debianhvm-amd64-xsm pass test-amd64-i386-xl-qemut-stubdom-debianhvm-amd64-xsm pass test-amd64-amd64-libvirt-xsm pass test-armhf-armhf-libvirt-xsm broken test-amd64-i386-libvirt-xsm pass test-amd64-amd64-xl-xsm pass test-armhf-armhf-xl-xsm fail test-amd64-i386-xl-xsm pass test-amd64-amd64-qemuu-nested-amd fail test-amd64-amd64-xl-pvh-amd fail test-amd64-i386-qemut-rhel6hvm-amd pass test-amd64-i386-qemuu-rhel6hvm-amd pass test-amd64-amd64-xl-qemut-debianhvm-amd64 pass test-amd64-i386-xl-qemut-debianhvm-amd64 pass test-amd64-amd64-xl-qemuu-debianhvm-amd64 pass test-amd64-i386-xl-qemuu-debianhvm-amd64 pass test-amd64-i386-freebsd10-amd64 pass test-amd64-amd64-xl-qemuu-ovmf-amd64 pass test-amd64-i386-xl-qemuu-ovmf-amd64 pass test-amd64-amd64-rumpuserxen-amd64 blocked test-amd64-amd64-xl-qemut-win7-amd64 fail test-amd64-i386-xl-qemut-win7-amd64 fail test-amd64-amd64-xl-qemuu-win7-amd64 fail test-amd64-i386-xl-qemuu-win7-amd64 fail test-armhf-armhf-xl-arndale pass test-amd64-amd64-xl-credit2 pass test-armhf-armhf-xl-credit2 fail test-armhf-armhf-xl-cubietruck fail test-amd64-i386-freebsd10-i386 pass test-amd64-i386-rumpuserxen-i386 blocked test-amd64-amd64-qemuu-nested-intel pass test-amd64-amd64-xl-pvh-intel fail test-amd64-i386-qemut-rhel6hvm-intel pass test-amd64-i386-qemuu-rhel6hvm-intel pass test-amd64-amd64-libvirt pass test-armhf-armhf-libvirt fail test-amd64-i386-libvirt pass test-amd64-amd64-xl-multivcpu pass test-armhf-armhf-xl-multivcpu fail test-amd64-amd64-pair pass test-amd64-i386-pair pass test-amd64-amd64-libvirt-pair pass test-amd64-i386-libvirt-pair pass test-amd64-amd64-amd64-pvgrub pass test-amd64-amd64-i386-pvgrub pass test-amd64-amd64-pygrub pass test-armhf-armhf-libvirt-qcow2 fail test-amd64-amd64-xl-qcow2 pass test-armhf-armhf-libvirt-raw fail test-amd64-i386-xl-raw pass test-amd64-amd64-xl-rtds pass test-armhf-armhf-xl-rtds fail test-amd64-i386-xl-qemut-winxpsp3-vcpus1 pass test-amd64-i386-xl-qemuu-winxpsp3-vcpus1 pass test-amd64-amd64-libvirt-vhd pass test-armhf-armhf-xl-vhd fail test-amd64-amd64-xl-qemut-winxpsp3 pass test-amd64-i386-xl-qemut-winxpsp3 pass test-amd64-amd64-xl-qemuu-winxpsp3 pass test-amd64-i386-xl-qemuu-winxpsp3 pass ------------------------------------------------------------ sg-report-flight on osstest.test-lab.xenproject.org logs: /home/logs/logs images: /home/logs/images Logs, config files, etc. are available at http://logs.test-lab.xenproject.org/osstest/logs Explanation of these reports, and of osstest in general, is at http://xenbits.xen.org/gitweb/=3Fp=3Dosstest.git;a=3Dblob;f=3DREADME.email;hb=3Dmaster http://xenbits.xen.org/gitweb/=3Fp=3Dosstest.git;a=3Dblob;f=3DREADME;hb=3Dmaster Test harness code can be found at http://xenbits.xen.org/gitweb=3Fp=3Dosstest.git;a=3Dsummary broken-step test-armhf-armhf-libvirt-xsm host-install(3) Not pushing. (No revision log; it would be 4494 lines long.) --===============1314386190136954953== Content-Type: text/plain; charset="us-ascii" MIME-Version: 1.0 Content-Transfer-Encoding: 7bit Content-Disposition: inline _______________________________________________ Xen-devel mailing list Xen-devel@lists.xen.org http://lists.xen.org/xen-devel --===============1314386190136954953==--