From: osstest service owner <osstest-admin@xenproject.org>
To: xen-devel@lists.xensource.com, osstest-admin@xenproject.org
Subject: [xen-unstable-smoke test] 81996: regressions - trouble: blocked/broken/pass
Date: Thu, 11 Feb 2016 18:06:37 +0000 [thread overview]
Message-ID: <osstest-81996-mainreport@xen.org> (raw)
flight 81996 xen-unstable-smoke real [real]
http://logs.test-lab.xenproject.org/osstest/logs/81996/
Regressions :-(
Tests which did not succeed and are blocking,
including tests which could not be run:
build-armhf 4 host-build-prep fail REGR. vs. 81826
Tests which did not succeed, but are not blocking:
test-armhf-armhf-xl 1 build-check(1) blocked n/a
test-amd64-amd64-libvirt 12 migrate-support-check fail never pass
version targeted for testing:
xen 2052a51f9749b79973cba54bd4306cad7726e763
baseline version:
xen c26b88bf644011396b4e4f6f15901a66b87d8c19
Last test of basis 81826 2016-02-10 17:24:44 Z 1 days
Testing same since 81996 2016-02-11 16:03:06 Z 0 days 1 attempts
------------------------------------------------------------
People who touched revisions under test:
Andrew Cooper <andrew.cooper3@citrix.com>
Doug Goldstein <cardoe@cardoe.com>
George Dunlap <george.dunlap@citrix.com>
Harmandeep Kaur <write.harmandeep@gmail.com>
Ian Campbell <ian.campbell@citrix.com>
Ian Jackson <ian.jackson@eu.citrix.com>
Jan Beulich <jbeulich@suse.com>
Kevin Tian <kevin.tian@intel.com>
Paul Durrant <paul.durrant@citrix.com>
Wei Liu <wei.liu2@citrix.com>
jobs:
build-amd64 pass
build-armhf broken
build-amd64-libvirt pass
test-armhf-armhf-xl blocked
test-amd64-amd64-xl-qemuu-debianhvm-i386 pass
test-amd64-amd64-libvirt pass
------------------------------------------------------------
sg-report-flight on osstest.test-lab.xenproject.org
logs: /home/logs/logs
images: /home/logs/images
Logs, config files, etc. are available at
http://logs.test-lab.xenproject.org/osstest/logs
Explanation of these reports, and of osstest in general, is at
http://xenbits.xen.org/gitweb/?p=osstest.git;a=blob;f=README.email;hb=master
http://xenbits.xen.org/gitweb/?p=osstest.git;a=blob;f=README;hb=master
Test harness code can be found at
http://xenbits.xen.org/gitweb?p=osstest.git;a=summary
Not pushing.
(No revision log; it would be 326 lines long.)
reply other threads:[~2016-02-11 18:06 UTC|newest]
Thread overview: [no followups] expand[flat|nested] mbox.gz Atom feed
Reply instructions:
You may reply publicly to this message via plain-text email
using any one of the following methods:
* Save the following mbox file, import it into your mail client,
and reply-to-all from there: mbox
Avoid top-posting and favor interleaved quoting:
https://en.wikipedia.org/wiki/Posting_style#Interleaved_style
* Reply using the --to, --cc, and --in-reply-to
switches of git-send-email(1):
git send-email \
--in-reply-to=osstest-81996-mainreport@xen.org \
--to=osstest-admin@xenproject.org \
--cc=xen-devel@lists.xensource.com \
/path/to/YOUR_REPLY
https://kernel.org/pub/software/scm/git/docs/git-send-email.html
* If your mail client supports setting the In-Reply-To header
via mailto: links, try the mailto: link
Be sure your reply has a Subject: header at the top and a blank line
before the message body.
This is a public inbox, see mirroring instructions
for how to clone and mirror all data and code used for this inbox;
as well as URLs for NNTP newsgroup(s).